{"id":23598,"date":"2023-04-01T19:00:17","date_gmt":"2023-04-01T19:00:17","guid":{"rendered":"https:\/\/chilimag.hu\/webshop\/?post_type=product&#038;p=23598"},"modified":"2026-02-24T17:24:17","modified_gmt":"2026-02-24T17:24:17","slug":"paradicsom-optima-f1-profy-1-florian-bg","status":"publish","type":"product","link":"https:\/\/chilimag.hu\/webshop\/termek\/paradicsom-optima-f1-profy-1-florian-bg\/","title":{"rendered":"Paradicsom Optima F1 Profy Line Florian Bg"},"content":{"rendered":"","protected":false},"excerpt":{"rendered":"<p><img decoding=\"async\" class=\"img-inline\" src=\"https:\/\/brcci.eu\/cache\/thumbnails\/12ecd0e6e419f1b9b1484ef02ad361979dd8e054\/1a6c5e1406ad462ca86d17b2800862d7f837862c-829875ad0a268b741b7edd818ffce098.png\" alt=\"FLORIAN OOD\" \/><\/p>\n<p>Optima F1 paradicsom hat\u00e1rozatlan, f\u00e9lkorai n\u00f6veked\u00e9s\u0171, Seminis<\/p>\n<p>Kiszerel\u00e9s: 15 mag<\/p>\n<p>A hibrid \u00e9letereje \u00e1tlagos, term\u00e9se kiv\u00e1l\u00f3.<br \/>\nA k\u00fcl\u00f6n\u00f6sen nagy term\u00e9sek &#8211; 200-240g &#8211; \u00e9retten intenz\u00edv v\u00f6r\u00f6s sz\u00edn\u0171ek, kiv\u00e1l\u00f3 \u00edz\u00fckkel t\u0171nnek ki.<br \/>\nA szil\u00e1rds\u00e1g \u00e9s a sz\u00e1ll\u00edt\u00e1si ellen\u00e1ll\u00e1s j\u00f3t tesz egy nagy term\u00e9s\u0171 hibridnek.<br \/>\nAz Optima F1 alkalmas \u00fcvegh\u00e1zakban \u00e9s szol\u00e1riumokban t\u00f6rt\u00e9n\u0151 termeszt\u00e9sre, valamint sz\u00e1nt\u00f3f\u00f6ldi araki termeszt\u00e9sre.<br \/>\nBetegs\u00e9g\u00e1ll\u00f3:<\/p>\n<p>Verticillium dahilae (V1);<br \/>\nFusarium oxysporum f.sp.lycopersicii (F1,2);<br \/>\nParadicsom mozaikv\u00edrus (ToMV 0-2);<br \/>\nFon\u00e1lf\u00e9rgek (Meloidogyne incognita N);<br \/>\nParadicsom hibrid hat\u00e1rozatlan n\u00f6veked\u00e9s\u0171;<br \/>\nBetegs\u00e9g\u00e1ll\u00f3:<\/p>\n<p>Verticillium dahilae (V1);<br \/>\nFusarium oxysporum f.sp.lycopersicii (F1,2);<br \/>\nParadicsom mozaikv\u00edrus (ToMV 0-2);<br \/>\nFon\u00e1lf\u00e9rgek (Meloidogyne incognita N);<\/p>\n<p>A csomag 15 szem magot tartalmaz<\/p>\n","protected":false},"featured_media":23599,"comment_status":"closed","ping_status":"closed","template":"","meta":[],"product_brand":[],"product_cat":[381],"product_tag":[],"class_list":{"0":"post-23598","1":"product","2":"type-product","3":"status-publish","4":"has-post-thumbnail","6":"product_cat-paradicsom-vetomagok-bolgar-florian-vetomagok","8":"first","9":"instock","10":"taxable","11":"shipping-taxable","12":"purchasable","13":"product-type-simple"},"_links":{"self":[{"href":"https:\/\/chilimag.hu\/webshop\/wp-json\/wp\/v2\/product\/23598","targetHints":{"allow":["GET"]}}],"collection":[{"href":"https:\/\/chilimag.hu\/webshop\/wp-json\/wp\/v2\/product"}],"about":[{"href":"https:\/\/chilimag.hu\/webshop\/wp-json\/wp\/v2\/types\/product"}],"replies":[{"embeddable":true,"href":"https:\/\/chilimag.hu\/webshop\/wp-json\/wp\/v2\/comments?post=23598"}],"wp:featuredmedia":[{"embeddable":true,"href":"https:\/\/chilimag.hu\/webshop\/wp-json\/wp\/v2\/media\/23599"}],"wp:attachment":[{"href":"https:\/\/chilimag.hu\/webshop\/wp-json\/wp\/v2\/media?parent=23598"}],"wp:term":[{"taxonomy":"product_brand","embeddable":true,"href":"https:\/\/chilimag.hu\/webshop\/wp-json\/wp\/v2\/product_brand?post=23598"},{"taxonomy":"product_cat","embeddable":true,"href":"https:\/\/chilimag.hu\/webshop\/wp-json\/wp\/v2\/product_cat?post=23598"},{"taxonomy":"product_tag","embeddable":true,"href":"https:\/\/chilimag.hu\/webshop\/wp-json\/wp\/v2\/product_tag?post=23598"}],"curies":[{"name":"wp","href":"https:\/\/api.w.org\/{rel}","templated":true}]}}