{"id":23574,"date":"2023-04-01T17:41:58","date_gmt":"2023-04-01T17:41:58","guid":{"rendered":"https:\/\/chilimag.hu\/webshop\/?post_type=product&#038;p=23574"},"modified":"2025-08-26T21:06:17","modified_gmt":"2025-08-26T21:06:17","slug":"paradicsom-rozov-blyan-profy-2-florian-bg","status":"publish","type":"product","link":"https:\/\/chilimag.hu\/webshop\/termek\/paradicsom-rozov-blyan-profy-2-florian-bg\/","title":{"rendered":"Paradicsom Rozov Blyan Profy Line  Florian  Bg"},"content":{"rendered":"","protected":false},"excerpt":{"rendered":"<p><img decoding=\"async\" class=\"img-inline\" src=\"https:\/\/brcci.eu\/cache\/thumbnails\/12ecd0e6e419f1b9b1484ef02ad361979dd8e054\/1a6c5e1406ad462ca86d17b2800862d7f837862c-829875ad0a268b741b7edd818ffce098.png\" alt=\"FLORIAN OOD\" \/><\/p>\n<p>&nbsp;<\/p>\n<p>K\u00f6zepesen korai \u00e9s k\u00e9s\u0151i \u00e9r\u00e9s\u0171, hat\u00e1rozatlan (magas) direkt fajta paradicsom, nagyon nagy (\u00f3ri\u00e1s) r\u00f3zsasz\u00edn term\u00e9ssel \u00e9s a bolg\u00e1r fajt\u00e1kra jellemz\u0151 kiv\u00e1l\u00f3 \u00edzzel. K\u00f6zepesen korai termeszt\u00e9sk\u00e9nt is termeszthet\u0151, de cs\u00edp\u00e9s (a tetej\u00e9nek lev\u00e1g\u00e1sa) n\u00e9lk\u00fcl. A paradicsom t\u00f6m\u00f6r, h\u00fasos, sima, k\u00f6zepes kem\u00e9nys\u00e9g\u0171, nem repedezett, intenz\u00edv v\u00f6r\u00f6s sz\u00edn\u0171, t\u00f6mege 350-500 gramm. Ellen\u00e1ll a tututun mozaiknak, a verticili\u00e1nnak \u00e9s a fuz\u00e1riumos hervad\u00e1snak. Friss fogyaszt\u00e1sra alkalmas.<\/p>\n<p>Magok sz\u00e1ma zs\u00e1konk\u00e9nt: 300 mag (1 gr)<\/p>\n<p>Vet\u00e9s: janu\u00e1r 15-febru\u00e1r 25.<br \/>\n\u00c1t\u00fcltet\u00e9s: m\u00e1rcius 25-\u00e1prilis 20. 80-90\/40 cm t\u00e1vols\u00e1gra.<br \/>\nMagok mennyis\u00e9ge zs\u00e1konk\u00e9nt: 0,5 gramm (grammonk\u00e9nt 250-300 db).<br \/>\nM\u0171szaki adatok:<\/p>\n<p>M\u00e9lys\u00e9ge 1-1,5 cm<br \/>\nVet\u00e9s janu\u00e1r 15-t\u0151l febru\u00e1r 25-ig<br \/>\nVet\u00e9smennyis\u00e9g 20-25 gramm\/hekt\u00e1r<br \/>\nA magvakb\u00f3l, pal\u00e1nt\u00e1kb\u00f3l t\u00f6rt\u00e9n\u0151 el\u0151\u00e1ll\u00edt\u00e1s fajt\u00e1i<br \/>\n\u00c1ltal\u00e1noss\u00e1gok:<\/p>\n<p>250-300 magot tartalmaz grammonk\u00e9nt<br \/>\nS\u00falya 1 gramm<br \/>\n\u00dcltet\u00e9s m\u00e1rcius 25-febru\u00e1r 25<br \/>\nSz\u00fcret m\u00e1jus-j\u00fanius<br \/>\nVeget\u00e1ci\u00f3ja 120-130 nap<\/p>\n<p>A csomag 0,3 grammot tartalmaz<\/p>\n","protected":false},"featured_media":23575,"comment_status":"closed","ping_status":"closed","template":"","meta":[],"product_brand":[],"product_cat":[381],"product_tag":[],"class_list":{"0":"post-23574","1":"product","2":"type-product","3":"status-publish","4":"has-post-thumbnail","6":"product_cat-paradicsom-vetomagok-bolgar-florian-vetomagok","8":"first","9":"instock","10":"taxable","11":"shipping-taxable","12":"purchasable","13":"product-type-simple"},"_links":{"self":[{"href":"https:\/\/chilimag.hu\/webshop\/wp-json\/wp\/v2\/product\/23574","targetHints":{"allow":["GET"]}}],"collection":[{"href":"https:\/\/chilimag.hu\/webshop\/wp-json\/wp\/v2\/product"}],"about":[{"href":"https:\/\/chilimag.hu\/webshop\/wp-json\/wp\/v2\/types\/product"}],"replies":[{"embeddable":true,"href":"https:\/\/chilimag.hu\/webshop\/wp-json\/wp\/v2\/comments?post=23574"}],"wp:featuredmedia":[{"embeddable":true,"href":"https:\/\/chilimag.hu\/webshop\/wp-json\/wp\/v2\/media\/23575"}],"wp:attachment":[{"href":"https:\/\/chilimag.hu\/webshop\/wp-json\/wp\/v2\/media?parent=23574"}],"wp:term":[{"taxonomy":"product_brand","embeddable":true,"href":"https:\/\/chilimag.hu\/webshop\/wp-json\/wp\/v2\/product_brand?post=23574"},{"taxonomy":"product_cat","embeddable":true,"href":"https:\/\/chilimag.hu\/webshop\/wp-json\/wp\/v2\/product_cat?post=23574"},{"taxonomy":"product_tag","embeddable":true,"href":"https:\/\/chilimag.hu\/webshop\/wp-json\/wp\/v2\/product_tag?post=23574"}],"curies":[{"name":"wp","href":"https:\/\/api.w.org\/{rel}","templated":true}]}}