{"id":23540,"date":"2023-03-31T19:15:38","date_gmt":"2023-03-31T19:15:38","guid":{"rendered":"https:\/\/chilimag.hu\/webshop\/?post_type=product&#038;p=23540"},"modified":"2026-03-22T10:00:44","modified_gmt":"2026-03-22T10:00:44","slug":"paradicsom-indigo-pear-drops-florian-bg","status":"publish","type":"product","link":"https:\/\/chilimag.hu\/webshop\/termek\/paradicsom-indigo-pear-drops-florian-bg\/","title":{"rendered":"Paradicsom Indigo pear drops Florian Bg"},"content":{"rendered":"","protected":false},"excerpt":{"rendered":"<p><img decoding=\"async\" class=\"img-inline\" src=\"https:\/\/brcci.eu\/cache\/thumbnails\/12ecd0e6e419f1b9b1484ef02ad361979dd8e054\/1a6c5e1406ad462ca86d17b2800862d7f837862c-829875ad0a268b741b7edd818ffce098.png\" alt=\"FLORIAN OOD\" \/><\/p>\n<p>Indigo Pear Drops (0,2 g kokt\u00e9lparadicsom kiv\u00e1l\u00f3, \u00e9des \u00edz\u0171, nagyon ritka egzotikus fajta, Florian<\/p>\n<p>Kiszerel\u00e9s: 60 db mag<\/p>\n<p>Az INDIGO PEAR DROPS az Oregon State University flavonoid teny\u00e9szt\u00e9si programj\u00e1nak \u00faj kiad\u00e1sa. Az Indigo sorozat els\u0151 k\u00f6rte alak\u00fa paradicsoma.<\/p>\n<p>A 2,5 cm-es k\u00f6rte alak\u00fa term\u00e9sek \u00e9retten fekete v\u00e1ll\u00faak a magas antocianintartalom miatt. Kiv\u00e1l\u00f3, \u00e9des \u00edze van.<\/p>\n<p>Term\u0151k\u00e9pess\u00e9ge igen magas, ide\u00e1lis term\u0151k\u00f6r\u00fclm\u00e9nyek k\u00f6z\u00f6tt 7 grammos term\u00e9st hoz, n\u00f6v\u00e9nyenk\u00e9nt k\u00f6r\u00fclbel\u00fcl 600-1000 term\u00e9st.<\/p>\n<p>Dr. Jim Myers (Oregon \u00e1llam) \u00e1ltal hagyom\u00e1nyos n\u00f6v\u00e9nynemes\u00edt\u00e9si technik\u00e1kkal kifejlesztett fajta.<\/p>\n<p>A gy\u00fcm\u00f6lcs\u00f6k sz\u00edn\u00fcket a Gal\u00e1pagos-szigeteken \u00e9s Peruban tal\u00e1lhat\u00f3 vadparadicsomt\u00f3l kapj\u00e1k. Hat\u00e1rozatlanok. 65 nappal az \u00e1t\u00fcltet\u00e9s ut\u00e1n.<\/p>\n<p>Ezek a paradicsomok nem genetikailag m\u00f3dos\u00edtottak!<br \/>\nNagyon ritka fajta!<\/p>\n<p>A csomag 0,2 grammot tartalmaz<\/p>\n","protected":false},"featured_media":23541,"comment_status":"closed","ping_status":"closed","template":"","meta":[],"product_brand":[],"product_cat":[381],"product_tag":[],"class_list":{"0":"post-23540","1":"product","2":"type-product","3":"status-publish","4":"has-post-thumbnail","6":"product_cat-paradicsom-vetomagok-bolgar-florian-vetomagok","8":"first","9":"instock","10":"taxable","11":"shipping-taxable","12":"purchasable","13":"product-type-simple"},"_links":{"self":[{"href":"https:\/\/chilimag.hu\/webshop\/wp-json\/wp\/v2\/product\/23540","targetHints":{"allow":["GET"]}}],"collection":[{"href":"https:\/\/chilimag.hu\/webshop\/wp-json\/wp\/v2\/product"}],"about":[{"href":"https:\/\/chilimag.hu\/webshop\/wp-json\/wp\/v2\/types\/product"}],"replies":[{"embeddable":true,"href":"https:\/\/chilimag.hu\/webshop\/wp-json\/wp\/v2\/comments?post=23540"}],"wp:featuredmedia":[{"embeddable":true,"href":"https:\/\/chilimag.hu\/webshop\/wp-json\/wp\/v2\/media\/23541"}],"wp:attachment":[{"href":"https:\/\/chilimag.hu\/webshop\/wp-json\/wp\/v2\/media?parent=23540"}],"wp:term":[{"taxonomy":"product_brand","embeddable":true,"href":"https:\/\/chilimag.hu\/webshop\/wp-json\/wp\/v2\/product_brand?post=23540"},{"taxonomy":"product_cat","embeddable":true,"href":"https:\/\/chilimag.hu\/webshop\/wp-json\/wp\/v2\/product_cat?post=23540"},{"taxonomy":"product_tag","embeddable":true,"href":"https:\/\/chilimag.hu\/webshop\/wp-json\/wp\/v2\/product_tag?post=23540"}],"curies":[{"name":"wp","href":"https:\/\/api.w.org\/{rel}","templated":true}]}}