{"id":23497,"date":"2023-03-31T17:27:37","date_gmt":"2023-03-31T17:27:37","guid":{"rendered":"https:\/\/chilimag.hu\/webshop\/?post_type=product&#038;p=23497"},"modified":"2026-03-11T08:07:20","modified_gmt":"2026-03-11T08:07:20","slug":"paradicsom-hear-of-albenga-florian-bg","status":"publish","type":"product","link":"https:\/\/chilimag.hu\/webshop\/termek\/paradicsom-hear-of-albenga-florian-bg\/","title":{"rendered":"Paradicsom Albenga\u2019s Heart Florian Bg"},"content":{"rendered":"","protected":false},"excerpt":{"rendered":"<p><img decoding=\"async\" class=\"img-inline\" src=\"https:\/\/brcci.eu\/cache\/thumbnails\/12ecd0e6e419f1b9b1484ef02ad361979dd8e054\/1a6c5e1406ad462ca86d17b2800862d7f837862c-829875ad0a268b741b7edd818ffce098.png\" alt=\"FLORIAN OOD\" \/><\/p>\n<p>Az Albenga paradicsom magja hat\u00e1rozatlan n\u00f6veked\u00e9ssel, f\u00e9lkorai n\u00f6veked\u00e9ssel n\u0151<\/p>\n<p>Az albenga \u00f6k\u00f6rsz\u00edv nagyon term\u00e9keny, f\u00e9lkorai hat\u00e1rozatlan fajta. Gy\u00fcm\u00f6lcsei v\u00f6r\u00f6s sz\u00edn\u0171ek, nagyok, nagy k\u00f6rt\u00e9re hasonl\u00edtanak, de bord\u00e1s, \u00e1tlagos t\u00f6meg\u00fck 200-220 gramm. A p\u00e9p egyenletes \u00e9s rendk\u00edv\u00fcl \u00edzletes. Friss fogyaszt\u00e1sra \u00e9s bef\u0151z\u00e9sre is alkalmas. A veget\u00e1ci\u00f3s id\u0151szak 120 nap.<\/p>\n<p>Veget\u00e1ci\u00f3s id\u0151szak 110-115 nap.<\/p>\n<p>Vet\u00e9s ideje:<\/p>\n<p>korai gy\u00e1rt\u00e1sra janu\u00e1r 20-febru\u00e1r 25<br \/>\nf\u00e9lkorai gy\u00e1rt\u00e1sra m\u00e1rcius 1-30<br \/>\nk\u00e9s\u0151i gy\u00e1rt\u00e1sra \u00e1prilis 25-m\u00e1jus 10.<br \/>\nVet\u00e9sm\u00e9lys\u00e9g 1-3 cm.<\/p>\n<p>A csomag 0,2 gramm magot tartalmaz<\/p>\n","protected":false},"featured_media":23498,"comment_status":"closed","ping_status":"closed","template":"","meta":[],"product_brand":[],"product_cat":[381],"product_tag":[],"class_list":{"0":"post-23497","1":"product","2":"type-product","3":"status-publish","4":"has-post-thumbnail","6":"product_cat-paradicsom-vetomagok-bolgar-florian-vetomagok","8":"first","9":"instock","10":"taxable","11":"shipping-taxable","12":"purchasable","13":"product-type-simple"},"_links":{"self":[{"href":"https:\/\/chilimag.hu\/webshop\/wp-json\/wp\/v2\/product\/23497","targetHints":{"allow":["GET"]}}],"collection":[{"href":"https:\/\/chilimag.hu\/webshop\/wp-json\/wp\/v2\/product"}],"about":[{"href":"https:\/\/chilimag.hu\/webshop\/wp-json\/wp\/v2\/types\/product"}],"replies":[{"embeddable":true,"href":"https:\/\/chilimag.hu\/webshop\/wp-json\/wp\/v2\/comments?post=23497"}],"wp:featuredmedia":[{"embeddable":true,"href":"https:\/\/chilimag.hu\/webshop\/wp-json\/wp\/v2\/media\/23498"}],"wp:attachment":[{"href":"https:\/\/chilimag.hu\/webshop\/wp-json\/wp\/v2\/media?parent=23497"}],"wp:term":[{"taxonomy":"product_brand","embeddable":true,"href":"https:\/\/chilimag.hu\/webshop\/wp-json\/wp\/v2\/product_brand?post=23497"},{"taxonomy":"product_cat","embeddable":true,"href":"https:\/\/chilimag.hu\/webshop\/wp-json\/wp\/v2\/product_cat?post=23497"},{"taxonomy":"product_tag","embeddable":true,"href":"https:\/\/chilimag.hu\/webshop\/wp-json\/wp\/v2\/product_tag?post=23497"}],"curies":[{"name":"wp","href":"https:\/\/api.w.org\/{rel}","templated":true}]}}