{"id":23429,"date":"2023-03-30T17:50:37","date_gmt":"2023-03-30T17:50:37","guid":{"rendered":"https:\/\/chilimag.hu\/webshop\/?post_type=product&#038;p=23429"},"modified":"2026-01-28T13:09:24","modified_gmt":"2026-01-28T13:09:24","slug":"paradicsom-slonovo-sartse-profi-florian-bg","status":"publish","type":"product","link":"https:\/\/chilimag.hu\/webshop\/termek\/paradicsom-slonovo-sartse-profi-florian-bg\/","title":{"rendered":"Paradicsom Slonovo sartse Profi Florian Bg"},"content":{"rendered":"","protected":false},"excerpt":{"rendered":"<p><img decoding=\"async\" class=\"img-inline\" src=\"https:\/\/brcci.eu\/cache\/thumbnails\/12ecd0e6e419f1b9b1484ef02ad361979dd8e054\/1a6c5e1406ad462ca86d17b2800862d7f837862c-829875ad0a268b741b7edd818ffce098.png\" alt=\"FLORIAN OOD\" \/><\/p>\n<p>ELEF\u00c1NTSZ\u00cdV<br \/>\nBolg\u00e1r Red Buffalo Heart Giant t\u00edpus\u00fa \u00faj bolg\u00e1r indetermin\u00e1lt, k\u00f6z\u00e9pkorai \u00e9r\u00e9s\u0171 paradicsomfajta, Florian szelekci\u00f3. A n\u00f6v\u00e9nyek laz\u00e1k, k\u00f6z\u00e9phossz\u00fa intern\u00f3diumokkal. Gy\u00fcm\u00f6lcsei sz\u00edv alak\u00faak, vil\u00e1gospirosak, z\u00f6ld karik\u00e1val, kis nyel\u0171 maggal, nagyon nagyok, 500-800 g t\u00f6meg\u0171ek, esetenk\u00e9nt 1,5 kg-ot is el\u00e9rhetnek, k\u00f6zepesen kem\u00e9nyek, kellemes \u00e1llag\u00faak, kiv\u00e9teles illat\u00fa \u00e9s \u00edz\u0171ek. Alkalmas k\u00f6z\u00e9pkorai termeszt\u00e9sre ny\u00edlt ter\u00fcleteken \u00e9s polietil\u00e9n \u00fcvegh\u00e1zakban. A n\u00f6v\u00e9nyek termeszt\u00e9se &#8211; egysz\u00e1r\u00fa tart\u00f3szerkezeten. Friss fogyaszt\u00e1sra sz\u00e1nt.<\/p>\n<p>Vet\u00e9sid\u0151: \u00fcvegh\u00e1zakba &#8211; janu\u00e1r-febru\u00e1r, szabadf\u00f6ldre &#8211; febru\u00e1r-m\u00e1rcius<br \/>\n\u00dcltet\u00e9si id\u0151szak: \u00fcvegh\u00e1zakhoz &#8211; m\u00e1rcius-\u00e1prilis, szabadban &#8211; \u00e1prilis 15-m\u00e1jus 15.<br \/>\n\u00dcltet\u00e9si s\u00e9ma: egysoros 80\/40 cm, k\u00e9tsoros 80\/55\/40 cm.<br \/>\nVet\u00e9smennyis\u00e9g: 20-25 g\/ha<\/p>\n<p>A csomag 0,2 grammot tartalmaz<\/p>\n","protected":false},"featured_media":23453,"comment_status":"closed","ping_status":"closed","template":"","meta":[],"product_brand":[],"product_cat":[381],"product_tag":[],"class_list":{"0":"post-23429","1":"product","2":"type-product","3":"status-publish","4":"has-post-thumbnail","6":"product_cat-paradicsom-vetomagok-bolgar-florian-vetomagok","8":"first","9":"instock","10":"taxable","11":"shipping-taxable","12":"purchasable","13":"product-type-simple"},"_links":{"self":[{"href":"https:\/\/chilimag.hu\/webshop\/wp-json\/wp\/v2\/product\/23429","targetHints":{"allow":["GET"]}}],"collection":[{"href":"https:\/\/chilimag.hu\/webshop\/wp-json\/wp\/v2\/product"}],"about":[{"href":"https:\/\/chilimag.hu\/webshop\/wp-json\/wp\/v2\/types\/product"}],"replies":[{"embeddable":true,"href":"https:\/\/chilimag.hu\/webshop\/wp-json\/wp\/v2\/comments?post=23429"}],"wp:featuredmedia":[{"embeddable":true,"href":"https:\/\/chilimag.hu\/webshop\/wp-json\/wp\/v2\/media\/23453"}],"wp:attachment":[{"href":"https:\/\/chilimag.hu\/webshop\/wp-json\/wp\/v2\/media?parent=23429"}],"wp:term":[{"taxonomy":"product_brand","embeddable":true,"href":"https:\/\/chilimag.hu\/webshop\/wp-json\/wp\/v2\/product_brand?post=23429"},{"taxonomy":"product_cat","embeddable":true,"href":"https:\/\/chilimag.hu\/webshop\/wp-json\/wp\/v2\/product_cat?post=23429"},{"taxonomy":"product_tag","embeddable":true,"href":"https:\/\/chilimag.hu\/webshop\/wp-json\/wp\/v2\/product_tag?post=23429"}],"curies":[{"name":"wp","href":"https:\/\/api.w.org\/{rel}","templated":true}]}}