{"id":23396,"date":"2023-03-29T18:37:35","date_gmt":"2023-03-29T18:37:35","guid":{"rendered":"https:\/\/chilimag.hu\/webshop\/?post_type=product&#038;p=23396"},"modified":"2026-02-12T00:04:40","modified_gmt":"2026-02-12T00:04:40","slug":"paradicsom-tempos-profi-florian-bg","status":"publish","type":"product","link":"https:\/\/chilimag.hu\/webshop\/termek\/paradicsom-tempos-profi-florian-bg\/","title":{"rendered":"Paradicsom Tempos F1 Profi Line Gold Florian Bg"},"content":{"rendered":"","protected":false},"excerpt":{"rendered":"<p><img decoding=\"async\" class=\"img-inline\" src=\"https:\/\/brcci.eu\/cache\/thumbnails\/12ecd0e6e419f1b9b1484ef02ad361979dd8e054\/1a6c5e1406ad462ca86d17b2800862d7f837862c-829875ad0a268b741b7edd818ffce098.png\" alt=\"FLORIAN OOD\" \/><\/p>\n<p>\u00daj &#8211; bolg\u00e1r paradicsom f\u00e9ldetermin\u00e1lt extrakorai paradicsom hibridje, amely egyes\u00edti az extrakorais\u00e1got, a term\u0151k\u00e9pess\u00e9get, az egyenletes \u00e9r\u00e9st, a term\u00e9sek m\u00e9ret\u00e9t \u00e9s sz\u00e1ll\u00edthat\u00f3s\u00e1g\u00e1t. Gy\u00fcm\u00f6lcsei lapos-g\u00f6mb\u00f6ly\u0171ek, n\u00e9melyik k\u00f6ves, a sz\u00e1r k\u00f6r\u00fcl z\u00f6ld gy\u0171r\u0171 n\u00e9lk\u00fcl, nagy 200-250 g, kem\u00e9ny, sima, reped\u00e9smentes, egyenletes piros sz\u00edn\u0171 p\u00e9p n\u00e9lk\u00fcl. Alkalmas extra korai, korai \u00e9s harmadlagos termeszt\u00e9sre (m\u00e1sodvet\u00e9s) \u00fcvegh\u00e1zi \u00e9s sz\u00e1nt\u00f3f\u00f6ldi k\u00f6r\u00fclm\u00e9nyek k\u00f6z\u00f6tt. Friss fogyaszt\u00e1sra \u00e9s exportra sz\u00e1nt. Ellen\u00e1ll a doh\u00e1nylev\u00e9lfoltoss\u00e1gnak, a verticill\u00e1nak \u00e9s a fuz\u00e1ri\u00e1nak. Termeszt\u00e9s &#8211; egy vagy k\u00e9t sz\u00e1ron, a m\u00e1sodik sz\u00e1r csecsem\u0151kort\u00f3l kezdve az alapsz\u00e1r els\u0151 l\u00e1ncszeme alatt alakul ki.<\/p>\n<p>Vet\u00e9si id\u0151szak &#8211; szol\u00e1ris t\u00e1bl\u00e1kban &#8211; janu\u00e1r-febru\u00e1r, sz\u00e1nt\u00f3f\u00f6ld\u00f6n &#8211; febru\u00e1r-m\u00e1rcius<br \/>\n\u00c1t\u00fcltet\u00e9si id\u0151szak &#8211; szol\u00e1risban &#8211; m\u00e1rcius-\u00e1prilis, szabadf\u00f6ld\u00f6n \u00e1prilis 15-m\u00e1jus 15.<br \/>\n\u00c1t\u00fcltet\u00e9si s\u00e9ma &#8211; egy sorban 70-75\/30 cm, k\u00e9t sorban 80\/50\/30 cm<br \/>\nTerm\u00e9keny\u00edt\u00e9si ar\u00e1ny &#8211; 20-25 g\/1000 m2<\/p>\n<p>A csomag 50 szem magot tartalmaz<\/p>\n","protected":false},"featured_media":23397,"comment_status":"closed","ping_status":"closed","template":"","meta":[],"product_brand":[],"product_cat":[381],"product_tag":[],"class_list":{"0":"post-23396","1":"product","2":"type-product","3":"status-publish","4":"has-post-thumbnail","6":"product_cat-paradicsom-vetomagok-bolgar-florian-vetomagok","8":"first","9":"instock","10":"taxable","11":"shipping-taxable","12":"purchasable","13":"product-type-simple"},"_links":{"self":[{"href":"https:\/\/chilimag.hu\/webshop\/wp-json\/wp\/v2\/product\/23396","targetHints":{"allow":["GET"]}}],"collection":[{"href":"https:\/\/chilimag.hu\/webshop\/wp-json\/wp\/v2\/product"}],"about":[{"href":"https:\/\/chilimag.hu\/webshop\/wp-json\/wp\/v2\/types\/product"}],"replies":[{"embeddable":true,"href":"https:\/\/chilimag.hu\/webshop\/wp-json\/wp\/v2\/comments?post=23396"}],"wp:featuredmedia":[{"embeddable":true,"href":"https:\/\/chilimag.hu\/webshop\/wp-json\/wp\/v2\/media\/23397"}],"wp:attachment":[{"href":"https:\/\/chilimag.hu\/webshop\/wp-json\/wp\/v2\/media?parent=23396"}],"wp:term":[{"taxonomy":"product_brand","embeddable":true,"href":"https:\/\/chilimag.hu\/webshop\/wp-json\/wp\/v2\/product_brand?post=23396"},{"taxonomy":"product_cat","embeddable":true,"href":"https:\/\/chilimag.hu\/webshop\/wp-json\/wp\/v2\/product_cat?post=23396"},{"taxonomy":"product_tag","embeddable":true,"href":"https:\/\/chilimag.hu\/webshop\/wp-json\/wp\/v2\/product_tag?post=23396"}],"curies":[{"name":"wp","href":"https:\/\/api.w.org\/{rel}","templated":true}]}}