{"id":23367,"date":"2023-03-28T13:49:43","date_gmt":"2023-03-28T13:49:43","guid":{"rendered":"https:\/\/chilimag.hu\/webshop\/?post_type=product&#038;p=23367"},"modified":"2025-08-22T09:14:42","modified_gmt":"2025-08-22T09:14:42","slug":"sutotok-pacific-giant-eln-sl","status":"publish","type":"product","link":"https:\/\/chilimag.hu\/webshop\/termek\/sutotok-pacific-giant-eln-sl\/","title":{"rendered":"S\u00fct\u0151t\u00f6k Pacific Giant ELN SL"},"content":{"rendered":"","protected":false},"excerpt":{"rendered":"<p><img decoding=\"async\" class=\"active-logo\" src=\"https:\/\/b2b.seklos.lt\/themes\/warehouse\/img\/logo_en.png\" alt=\"Agrofirma S\u0117klos, UAB\" width=\"280\" height=\"95\" \/><\/p>\n<p>K\u00e9s\u0151i fajta. Term\u00e9sei hatalmasak, ak\u00e1r 150-300 kg-ot is el\u00e9rhetnek, \u00e9lelmiszernek, dekor\u00e1ci\u00f3nak is haszn\u00e1lhat\u00f3k. H\u00fasa narancss\u00e1rga, gy\u00fcm\u00f6lcslevekhez, sal\u00e1t\u00e1khoz \u00e9s p\u00e9pekhez aj\u00e1nljuk. A n\u00f6v\u00e9ny k\u00fasz\u00f3, n\u00f6veked\u00e9s\u00e9hez 3-5 m2 ter\u00fcletre van sz\u00fcks\u00e9g. Ha hatalmas gy\u00fcm\u00f6lcs\u00f6ket szeretne, v\u00e1lasszon 3-4 f\u0151 jel\u00f6ltet, \u00e9s t\u00e1vol\u00edtsa el a t\u00f6bbi gy\u00fcm\u00f6lcs\u00f6t \u00e9s sz\u0151l\u0151t. Extra nagy term\u00e9sek eset\u00e9n n\u00f6v\u00e9nyenk\u00e9nt csak 1-2 gy\u00fcm\u00f6lcs\u00f6t hagyjunk. A s\u00fct\u0151t\u00f6k neh\u00e9z t\u00e1pl\u00e1l\u00e9k, \u00e9s a k\u00f6nny\u0171, gyorsan felmeleged\u0151 homokos vagy agyagos talajt kedveli, tr\u00e1gy\u00e1val b\u0151s\u00e9gesen tr\u00e1gy\u00e1zva. A s\u00fct\u0151t\u00f6k\u00f6t +10-14 \u00baC talajh\u0151m\u00e9rs\u00e9kletre vetik. A betakar\u00edt\u00e1s k\u00f6zvetlen\u00fcl a fagy el\u0151tt javasolt. Az \u00e9rett gy\u00fcm\u00f6lcs h\u0171v\u00f6s, szell\u0151z\u0151 helyis\u00e9gben tavaszig el\u00e1ll.<br \/>\n3 g k\u00f6r\u00fclbel\u00fcl 9-12 magot tartalmaz. 3 g 50 m2 ter\u00fcletet fed le.<br \/>\nKiszerel\u00e9s egy csomagban 3 g<br \/>\nVet\u00e9sid\u0151, m\u00e9lys\u00e9g 2 cm<br \/>\n\u00dcltet\u00e9si t\u00e1vols\u00e1gok VI, 200 x150 cm<br \/>\nSz\u00fcret VIII-IX<br \/>\nVet\u00e9sid\u0151 a talajban V-VI<br \/>\nVet\u00e9sid\u0151 \u00fcvegh\u00e1zban IV<br \/>\nGy\u00e1rt\u00f3: Lucia Elite<br \/>\nVet\u00e9si m\u00e9lys\u00e9g 2 cm<br \/>\nS\u0117jos gylis, cm 2 cm<br \/>\nT\u00e1vols\u00e1gok, cm 200&#215;150 cm<\/p>\n","protected":false},"featured_media":23368,"comment_status":"closed","ping_status":"closed","template":"","meta":[],"product_brand":[],"product_cat":[368],"product_tag":[],"class_list":{"0":"post-23367","1":"product","2":"type-product","3":"status-publish","4":"has-post-thumbnail","6":"product_cat-zoldseg-vetomagok","8":"first","9":"instock","10":"taxable","11":"shipping-taxable","12":"purchasable","13":"product-type-simple"},"_links":{"self":[{"href":"https:\/\/chilimag.hu\/webshop\/wp-json\/wp\/v2\/product\/23367","targetHints":{"allow":["GET"]}}],"collection":[{"href":"https:\/\/chilimag.hu\/webshop\/wp-json\/wp\/v2\/product"}],"about":[{"href":"https:\/\/chilimag.hu\/webshop\/wp-json\/wp\/v2\/types\/product"}],"replies":[{"embeddable":true,"href":"https:\/\/chilimag.hu\/webshop\/wp-json\/wp\/v2\/comments?post=23367"}],"wp:featuredmedia":[{"embeddable":true,"href":"https:\/\/chilimag.hu\/webshop\/wp-json\/wp\/v2\/media\/23368"}],"wp:attachment":[{"href":"https:\/\/chilimag.hu\/webshop\/wp-json\/wp\/v2\/media?parent=23367"}],"wp:term":[{"taxonomy":"product_brand","embeddable":true,"href":"https:\/\/chilimag.hu\/webshop\/wp-json\/wp\/v2\/product_brand?post=23367"},{"taxonomy":"product_cat","embeddable":true,"href":"https:\/\/chilimag.hu\/webshop\/wp-json\/wp\/v2\/product_cat?post=23367"},{"taxonomy":"product_tag","embeddable":true,"href":"https:\/\/chilimag.hu\/webshop\/wp-json\/wp\/v2\/product_tag?post=23367"}],"curies":[{"name":"wp","href":"https:\/\/api.w.org\/{rel}","templated":true}]}}