{"id":23354,"date":"2023-03-27T19:19:22","date_gmt":"2023-03-27T19:19:22","guid":{"rendered":"https:\/\/chilimag.hu\/webshop\/?post_type=product&#038;p=23354"},"modified":"2025-09-08T17:51:36","modified_gmt":"2025-09-08T17:51:36","slug":"ulteto-kosar-sl","status":"publish","type":"product","link":"https:\/\/chilimag.hu\/webshop\/termek\/ulteto-kosar-sl\/","title":{"rendered":"\u00dcltet\u0151 Kos\u00e1r SL"},"content":{"rendered":"","protected":false},"excerpt":{"rendered":"<p>KOS\u00c1R VIR\u00c1GHAGYM\u00c1HOZ, S\u00d6T\u00c9TZ\u00d6LD SZ\u00cdN\u0170, 27X5,6CM, T\u00d6BB TEND\u00c9R EGYM\u00c1SRA HELYEZHET\u0150.<br \/>\nAnyaga M\u0171anyag<br \/>\nSz\u00edn Z\u00f6ld<br \/>\nGy\u00e1rt\u00f3 PROSPERPLAST<\/p>\n","protected":false},"featured_media":23355,"comment_status":"closed","ping_status":"closed","template":"","meta":[],"product_brand":[],"product_cat":[336],"product_tag":[],"class_list":{"0":"post-23354","1":"product","2":"type-product","3":"status-publish","4":"has-post-thumbnail","6":"product_cat-vetotalcak-ulteto-cserepek-es-palanta-nevelok","8":"first","9":"instock","10":"taxable","11":"shipping-taxable","12":"purchasable","13":"product-type-simple"},"_links":{"self":[{"href":"https:\/\/chilimag.hu\/webshop\/wp-json\/wp\/v2\/product\/23354","targetHints":{"allow":["GET"]}}],"collection":[{"href":"https:\/\/chilimag.hu\/webshop\/wp-json\/wp\/v2\/product"}],"about":[{"href":"https:\/\/chilimag.hu\/webshop\/wp-json\/wp\/v2\/types\/product"}],"replies":[{"embeddable":true,"href":"https:\/\/chilimag.hu\/webshop\/wp-json\/wp\/v2\/comments?post=23354"}],"wp:featuredmedia":[{"embeddable":true,"href":"https:\/\/chilimag.hu\/webshop\/wp-json\/wp\/v2\/media\/23355"}],"wp:attachment":[{"href":"https:\/\/chilimag.hu\/webshop\/wp-json\/wp\/v2\/media?parent=23354"}],"wp:term":[{"taxonomy":"product_brand","embeddable":true,"href":"https:\/\/chilimag.hu\/webshop\/wp-json\/wp\/v2\/product_brand?post=23354"},{"taxonomy":"product_cat","embeddable":true,"href":"https:\/\/chilimag.hu\/webshop\/wp-json\/wp\/v2\/product_cat?post=23354"},{"taxonomy":"product_tag","embeddable":true,"href":"https:\/\/chilimag.hu\/webshop\/wp-json\/wp\/v2\/product_tag?post=23354"}],"curies":[{"name":"wp","href":"https:\/\/api.w.org\/{rel}","templated":true}]}}