{"id":23350,"date":"2023-03-27T19:11:38","date_gmt":"2023-03-27T19:11:38","guid":{"rendered":"https:\/\/chilimag.hu\/webshop\/?post_type=product&#038;p=23350"},"modified":"2026-04-01T08:06:07","modified_gmt":"2026-04-01T08:06:07","slug":"vasfu-vanity-z-s-sl","status":"publish","type":"product","link":"https:\/\/chilimag.hu\/webshop\/termek\/vasfu-vanity-z-s-sl\/","title":{"rendered":"Erny\u0151s verb\u00e9na Vanity Z.S SL"},"content":{"rendered":"","protected":false},"excerpt":{"rendered":"<p><img decoding=\"async\" class=\"active-logo\" src=\"https:\/\/b2b.seklos.lt\/themes\/warehouse\/img\/logo_en.png\" alt=\"Agrofirma S\u0117klos, UAB\" width=\"280\" height=\"95\" \/><\/p>\n<p>Ezek magas egyny\u00e1ri vir\u00e1gok el\u00e1gaz\u00f3 sz\u00e1rral \u00e9s kicsi, kerek vir\u00e1gf\u00fcrt\u00f6kkel a tetej\u00e9n. A kb. 120 cm magas lila vir\u00e1gokat jellemz\u0151en vir\u00e1g\u00e1gy\u00e1sokban termesztik, k\u00f6nnyed \u00e1tt\u00f6r\u0151 hat\u00e1st keltenek, \u00edgy k\u00f6nnyen illeszthet\u0151k m\u00e1s n\u00f6v\u00e9nyekhez, \u00e9s a k\u00edv\u00e1nt k\u00f6nnyeds\u00e9g\u00e9rzetet adj\u00e1k a vir\u00e1g\u00e1gy\u00e1soknak. A n\u00f6v\u00e9nyeket pal\u00e1ntak\u00e9nt kell a k\u00edv\u00e1nt helyre \u00fcltetni, a magokat kora tavasszal vetni, mert lassan cs\u00edr\u00e1znak. Ezek a vir\u00e1gok napos helyeken, k\u00f6nny\u0171 \u00e9s sz\u00e1raz talajon fejl\u0151dnek.<\/p>\n<p>Vet\u00e9sid\u0151 \u00fcvegh\u00e1zban III-IV, 0,5 cm<br \/>\nGy\u00e1rt\u00f3 \u017dalia stotel\u0117<br \/>\nVir\u00e1gz\u00e1si id\u0151szak VI-IX, 80 cm<br \/>\nT\u00e1vols\u00e1gok, cm V-VI, 30 x 30 cm<br \/>\nMagok sz\u00e1ma a csomagban, db. 20<\/p>\n","protected":false},"featured_media":23351,"comment_status":"closed","ping_status":"closed","template":"","meta":[],"product_brand":[],"product_cat":[363],"product_tag":[],"class_list":{"0":"post-23350","1":"product","2":"type-product","3":"status-publish","4":"has-post-thumbnail","6":"product_cat-virag-vetomagok-zalia-stotele","8":"first","9":"instock","10":"taxable","11":"shipping-taxable","12":"purchasable","13":"product-type-simple"},"_links":{"self":[{"href":"https:\/\/chilimag.hu\/webshop\/wp-json\/wp\/v2\/product\/23350","targetHints":{"allow":["GET"]}}],"collection":[{"href":"https:\/\/chilimag.hu\/webshop\/wp-json\/wp\/v2\/product"}],"about":[{"href":"https:\/\/chilimag.hu\/webshop\/wp-json\/wp\/v2\/types\/product"}],"replies":[{"embeddable":true,"href":"https:\/\/chilimag.hu\/webshop\/wp-json\/wp\/v2\/comments?post=23350"}],"wp:featuredmedia":[{"embeddable":true,"href":"https:\/\/chilimag.hu\/webshop\/wp-json\/wp\/v2\/media\/23351"}],"wp:attachment":[{"href":"https:\/\/chilimag.hu\/webshop\/wp-json\/wp\/v2\/media?parent=23350"}],"wp:term":[{"taxonomy":"product_brand","embeddable":true,"href":"https:\/\/chilimag.hu\/webshop\/wp-json\/wp\/v2\/product_brand?post=23350"},{"taxonomy":"product_cat","embeddable":true,"href":"https:\/\/chilimag.hu\/webshop\/wp-json\/wp\/v2\/product_cat?post=23350"},{"taxonomy":"product_tag","embeddable":true,"href":"https:\/\/chilimag.hu\/webshop\/wp-json\/wp\/v2\/product_tag?post=23350"}],"curies":[{"name":"wp","href":"https:\/\/api.w.org\/{rel}","templated":true}]}}