{"id":23346,"date":"2023-03-27T19:06:38","date_gmt":"2023-03-27T19:06:38","guid":{"rendered":"https:\/\/chilimag.hu\/webshop\/?post_type=product&#038;p=23346"},"modified":"2026-01-04T19:39:43","modified_gmt":"2026-01-04T19:39:43","slug":"petyegetett-lizinka-z-s-sl","status":"publish","type":"product","link":"https:\/\/chilimag.hu\/webshop\/termek\/petyegetett-lizinka-z-s-sl\/","title":{"rendered":"Petyegetett Lizinka  Dotted Loosestrife Z.S SL"},"content":{"rendered":"","protected":false},"excerpt":{"rendered":"<p><img decoding=\"async\" class=\"active-logo\" src=\"https:\/\/b2b.seklos.lt\/themes\/warehouse\/img\/logo_en.png\" alt=\"Agrofirma S\u0117klos, UAB\" width=\"280\" height=\"95\" \/><\/p>\n<p>Alacsony karbantart\u00e1st ig\u00e9nyl\u0151, \u00e9vel\u0151 vir\u00e1gok, f\u00e9nyes vir\u00e1gzattal. B\u0151s\u00e9gesen vir\u00e1gzik kora tavasszal, egyenk\u00e9nt pedig ny\u00e1r v\u00e9g\u00e9n. Vir\u00e1gaik vonzz\u00e1k a m\u00e9heket \u00e9s a pillang\u00f3kat. Ezeket a n\u00f6v\u00e9nyeket jellemz\u0151en csoportokban termesztik, \u00e9s alkalmasak a tengerparti termeszt\u00e9sre. A p\u00f6tty\u00f6s lazestrife gyorsan terjed, elfoglalva a vir\u00e1g\u00e1gy\u00e1s szabad ter\u00fclet\u00e9t. Nedves talajban j\u00f3l \u00e9rzi mag\u00e1t, \u00e1rny\u00e9kos \u00e9s napos vir\u00e1g\u00e1gy\u00e1sokba egyar\u00e1nt alkalmas. Ezenk\u00edv\u00fcl sok \u00e9vig n\u0151het ugyanazon a helyen.<\/p>\n<p>Mennyis\u00e9g egy csomagban 0,2g<br \/>\nMagok sz\u00e1ma grammonk\u00e9nt 3000<br \/>\nVet\u00e9sid\u0151 a talajban IV\u2013V, 1 cm<br \/>\nVet\u00e9sid\u0151 \u00fcvegh\u00e1zban III\u2013IV, 1 cm<br \/>\nGy\u00e1rt\u00f3 \u017dalia stotel\u0117<br \/>\nVir\u00e1gz\u00e1si id\u0151szak V &#8211; VI, VIII 65 cm<br \/>\nT\u00e1vols\u00e1gok, cm V-VIII, 40&#215;45 cm<\/p>\n","protected":false},"featured_media":23347,"comment_status":"closed","ping_status":"closed","template":"","meta":[],"product_brand":[],"product_cat":[363],"product_tag":[],"class_list":{"0":"post-23346","1":"product","2":"type-product","3":"status-publish","4":"has-post-thumbnail","6":"product_cat-virag-vetomagok-zalia-stotele","8":"first","9":"instock","10":"taxable","11":"shipping-taxable","12":"purchasable","13":"product-type-simple"},"_links":{"self":[{"href":"https:\/\/chilimag.hu\/webshop\/wp-json\/wp\/v2\/product\/23346","targetHints":{"allow":["GET"]}}],"collection":[{"href":"https:\/\/chilimag.hu\/webshop\/wp-json\/wp\/v2\/product"}],"about":[{"href":"https:\/\/chilimag.hu\/webshop\/wp-json\/wp\/v2\/types\/product"}],"replies":[{"embeddable":true,"href":"https:\/\/chilimag.hu\/webshop\/wp-json\/wp\/v2\/comments?post=23346"}],"wp:featuredmedia":[{"embeddable":true,"href":"https:\/\/chilimag.hu\/webshop\/wp-json\/wp\/v2\/media\/23347"}],"wp:attachment":[{"href":"https:\/\/chilimag.hu\/webshop\/wp-json\/wp\/v2\/media?parent=23346"}],"wp:term":[{"taxonomy":"product_brand","embeddable":true,"href":"https:\/\/chilimag.hu\/webshop\/wp-json\/wp\/v2\/product_brand?post=23346"},{"taxonomy":"product_cat","embeddable":true,"href":"https:\/\/chilimag.hu\/webshop\/wp-json\/wp\/v2\/product_cat?post=23346"},{"taxonomy":"product_tag","embeddable":true,"href":"https:\/\/chilimag.hu\/webshop\/wp-json\/wp\/v2\/product_tag?post=23346"}],"curies":[{"name":"wp","href":"https:\/\/api.w.org\/{rel}","templated":true}]}}