{"id":23342,"date":"2023-03-27T18:58:43","date_gmt":"2023-03-27T18:58:43","guid":{"rendered":"https:\/\/chilimag.hu\/webshop\/?post_type=product&#038;p=23342"},"modified":"2026-03-31T17:02:27","modified_gmt":"2026-03-31T17:02:27","slug":"petunia-duo-h-burgundy-z-s-sl","status":"publish","type":"product","link":"https:\/\/chilimag.hu\/webshop\/termek\/petunia-duo-h-burgundy-z-s-sl\/","title":{"rendered":"Petunia Duo H Burgundy Z.S SL"},"content":{"rendered":"","protected":false},"excerpt":{"rendered":"<p><img decoding=\"async\" class=\"active-logo\" src=\"https:\/\/b2b.seklos.lt\/themes\/warehouse\/img\/logo_en.png\" alt=\"Agrofirma S\u0117klos, UAB\" width=\"280\" height=\"95\" \/><\/p>\n<p>25-38 cm magas egyny\u00e1ri vir\u00e1gok. 5-6 cm \u00e1tm\u00e9r\u0151j\u0171 kett\u0151s vir\u00e1gaik b\u0151ven, hosszan ny\u00edlnak, folyamatosan v\u00e1ltoznak. Ez a n\u00f6v\u00e9ny vir\u00e1g\u00e1gy\u00e1sokra \u00e9s erk\u00e9lyekre alkalmas. A pet\u00fania m\u00e9g kedvez\u0151tlen n\u00f6veked\u00e9si k\u00f6r\u00fclm\u00e9nyek k\u00f6z\u00f6tt is meg\u0151rzi dekorat\u00edv megjelen\u00e9s\u00e9t, p\u00e9ld\u00e1ul er\u0151s sz\u00e9lben vagy gyakori es\u0151ben. Magjaikat pelletiz\u00e1lj\u00e1k, ami azt jelenti, hogy szerves \u00e9s \u00e1sv\u00e1nyi m\u0171tr\u00e1gy\u00e1k megk\u00f6t\u0151 kever\u00e9k\u00e9vel vonj\u00e1k be. Cs\u00edr\u00e1z\u00e1skor a talajfel\u00fcletnek mindig nedvesnek kell lennie, \u00e9s a magokat enyh\u00e9n bele kell pr\u00e9selni a talaj felsz\u00edn\u00e9be, nem pedig szubsztr\u00e1tummal bor\u00edtani.<\/p>\n<p>Vet\u00e9sid\u0151 \u00fcvegh\u00e1zban III\u2013IV, 0 cm<br \/>\nGy\u00e1rt\u00f3 \u017dalia stotel\u0117<br \/>\nVI\u2013IX. vir\u00e1gz\u00e1si id\u0151szak, 25-38 cm<br \/>\nT\u00e1vols\u00e1gok, cm V\u2013VI, 20 x 20 cm<br \/>\nMagok sz\u00e1ma a csomagban, db. 20<\/p>\n","protected":false},"featured_media":23343,"comment_status":"closed","ping_status":"closed","template":"","meta":[],"product_brand":[],"product_cat":[363],"product_tag":[],"class_list":{"0":"post-23342","1":"product","2":"type-product","3":"status-publish","4":"has-post-thumbnail","6":"product_cat-virag-vetomagok-zalia-stotele","8":"first","9":"instock","10":"taxable","11":"shipping-taxable","12":"purchasable","13":"product-type-simple"},"_links":{"self":[{"href":"https:\/\/chilimag.hu\/webshop\/wp-json\/wp\/v2\/product\/23342","targetHints":{"allow":["GET"]}}],"collection":[{"href":"https:\/\/chilimag.hu\/webshop\/wp-json\/wp\/v2\/product"}],"about":[{"href":"https:\/\/chilimag.hu\/webshop\/wp-json\/wp\/v2\/types\/product"}],"replies":[{"embeddable":true,"href":"https:\/\/chilimag.hu\/webshop\/wp-json\/wp\/v2\/comments?post=23342"}],"wp:featuredmedia":[{"embeddable":true,"href":"https:\/\/chilimag.hu\/webshop\/wp-json\/wp\/v2\/media\/23343"}],"wp:attachment":[{"href":"https:\/\/chilimag.hu\/webshop\/wp-json\/wp\/v2\/media?parent=23342"}],"wp:term":[{"taxonomy":"product_brand","embeddable":true,"href":"https:\/\/chilimag.hu\/webshop\/wp-json\/wp\/v2\/product_brand?post=23342"},{"taxonomy":"product_cat","embeddable":true,"href":"https:\/\/chilimag.hu\/webshop\/wp-json\/wp\/v2\/product_cat?post=23342"},{"taxonomy":"product_tag","embeddable":true,"href":"https:\/\/chilimag.hu\/webshop\/wp-json\/wp\/v2\/product_tag?post=23342"}],"curies":[{"name":"wp","href":"https:\/\/api.w.org\/{rel}","templated":true}]}}