{"id":23330,"date":"2023-03-27T18:25:31","date_gmt":"2023-03-27T18:25:31","guid":{"rendered":"https:\/\/chilimag.hu\/webshop\/?post_type=product&#038;p=23330"},"modified":"2026-03-09T10:26:46","modified_gmt":"2026-03-09T10:26:46","slug":"malyvarozsa-majorette-z-s-sl","status":"publish","type":"product","link":"https:\/\/chilimag.hu\/webshop\/termek\/malyvarozsa-majorette-z-s-sl\/","title":{"rendered":"M\u00e1lyvar\u00f3zsa Majorette Z.S SL"},"content":{"rendered":"","protected":false},"excerpt":{"rendered":"<p><img decoding=\"async\" class=\"active-logo\" src=\"https:\/\/b2b.seklos.lt\/themes\/warehouse\/img\/logo_en.png\" alt=\"Agrofirma S\u0117klos, UAB\" width=\"280\" height=\"95\" \/><\/p>\n<p>K\u00e9t\u00e9vente 80 cm magas vir\u00e1gok. Sz\u00e1ra kem\u00e9ny, egyenes, nagy vir\u00e1g\u00fa, dupla vagy f\u00e9lig dupla vir\u00e1g. legfeljebb 30 vir\u00e1g egy sz\u00e1ron. Ezek a sz\u00e9ps\u00e9gek mindenhova illeszkednek, ahol magas, f\u00e9nyes vir\u00e1g\u00fa n\u00f6v\u00e9nyekre van sz\u00fcks\u00e9g. Ker\u00edt\u00e9sekn\u00e9l, \u00e9p\u00fcletekn\u00e9l, vid\u00e9ki tany\u00e1kon termesztik. Elvet\u00e9s ut\u00e1n a hollyhock sok \u00e9vig n\u0151 a kertj\u00e9ben. V\u00e1lasszon sz\u00e9lt\u0151l v\u00e9dett helyet, napos, gazdag talajt, d\u00e9li oldalt.<\/p>\n<p>A magok sz\u00e1ma grammonk\u00e9nt ~ 70-80<br \/>\nVir\u00e1gz\u00e1si id\u0151, magass\u00e1g VII\u2013VIII, 80 cm<br \/>\nNapos hely Igen<br \/>\nGy\u00e1rt\u00f3 \u017dalia stotel\u0117<br \/>\nT\u00e1vols\u00e1gok, cm 40&#215;40 cm<\/p>\n","protected":false},"featured_media":23331,"comment_status":"closed","ping_status":"closed","template":"","meta":[],"product_brand":[],"product_cat":[363],"product_tag":[],"class_list":{"0":"post-23330","1":"product","2":"type-product","3":"status-publish","4":"has-post-thumbnail","6":"product_cat-virag-vetomagok-zalia-stotele","8":"first","9":"instock","10":"taxable","11":"shipping-taxable","12":"purchasable","13":"product-type-simple"},"_links":{"self":[{"href":"https:\/\/chilimag.hu\/webshop\/wp-json\/wp\/v2\/product\/23330","targetHints":{"allow":["GET"]}}],"collection":[{"href":"https:\/\/chilimag.hu\/webshop\/wp-json\/wp\/v2\/product"}],"about":[{"href":"https:\/\/chilimag.hu\/webshop\/wp-json\/wp\/v2\/types\/product"}],"replies":[{"embeddable":true,"href":"https:\/\/chilimag.hu\/webshop\/wp-json\/wp\/v2\/comments?post=23330"}],"wp:featuredmedia":[{"embeddable":true,"href":"https:\/\/chilimag.hu\/webshop\/wp-json\/wp\/v2\/media\/23331"}],"wp:attachment":[{"href":"https:\/\/chilimag.hu\/webshop\/wp-json\/wp\/v2\/media?parent=23330"}],"wp:term":[{"taxonomy":"product_brand","embeddable":true,"href":"https:\/\/chilimag.hu\/webshop\/wp-json\/wp\/v2\/product_brand?post=23330"},{"taxonomy":"product_cat","embeddable":true,"href":"https:\/\/chilimag.hu\/webshop\/wp-json\/wp\/v2\/product_cat?post=23330"},{"taxonomy":"product_tag","embeddable":true,"href":"https:\/\/chilimag.hu\/webshop\/wp-json\/wp\/v2\/product_tag?post=23330"}],"curies":[{"name":"wp","href":"https:\/\/api.w.org\/{rel}","templated":true}]}}