{"id":23301,"date":"2023-03-27T17:32:56","date_gmt":"2023-03-27T17:32:56","guid":{"rendered":"https:\/\/chilimag.hu\/webshop\/?post_type=product&#038;p=23301"},"modified":"2026-02-18T15:53:20","modified_gmt":"2026-02-18T15:53:20","slug":"sziklaiternye-magic-circles-z-s-sl","status":"publish","type":"product","link":"https:\/\/chilimag.hu\/webshop\/termek\/sziklaiternye-magic-circles-z-s-sl\/","title":{"rendered":"Sziklaiternye Magic Circles  Z.S SL"},"content":{"rendered":"","protected":false},"excerpt":{"rendered":"<p><img decoding=\"async\" class=\"active-logo\" src=\"https:\/\/b2b.seklos.lt\/themes\/warehouse\/img\/logo_en.png\" alt=\"Agrofirma S\u0117klos, UAB\" width=\"280\" height=\"95\" \/><\/p>\n<p>Egyny\u00e1ri, k\u00f6nnyen termeszthet\u0151, sz\u0151nyeges, 12 cm magas vir\u00e1gok. A vir\u00e1gok kicsik, kellemes illat\u00faak. \u00dcltet\u0151ben, vir\u00e1goskertben, temet\u0151ben, erk\u00e9lyen termesztik, nektariferikusan. A vir\u00e1g\u00e1gy\u00e1sokban f\u00e9nyes vir\u00e1gokkal kombin\u00e1lj\u00e1k. Az Alyssum fagy\u00e1ll\u00f3, j\u00f3l n\u00f6vekszik \u00e9s vir\u00e1gzik napos vagy f\u00e9l\u00e1rny\u00e9kos, nem savas agyagos talajban. A k\u00e9s\u0151 \u0151sszel elvetett magvak j\u00f6v\u0151 tavasszal cs\u00edr\u00e1znak.<\/p>\n<p>Egy csomagban l\u00e9v\u0151 mennyis\u00e9g 1 g<br \/>\nA magok sz\u00e1ma grammonk\u00e9nt ~ 2500<br \/>\nTranszplant\u00e1ci\u00f3 V\u2013VI, 10 x 15 cm<br \/>\nVir\u00e1gz\u00e1si id\u0151, VI\u2013X magass\u00e1g, 12 cm<br \/>\nNapos hely Igen<br \/>\nAz OutdoorITerrace termeszt\u00e9si helye<br \/>\nVet\u00e9sid\u0151 a talajban IV\u2013VI, X 1 cm<br \/>\nVet\u00e9sid\u0151 \u00fcvegh\u00e1zban III, 1 cm<br \/>\nGy\u00e1rt\u00f3 \u017dalia stotel\u0117<br \/>\nVI\u2013X. vir\u00e1gz\u00e1si id\u0151szak, 12 cm<br \/>\nN\u00f6v\u00e9ny magass\u00e1ga, cm 12 cm<\/p>\n","protected":false},"featured_media":23302,"comment_status":"closed","ping_status":"closed","template":"","meta":[],"product_brand":[],"product_cat":[363],"product_tag":[],"class_list":{"0":"post-23301","1":"product","2":"type-product","3":"status-publish","4":"has-post-thumbnail","6":"product_cat-virag-vetomagok-zalia-stotele","8":"first","9":"instock","10":"taxable","11":"shipping-taxable","12":"purchasable","13":"product-type-simple"},"_links":{"self":[{"href":"https:\/\/chilimag.hu\/webshop\/wp-json\/wp\/v2\/product\/23301","targetHints":{"allow":["GET"]}}],"collection":[{"href":"https:\/\/chilimag.hu\/webshop\/wp-json\/wp\/v2\/product"}],"about":[{"href":"https:\/\/chilimag.hu\/webshop\/wp-json\/wp\/v2\/types\/product"}],"replies":[{"embeddable":true,"href":"https:\/\/chilimag.hu\/webshop\/wp-json\/wp\/v2\/comments?post=23301"}],"wp:featuredmedia":[{"embeddable":true,"href":"https:\/\/chilimag.hu\/webshop\/wp-json\/wp\/v2\/media\/23302"}],"wp:attachment":[{"href":"https:\/\/chilimag.hu\/webshop\/wp-json\/wp\/v2\/media?parent=23301"}],"wp:term":[{"taxonomy":"product_brand","embeddable":true,"href":"https:\/\/chilimag.hu\/webshop\/wp-json\/wp\/v2\/product_brand?post=23301"},{"taxonomy":"product_cat","embeddable":true,"href":"https:\/\/chilimag.hu\/webshop\/wp-json\/wp\/v2\/product_cat?post=23301"},{"taxonomy":"product_tag","embeddable":true,"href":"https:\/\/chilimag.hu\/webshop\/wp-json\/wp\/v2\/product_tag?post=23301"}],"curies":[{"name":"wp","href":"https:\/\/api.w.org\/{rel}","templated":true}]}}