{"id":23164,"date":"2023-03-25T17:54:33","date_gmt":"2023-03-25T17:54:33","guid":{"rendered":"https:\/\/chilimag.hu\/webshop\/?post_type=product&#038;p=23164"},"modified":"2026-04-01T08:53:50","modified_gmt":"2026-04-01T08:53:50","slug":"univerzalis-ulteto-tozeg-ph-55-65-250-l-sl","status":"publish","type":"product","link":"https:\/\/chilimag.hu\/webshop\/termek\/univerzalis-ulteto-tozeg-ph-55-65-250-l-sl\/","title":{"rendered":"Univerz\u00e1lis \u00fcltet\u0151 t\u0151zeg PH-5,5-6,5  250 L SL"},"content":{"rendered":"","protected":false},"excerpt":{"rendered":"<h2><span style=\"color: #ff0000;\">CSAK SZEM\u00c9LYES \u00c1TV\u00c9TEL<\/span><\/h2>\n<p>PH-BE\u00c1LL\u00cdTOTT T\u0150ZEGMOHA<br \/>\nA nem savas t\u0151zeg speci\u00e1lis \u00f6sszet\u00e9tel\u00e9nek megfelel\u0151en k\u00e9sz\u00fcl, biztos\u00edtva a n\u00f6v\u00e9nyek optim\u00e1lis t\u00e1pl\u00e1l\u00e1s\u00e1t \u00e9s a gy\u00f6k\u00e9rfejl\u0151d\u00e9st. A t\u0151zeget szubsztr\u00e1tumok el\u0151\u00e1ll\u00edt\u00e1s\u00e1ra haszn\u00e1lj\u00e1k NPK m\u0171tr\u00e1gya hozz\u00e1ad\u00e1s\u00e1val, nyomelemekkel, gy\u00fcm\u00f6lcsfa, d\u00edszn\u00f6v\u00e9ny talajjav\u00edt\u00e1ssal, mulcsoz\u00e1ssal.<br \/>\nT\u00e9rfogat t\u00f6lt\u00e9skor 250 l<br \/>\nFelhaszn\u00e1l\u00e1s Aljzatok el\u0151\u00e1ll\u00edt\u00e1s\u00e1hoz, n\u00f6v\u00e9nyek talajtakar\u00e1s\u00e1hoz<br \/>\nGy\u00e1rt\u00f3 S\u0116KLOS LT<br \/>\nKiszerel\u00e9s 250<\/p>\n<p style=\"font-weight: 400;\">\u00d6sszet\u00e9tel: savass\u00e1g (pH)-5,5-6,5, p\u00e1ratartalom 10%, t\u0151zegfrakci\u00f3 (mm)-0-20, elektromos vezet\u0151k\u00e9pess\u00e9g (EC mS\/m)-0,1-0,3, m\u00e9szk\u0151por (kg\/m)-3,0, dolomit (kg\/m)-2,0. Tipp: a t\u0151zeget haszn\u00e1lat el\u0151tt leveg\u0151ztetni kell. Ezt a legjobb este, az \u00e1t\u00fcltet\u00e9s el\u0151tt megtenni. N\u00f6v\u00e9nyek \u00fcltet\u00e9sekor vagy \u00e1t\u00fcltet\u00e9sekor biohumusz haszn\u00e1lat javasolt. Ezzel a szubsztr\u00e1tummal keverve a k\u00f6vetkez\u0151 biohumuszt haszn\u00e1ljuk mennyis\u00e9g: magvet\u00e9skor \u00e9s hajt\u00e1sok szed\u00e9sekor 300 ml\/1 1 semleges pH-j\u00fa t\u0151zeg, a n\u00f6v\u00e9nyek tov\u00e1bbi jav\u00edt\u00e1s\u00e1val talaj-300-500 ml\/1 n\u00f6v\u00e9nyi fest\u00e9k 11\/m<\/p>\n<p style=\"font-weight: 400;\">F\u0151 alkot\u00f3elemei: hegyvid\u00e9ki t\u0151zeg (index 2.1).<\/p>\n<p><span style=\"font-weight: 400;\">Rendeltet\u00e9s: a savany\u00edtott t\u0151zeg speci\u00e1lis recept\u00fara alapj\u00e1n k\u00e9sz\u00fclt, optim\u00e1lis t\u00e1pl\u00e1lkoz\u00e1s\u00e1t \u00e9s gy\u00f6k\u00e9rfejl\u0151d\u00e9s\u00e9t. A t\u0151zeget a n\u00f6v\u00e9nyek, FK m\u0171tr\u00e1gy\u00e1k, nyomelemek hozz\u00e1ad\u00e1s\u00e1val, gy\u00fcm\u00f6lcsf\u00e1k, d\u00edszn\u00f6v\u00e9nnyel, mulcsoz\u00e1s talajjav\u00edt\u00e1sra haszn\u00e1lj\u00e1k. Szennyez\u0151d\u00e9st\u0151l, valamint a csomagol\u00e1s h\u0151- \u00e9s mechanikai s\u00e9r\u00fcl\u00e9s\u00e9 v\u00e9dve t\u00e1roland\u00f3, 4 \u00b0C-ot meg nem halad\u00f3 h\u0151m\u00e9rs\u00e9kleten t\u00e1roland\u00f3. Az elad\u00e1si tulajdons\u00e1gok nem v\u00e1ltoznak fagy\u00e1sn\u00e1l\u00a0\u00e9s kiolvad\u00e1s <\/span><\/p>\n<div id=\":8q\" class=\"ii gt\"><\/div>\n<p>&nbsp;<\/p>\n","protected":false},"featured_media":23165,"comment_status":"closed","ping_status":"closed","template":"","meta":[],"product_brand":[],"product_cat":[371],"product_tag":[],"class_list":{"0":"post-23164","1":"product","2":"type-product","3":"status-publish","4":"has-post-thumbnail","6":"product_cat-seklos-lt-tozegek","7":"product_shipping_class-kizarolag-szemelyes-atvetel","9":"first","10":"instock","11":"taxable","12":"shipping-taxable","13":"purchasable","14":"product-type-simple"},"_links":{"self":[{"href":"https:\/\/chilimag.hu\/webshop\/wp-json\/wp\/v2\/product\/23164","targetHints":{"allow":["GET"]}}],"collection":[{"href":"https:\/\/chilimag.hu\/webshop\/wp-json\/wp\/v2\/product"}],"about":[{"href":"https:\/\/chilimag.hu\/webshop\/wp-json\/wp\/v2\/types\/product"}],"replies":[{"embeddable":true,"href":"https:\/\/chilimag.hu\/webshop\/wp-json\/wp\/v2\/comments?post=23164"}],"wp:featuredmedia":[{"embeddable":true,"href":"https:\/\/chilimag.hu\/webshop\/wp-json\/wp\/v2\/media\/23165"}],"wp:attachment":[{"href":"https:\/\/chilimag.hu\/webshop\/wp-json\/wp\/v2\/media?parent=23164"}],"wp:term":[{"taxonomy":"product_brand","embeddable":true,"href":"https:\/\/chilimag.hu\/webshop\/wp-json\/wp\/v2\/product_brand?post=23164"},{"taxonomy":"product_cat","embeddable":true,"href":"https:\/\/chilimag.hu\/webshop\/wp-json\/wp\/v2\/product_cat?post=23164"},{"taxonomy":"product_tag","embeddable":true,"href":"https:\/\/chilimag.hu\/webshop\/wp-json\/wp\/v2\/product_tag?post=23164"}],"curies":[{"name":"wp","href":"https:\/\/api.w.org\/{rel}","templated":true}]}}