{"id":23132,"date":"2023-03-25T16:45:58","date_gmt":"2023-03-25T16:45:58","guid":{"rendered":"https:\/\/chilimag.hu\/webshop\/?post_type=product&#038;p=23132"},"modified":"2026-03-16T16:16:01","modified_gmt":"2026-03-16T16:16:01","slug":"jegvirag-mountain-snow-z-s-sl","status":"publish","type":"product","link":"https:\/\/chilimag.hu\/webshop\/termek\/jegvirag-mountain-snow-z-s-sl\/","title":{"rendered":"J\u00e9gvir\u00e1g mountain snow Z.S SL"},"content":{"rendered":"","protected":false},"excerpt":{"rendered":"<p><img decoding=\"async\" class=\"active-logo\" src=\"https:\/\/b2b.seklos.lt\/themes\/warehouse\/img\/logo_en.png\" alt=\"Agrofirma S\u0117klos, UAB\" width=\"280\" height=\"95\" \/><\/p>\n<p>Egyny\u00e1ri, gyorsan n\u00f6v\u0151 \u00e9s k\u00f6nnyen termeszthet\u0151 vir\u00e1gok d\u00edsz\u00edt\u0151 k\u00e9tt\u00f3nus\u00fa levelekkel \u00e9s vir\u00e1gokkal. Ezt a vir\u00e1got h\u00e1tt\u00e9rn\u00f6v\u00e9nyk\u00e9nt termesztik sziklakertekben, vir\u00e1goskertekben. T\u00f6k\u00e9letesen kieg\u00e9sz\u00edti az \u00e9l\u00e9nk sz\u00edn\u0171 vir\u00e1gokat. V\u00e1gva 2 h\u00e9tig el\u00e1ll v\u00e1z\u00e1ban. A legjobban term\u00e9keny, j\u00f3l m\u0171velt, nedves talajban fejl\u0151dik. A l\u00e9 m\u00e9rgez\u0151.<br \/>\nKiszerel\u00e9s egy csomagban 2 g<br \/>\nVir\u00e1gz\u00e1si id\u0151, magass\u00e1g VI-VIII, 50 cm<br \/>\nGy\u00e1rt\u00f3 \u017dalia stotel\u0117<\/p>\n","protected":false},"featured_media":23133,"comment_status":"closed","ping_status":"closed","template":"","meta":[],"product_brand":[],"product_cat":[363],"product_tag":[],"class_list":{"0":"post-23132","1":"product","2":"type-product","3":"status-publish","4":"has-post-thumbnail","6":"product_cat-virag-vetomagok-zalia-stotele","8":"first","9":"instock","10":"taxable","11":"shipping-taxable","12":"purchasable","13":"product-type-simple"},"_links":{"self":[{"href":"https:\/\/chilimag.hu\/webshop\/wp-json\/wp\/v2\/product\/23132","targetHints":{"allow":["GET"]}}],"collection":[{"href":"https:\/\/chilimag.hu\/webshop\/wp-json\/wp\/v2\/product"}],"about":[{"href":"https:\/\/chilimag.hu\/webshop\/wp-json\/wp\/v2\/types\/product"}],"replies":[{"embeddable":true,"href":"https:\/\/chilimag.hu\/webshop\/wp-json\/wp\/v2\/comments?post=23132"}],"wp:featuredmedia":[{"embeddable":true,"href":"https:\/\/chilimag.hu\/webshop\/wp-json\/wp\/v2\/media\/23133"}],"wp:attachment":[{"href":"https:\/\/chilimag.hu\/webshop\/wp-json\/wp\/v2\/media?parent=23132"}],"wp:term":[{"taxonomy":"product_brand","embeddable":true,"href":"https:\/\/chilimag.hu\/webshop\/wp-json\/wp\/v2\/product_brand?post=23132"},{"taxonomy":"product_cat","embeddable":true,"href":"https:\/\/chilimag.hu\/webshop\/wp-json\/wp\/v2\/product_cat?post=23132"},{"taxonomy":"product_tag","embeddable":true,"href":"https:\/\/chilimag.hu\/webshop\/wp-json\/wp\/v2\/product_tag?post=23132"}],"curies":[{"name":"wp","href":"https:\/\/api.w.org\/{rel}","templated":true}]}}