{"id":23065,"date":"2023-03-25T06:23:51","date_gmt":"2023-03-25T06:23:51","guid":{"rendered":"https:\/\/chilimag.hu\/webshop\/?post_type=product&#038;p=23065"},"modified":"2026-02-16T17:40:51","modified_gmt":"2026-02-16T17:40:51","slug":"paprikavirag-rocket-z-s-sl","status":"publish","type":"product","link":"https:\/\/chilimag.hu\/webshop\/termek\/paprikavirag-rocket-z-s-sl\/","title":{"rendered":"Paprikavir\u00e1g Rocket Z.S SL"},"content":{"rendered":"","protected":false},"excerpt":{"rendered":"<p><img decoding=\"async\" class=\"active-logo\" src=\"https:\/\/b2b.seklos.lt\/themes\/warehouse\/img\/logo_en.png\" alt=\"Agrofirma S\u0117klos, UAB\" width=\"280\" height=\"95\" \/><\/p>\n<p>Egyny\u00e1ri n\u00f6v\u00e9nyk\u00e9nt termesztik, 25-30 cm magasra n\u0151nek. Levelei f\u00e9nyesek, s\u00f6t\u00e9tz\u00f6ldek, vir\u00e1gzatuk \u2013 \u00e9l\u00e9nkpiros f\u00fcrt\u00f6k. Fagy ut\u00e1n szabadba \u00fcltetj\u00fck. A zs\u00e1lya szereti a napos, sz\u00e9lt\u0151l v\u00e9dett helyeket, a k\u00f6nny\u0171, nem t\u00falzottan tr\u00e1gy\u00e1zott, vizes \u00e9s nem savas talajokat. Alkalmas k\u00fcl\u00f6nf\u00e9le egyny\u00e1ri vir\u00e1g\u00fcltetv\u00e9nyekre, \u00e1gy\u00e1sokra, nagy ter\u00fcletekre, szeg\u00e9lyekre, erk\u00e9lyekre.<br \/>\nMennyis\u00e9g egy csomagban 0,4 g<br \/>\nVet\u00e9sid\u0151, m\u00e9lys\u00e9g II-III<br \/>\nTranszplant\u00e1ci\u00f3 VI<br \/>\n\u00dcltet\u00e9si t\u00e1vols\u00e1gok 20 x 30 cm<br \/>\nVir\u00e1gz\u00e1si id\u0151, magass\u00e1g VI\u2013IX, 25-30 cm<br \/>\nNapos hely Igen<br \/>\nA legkelend\u0151bbek k\u00f6z\u00f6tt Igen<br \/>\nPiros sz\u00edn<br \/>\nGy\u00e1rt\u00f3 \u017dalia stotel\u0117<br \/>\nVeget\u00e1ci\u00f3 Egyny\u00e1ri<br \/>\nVir\u00e1goskertekben termeszthet\u0151<br \/>\nNapos \u00e9ghajlat<\/p>\n","protected":false},"featured_media":32781,"comment_status":"closed","ping_status":"closed","template":"","meta":[],"product_brand":[],"product_cat":[363],"product_tag":[],"class_list":{"0":"post-23065","1":"product","2":"type-product","3":"status-publish","4":"has-post-thumbnail","6":"product_cat-virag-vetomagok-zalia-stotele","8":"first","9":"instock","10":"taxable","11":"shipping-taxable","12":"purchasable","13":"product-type-simple"},"_links":{"self":[{"href":"https:\/\/chilimag.hu\/webshop\/wp-json\/wp\/v2\/product\/23065","targetHints":{"allow":["GET"]}}],"collection":[{"href":"https:\/\/chilimag.hu\/webshop\/wp-json\/wp\/v2\/product"}],"about":[{"href":"https:\/\/chilimag.hu\/webshop\/wp-json\/wp\/v2\/types\/product"}],"replies":[{"embeddable":true,"href":"https:\/\/chilimag.hu\/webshop\/wp-json\/wp\/v2\/comments?post=23065"}],"wp:featuredmedia":[{"embeddable":true,"href":"https:\/\/chilimag.hu\/webshop\/wp-json\/wp\/v2\/media\/32781"}],"wp:attachment":[{"href":"https:\/\/chilimag.hu\/webshop\/wp-json\/wp\/v2\/media?parent=23065"}],"wp:term":[{"taxonomy":"product_brand","embeddable":true,"href":"https:\/\/chilimag.hu\/webshop\/wp-json\/wp\/v2\/product_brand?post=23065"},{"taxonomy":"product_cat","embeddable":true,"href":"https:\/\/chilimag.hu\/webshop\/wp-json\/wp\/v2\/product_cat?post=23065"},{"taxonomy":"product_tag","embeddable":true,"href":"https:\/\/chilimag.hu\/webshop\/wp-json\/wp\/v2\/product_tag?post=23065"}],"curies":[{"name":"wp","href":"https:\/\/api.w.org\/{rel}","templated":true}]}}