{"id":23033,"date":"2023-03-24T19:59:46","date_gmt":"2023-03-24T19:59:46","guid":{"rendered":"https:\/\/chilimag.hu\/webshop\/?post_type=product&#038;p=23033"},"modified":"2026-03-08T18:50:25","modified_gmt":"2026-03-08T18:50:25","slug":"disznapraforgo-moonshine-z-s-sl","status":"publish","type":"product","link":"https:\/\/chilimag.hu\/webshop\/termek\/disznapraforgo-moonshine-z-s-sl\/","title":{"rendered":"D\u00edsznapraforg\u00f3 Moonshine Z.S SL"},"content":{"rendered":"","protected":false},"excerpt":{"rendered":"<p><img decoding=\"async\" class=\"active-logo\" src=\"https:\/\/b2b.seklos.lt\/themes\/warehouse\/img\/logo_en.png\" alt=\"Agrofirma S\u0117klos, UAB\" width=\"280\" height=\"95\" \/><\/p>\n<p>Egyny\u00e1ri 160 cm magas vir\u00e1gok. A magas napraforg\u00f3t a ker\u00edt\u00e9s k\u00f6zel\u00e9ben, vagy m\u00e9g t\u00e1volabb vir\u00e1g\u00e1gy\u00e1sokban termesztik: elszigetelten vagy csoportosan, sokf\u00e9le nagy \u00e9s magas f\u0171vel, verb\u00e1val \u00e9s kozmosszal kombin\u00e1lva. J\u00f3l n\u0151 a napos, meleg, sz\u00e9lt\u0151l v\u00e9dett ter\u00fcleteken, term\u00e9keny talajban. Ezenk\u00edv\u00fcl oldott \u00e1sv\u00e1nyi m\u0171tr\u00e1gy\u00e1val tr\u00e1gy\u00e1zz\u00e1k. \u00dcltet\u0151knek, vir\u00e1goskerteknek, csokroknak.<\/p>\n<p>Vet\u00e9sid\u0151 a talajban IV-VI<br \/>\nA pal\u00e1nt\u00e1k vet\u00e9si ideje IV-V<br \/>\nGy\u00e1rt\u00f3 \u017dalia stotel\u0117<br \/>\nVet\u00e9si m\u00e9lys\u00e9g 2 cm<br \/>\nVir\u00e1gz\u00e1si id\u0151szak VII-IX<br \/>\nT\u00e1vols\u00e1gok, cm 30&#215;30 cm<\/p>\n","protected":false},"featured_media":23034,"comment_status":"closed","ping_status":"closed","template":"","meta":[],"product_brand":[],"product_cat":[363],"product_tag":[],"class_list":{"0":"post-23033","1":"product","2":"type-product","3":"status-publish","4":"has-post-thumbnail","6":"product_cat-virag-vetomagok-zalia-stotele","8":"first","9":"instock","10":"taxable","11":"shipping-taxable","12":"purchasable","13":"product-type-simple"},"_links":{"self":[{"href":"https:\/\/chilimag.hu\/webshop\/wp-json\/wp\/v2\/product\/23033","targetHints":{"allow":["GET"]}}],"collection":[{"href":"https:\/\/chilimag.hu\/webshop\/wp-json\/wp\/v2\/product"}],"about":[{"href":"https:\/\/chilimag.hu\/webshop\/wp-json\/wp\/v2\/types\/product"}],"replies":[{"embeddable":true,"href":"https:\/\/chilimag.hu\/webshop\/wp-json\/wp\/v2\/comments?post=23033"}],"wp:featuredmedia":[{"embeddable":true,"href":"https:\/\/chilimag.hu\/webshop\/wp-json\/wp\/v2\/media\/23034"}],"wp:attachment":[{"href":"https:\/\/chilimag.hu\/webshop\/wp-json\/wp\/v2\/media?parent=23033"}],"wp:term":[{"taxonomy":"product_brand","embeddable":true,"href":"https:\/\/chilimag.hu\/webshop\/wp-json\/wp\/v2\/product_brand?post=23033"},{"taxonomy":"product_cat","embeddable":true,"href":"https:\/\/chilimag.hu\/webshop\/wp-json\/wp\/v2\/product_cat?post=23033"},{"taxonomy":"product_tag","embeddable":true,"href":"https:\/\/chilimag.hu\/webshop\/wp-json\/wp\/v2\/product_tag?post=23033"}],"curies":[{"name":"wp","href":"https:\/\/api.w.org\/{rel}","templated":true}]}}