{"id":23031,"date":"2023-03-24T19:55:34","date_gmt":"2023-03-24T19:55:34","guid":{"rendered":"https:\/\/chilimag.hu\/webshop\/?post_type=product&#038;p=23031"},"modified":"2026-03-08T18:50:25","modified_gmt":"2026-03-08T18:50:25","slug":"gyuszuvirag-foxy-z-s-sl","status":"publish","type":"product","link":"https:\/\/chilimag.hu\/webshop\/termek\/gyuszuvirag-foxy-z-s-sl\/","title":{"rendered":"Gy\u0171sz\u0171vir\u00e1g Foxy Z.S SL"},"content":{"rendered":"","protected":false},"excerpt":{"rendered":"<p><img decoding=\"async\" class=\"active-logo\" src=\"https:\/\/b2b.seklos.lt\/themes\/warehouse\/img\/logo_en.png\" alt=\"Agrofirma S\u0117klos, UAB\" width=\"280\" height=\"95\" \/><\/p>\n<p>\u00c9vel\u0151 vir\u00e1gok, amelyek l\u00e1tv\u00e1nyos vir\u00e1gzatot hoznak. A vir\u00e1gzat cs\u00e9sze alak\u00fa, hosszan ny\u00edl\u00f3 vir\u00e1gokb\u00f3l \u00e1ll. A v\u00e1gott vir\u00e1gzat sok\u00e1ig szil\u00e1rdan marad. H\u00e1tt\u00e9rn\u00f6v\u00e9nyk\u00e9nt \u00fcltetik egy vir\u00e1goskert t\u00e1voli hely\u00e9re, ker\u00edt\u00e9sek vagy \u00e9p\u00fcletek k\u00f6zel\u00e9be. K\u00fcl\u00f6n\u00f6sen n\u00e9pszer\u0171 a vid\u00e9ki tany\u00e1kon. Napos helyen termesztett f\u00e9l\u00e1rny\u00e9k is megfelel\u0151. J\u00f3l n\u00f6vekszik term\u00e9keny talajban, sz\u00e9lt\u0151l v\u00e9dett helyen. K\u00e9t\u00e9ves n\u00f6v\u00e9nyk\u00e9nt termesztik. A n\u00f6v\u00e9nyeket nem szabad enni, mert m\u00e9rgez\u0151ek.<\/p>\n<p>Mennyis\u00e9g egy csomagban 0,2g<br \/>\nMagok sz\u00e1ma grammonk\u00e9nt K\u00f6r\u00fclbel\u00fcl 10000 mag<br \/>\n\u00dcltet\u00e9si t\u00e1vols\u00e1gok 30 x 40 cm<br \/>\nVir\u00e1gz\u00e1si id\u0151, magass\u00e1g VI-VII, 200 cm<br \/>\nNapos hely Igen<br \/>\nF\u00e9l\u00e1rny\u00e9k Igen<br \/>\nSz\u00edn Sz\u00ednek kever\u00e9ke<br \/>\nVet\u00e9sid\u0151 a talajban VI-VIII<br \/>\nGy\u00e1rt\u00f3 \u017dalia stotel\u0117<br \/>\nVeget\u00e1ci\u00f3s Bienn\u00e1l\u00e9k<br \/>\nVir\u00e1goskertekben, Alpinariumokban termeszthet\u0151<br \/>\n\u00c9ghajlat Napos, R\u00e9szleges \u00e1rny\u00e9k<\/p>\n","protected":false},"featured_media":23032,"comment_status":"closed","ping_status":"closed","template":"","meta":[],"product_brand":[],"product_cat":[363],"product_tag":[],"class_list":{"0":"post-23031","1":"product","2":"type-product","3":"status-publish","4":"has-post-thumbnail","6":"product_cat-virag-vetomagok-zalia-stotele","8":"first","9":"instock","10":"taxable","11":"shipping-taxable","12":"purchasable","13":"product-type-simple"},"_links":{"self":[{"href":"https:\/\/chilimag.hu\/webshop\/wp-json\/wp\/v2\/product\/23031","targetHints":{"allow":["GET"]}}],"collection":[{"href":"https:\/\/chilimag.hu\/webshop\/wp-json\/wp\/v2\/product"}],"about":[{"href":"https:\/\/chilimag.hu\/webshop\/wp-json\/wp\/v2\/types\/product"}],"replies":[{"embeddable":true,"href":"https:\/\/chilimag.hu\/webshop\/wp-json\/wp\/v2\/comments?post=23031"}],"wp:featuredmedia":[{"embeddable":true,"href":"https:\/\/chilimag.hu\/webshop\/wp-json\/wp\/v2\/media\/23032"}],"wp:attachment":[{"href":"https:\/\/chilimag.hu\/webshop\/wp-json\/wp\/v2\/media?parent=23031"}],"wp:term":[{"taxonomy":"product_brand","embeddable":true,"href":"https:\/\/chilimag.hu\/webshop\/wp-json\/wp\/v2\/product_brand?post=23031"},{"taxonomy":"product_cat","embeddable":true,"href":"https:\/\/chilimag.hu\/webshop\/wp-json\/wp\/v2\/product_cat?post=23031"},{"taxonomy":"product_tag","embeddable":true,"href":"https:\/\/chilimag.hu\/webshop\/wp-json\/wp\/v2\/product_tag?post=23031"}],"curies":[{"name":"wp","href":"https:\/\/api.w.org\/{rel}","templated":true}]}}