{"id":22979,"date":"2023-03-24T07:45:04","date_gmt":"2023-03-24T07:45:04","guid":{"rendered":"https:\/\/chilimag.hu\/webshop\/?post_type=product&#038;p=22979"},"modified":"2025-08-31T10:14:45","modified_gmt":"2025-08-31T10:14:45","slug":"arvacska-matrix-h-morpheus-z-s-sl","status":"publish","type":"product","link":"https:\/\/chilimag.hu\/webshop\/termek\/arvacska-matrix-h-morpheus-z-s-sl\/","title":{"rendered":"\u00c1rv\u00e1cska Matrix Hibrid Morpheus Z.S SL"},"content":{"rendered":"","protected":false},"excerpt":{"rendered":"<p><img decoding=\"async\" class=\"active-logo\" src=\"https:\/\/b2b.seklos.lt\/themes\/warehouse\/img\/logo_en.png\" alt=\"Agrofirma S\u0117klos, UAB\" width=\"280\" height=\"95\" \/><\/p>\n<p>K\u00e9t\u00e9ves vir\u00e1gok. Ennek a fajt\u00e1nak a vir\u00e1gai nagyon nagyok, f\u00e9nyesek, a n\u00f6v\u00e9nyek 10-15 cm magasak. Cser\u00e9pben termesztik, erk\u00e9lyes \u00fcltetv\u00e9nyesek, temet\u0151kbe j\u00f3, vir\u00e1gokat v\u00e1g\u00e1sra haszn\u00e1lnak. A legjobban d\u00fas homokos v\u00e1lyogban n\u0151, legjobb, ha k\u00e1liummal \u00e9s foszforral tr\u00e1gy\u00e1zz\u00e1k. A magok 14-18 nap alatt cs\u00edr\u00e1znak, +16 \u00b0C h\u0151m\u00e9rs\u00e9kleten. J\u00faliusban vetik, ugyanabban az \u00e9vben szeptemberben kezdenek vir\u00e1gozni, \u00e9s a fagyokig tartanak.<br \/>\n\u00dcltet\u00e9si t\u00e1vols\u00e1gok 20 x 20 cm<br \/>\nVir\u00e1gz\u00e1si id\u0151, magass\u00e1g IV\u2013VI,10-15 cm<br \/>\nF\u00e9l\u00e1rny\u00e9k Igen<br \/>\nBienn\u00e1l\u00e9 Igen<br \/>\nProfesszion\u00e1lis haszn\u00e1latra alkalmas Igen<br \/>\nSz\u00edn S\u00e1rga<br \/>\nGy\u00e1rt\u00f3 \u017dalia stotel\u0117<br \/>\nVeget\u00e1ci\u00f3s Bienn\u00e1l\u00e9k<br \/>\nAlkalmas cser\u00e9pben, b\u00f6lcs\u0151ben, vir\u00e1goskertben t\u00f6rt\u00e9n\u0151 termeszt\u00e9sre<br \/>\n\u00c9ghajlat R\u00e9szleges \u00e1rny\u00e9k<br \/>\nMagok sz\u00e1ma a csomagban, db. 20<\/p>\n","protected":false},"featured_media":22980,"comment_status":"closed","ping_status":"closed","template":"","meta":[],"product_brand":[],"product_cat":[363],"product_tag":[],"class_list":{"0":"post-22979","1":"product","2":"type-product","3":"status-publish","4":"has-post-thumbnail","6":"product_cat-virag-vetomagok-zalia-stotele","8":"first","9":"instock","10":"taxable","11":"shipping-taxable","12":"purchasable","13":"product-type-simple"},"_links":{"self":[{"href":"https:\/\/chilimag.hu\/webshop\/wp-json\/wp\/v2\/product\/22979","targetHints":{"allow":["GET"]}}],"collection":[{"href":"https:\/\/chilimag.hu\/webshop\/wp-json\/wp\/v2\/product"}],"about":[{"href":"https:\/\/chilimag.hu\/webshop\/wp-json\/wp\/v2\/types\/product"}],"replies":[{"embeddable":true,"href":"https:\/\/chilimag.hu\/webshop\/wp-json\/wp\/v2\/comments?post=22979"}],"wp:featuredmedia":[{"embeddable":true,"href":"https:\/\/chilimag.hu\/webshop\/wp-json\/wp\/v2\/media\/22980"}],"wp:attachment":[{"href":"https:\/\/chilimag.hu\/webshop\/wp-json\/wp\/v2\/media?parent=22979"}],"wp:term":[{"taxonomy":"product_brand","embeddable":true,"href":"https:\/\/chilimag.hu\/webshop\/wp-json\/wp\/v2\/product_brand?post=22979"},{"taxonomy":"product_cat","embeddable":true,"href":"https:\/\/chilimag.hu\/webshop\/wp-json\/wp\/v2\/product_cat?post=22979"},{"taxonomy":"product_tag","embeddable":true,"href":"https:\/\/chilimag.hu\/webshop\/wp-json\/wp\/v2\/product_tag?post=22979"}],"curies":[{"name":"wp","href":"https:\/\/api.w.org\/{rel}","templated":true}]}}