{"id":22948,"date":"2023-03-24T06:30:12","date_gmt":"2023-03-24T06:30:12","guid":{"rendered":"https:\/\/chilimag.hu\/webshop\/?post_type=product&#038;p=22948"},"modified":"2026-03-21T09:13:32","modified_gmt":"2026-03-21T09:13:32","slug":"bakopa-hopehelyvirag-z-s-sl","status":"publish","type":"product","link":"https:\/\/chilimag.hu\/webshop\/termek\/bakopa-hopehelyvirag-z-s-sl\/","title":{"rendered":"Bakopa Snowtopia White (H\u00f3pehelyvir\u00e1g) Z.S SL"},"content":{"rendered":"","protected":false},"excerpt":{"rendered":"<p><img decoding=\"async\" class=\"active-logo\" src=\"https:\/\/b2b.seklos.lt\/themes\/warehouse\/img\/logo_en.png\" alt=\"Agrofirma S\u0117klos, UAB\" width=\"280\" height=\"95\" \/><\/p>\n<p>\u00c9vel\u0151, egyny\u00e1ri n\u00f6v\u00e9nyk\u00e9nt termesztve. K\u00fasz\u00f3 vir\u00e1gok t\u00e1lc\u00e1khoz \u00e9s f\u00fcgg\u0151 kosarakhoz, d\u00fas lombozat \u00e9s feh\u00e9r vir\u00e1gok, j\u00f3l mutatnak az \u00f6sszes balkonvir\u00e1ggal kombin\u00e1lva. A vir\u00e1gok \u00e1tm\u00e9r\u0151je 1 cm, 40-80 cm-ig terjed. A legjobban enyh\u00e9n savas talajban fejl\u0151dik. Nem t\u0171ri a sz\u00e1razs\u00e1got, naponta t\u00f6bbsz\u00f6r kell b\u0151s\u00e9gesen \u00f6nt\u00f6zni. Vir\u00e1gzik eg\u00e9sz ny\u00e1ron. Sz\u0151nyegn\u00f6v\u00e9nyk\u00e9nt termeszthet\u0151, egy n\u00f6v\u00e9ny legfeljebb 1 m\u00b2 ter\u00fcletet fed le.<br \/>\nM \u00e1rcsoport<br \/>\nTranszplant\u00e1ci\u00f3 VI<br \/>\n\u00dcltet\u00e9si t\u00e1vols\u00e1gok 40 x 40 cm<br \/>\nVir\u00e1gz\u00e1si id\u0151, magass\u00e1g VII-IX, 40-80 cm<br \/>\nFeh\u00e9r sz\u00edn<br \/>\nGy\u00e1rt\u00f3 \u017dalia stotel\u0117<br \/>\nVeget\u00e1ci\u00f3 Egyny\u00e1ri<br \/>\nAlkalmas cser\u00e9pben, b\u00f6lcs\u0151ben, vir\u00e1goskertben t\u00f6rt\u00e9n\u0151 termeszt\u00e9sre<br \/>\n\u00c9ghajlat R\u00e9szleges \u00e1rny\u00e9k, napos<br \/>\nMagok sz\u00e1ma a csomagban, db. 6<\/p>\n","protected":false},"featured_media":22949,"comment_status":"closed","ping_status":"closed","template":"","meta":[],"product_brand":[],"product_cat":[363],"product_tag":[],"class_list":{"0":"post-22948","1":"product","2":"type-product","3":"status-publish","4":"has-post-thumbnail","6":"product_cat-virag-vetomagok-zalia-stotele","8":"first","9":"instock","10":"taxable","11":"shipping-taxable","12":"purchasable","13":"product-type-simple"},"_links":{"self":[{"href":"https:\/\/chilimag.hu\/webshop\/wp-json\/wp\/v2\/product\/22948","targetHints":{"allow":["GET"]}}],"collection":[{"href":"https:\/\/chilimag.hu\/webshop\/wp-json\/wp\/v2\/product"}],"about":[{"href":"https:\/\/chilimag.hu\/webshop\/wp-json\/wp\/v2\/types\/product"}],"replies":[{"embeddable":true,"href":"https:\/\/chilimag.hu\/webshop\/wp-json\/wp\/v2\/comments?post=22948"}],"wp:featuredmedia":[{"embeddable":true,"href":"https:\/\/chilimag.hu\/webshop\/wp-json\/wp\/v2\/media\/22949"}],"wp:attachment":[{"href":"https:\/\/chilimag.hu\/webshop\/wp-json\/wp\/v2\/media?parent=22948"}],"wp:term":[{"taxonomy":"product_brand","embeddable":true,"href":"https:\/\/chilimag.hu\/webshop\/wp-json\/wp\/v2\/product_brand?post=22948"},{"taxonomy":"product_cat","embeddable":true,"href":"https:\/\/chilimag.hu\/webshop\/wp-json\/wp\/v2\/product_cat?post=22948"},{"taxonomy":"product_tag","embeddable":true,"href":"https:\/\/chilimag.hu\/webshop\/wp-json\/wp\/v2\/product_tag?post=22948"}],"curies":[{"name":"wp","href":"https:\/\/api.w.org\/{rel}","templated":true}]}}