{"id":22803,"date":"2023-03-22T18:39:04","date_gmt":"2023-03-22T18:39:04","guid":{"rendered":"https:\/\/chilimag.hu\/webshop\/?post_type=product&#038;p=22803"},"modified":"2025-08-31T18:23:33","modified_gmt":"2025-08-31T18:23:33","slug":"rezgofu-z-s-sl","status":"publish","type":"product","link":"https:\/\/chilimag.hu\/webshop\/termek\/rezgofu-z-s-sl\/","title":{"rendered":"Rezg\u0151f\u0171 Quaking Grass Z.S SL"},"content":{"rendered":"","protected":false},"excerpt":{"rendered":"<p><img decoding=\"async\" class=\"active-logo\" src=\"https:\/\/b2b.seklos.lt\/themes\/warehouse\/img\/logo_en.png\" alt=\"Agrofirma S\u0117klos, UAB\" width=\"280\" height=\"95\" \/><\/p>\n<p>Egyny\u00e1ri, 30 cm magas pap\u00edrszer\u0171 text\u00far\u00e1j\u00fa vir\u00e1gok a p\u00e1zsitf\u0171f\u00e9l\u00e9k csal\u00e1dj\u00e1b\u00f3l. Napos, laza, term\u00e9keny talajban j\u00f3l fejl\u0151dik. V\u00e1gja le, amikor a vir\u00e1gzat m\u00e1r teljesen kialakult, de a magok m\u00e9g nem \u00e9rettek. \u00c1gy\u00e1sba \u00fcltet\u00e9sre termesztik, vir\u00e1gz\u00f3 r\u00e9teken vetik, gyakran haszn\u00e1lj\u00e1k naturalista vir\u00e1goskertekben, sz\u00e1raz csokrok k\u00e9sz\u00edt\u00e9s\u00e9re alkalmas. A sz\u00e1r\u00edtott vir\u00e1gzat sok\u00e1ig dekorat\u00edv marad. Csoportosan \u00fcltetve vir\u00e1goskertbe. \u00d6nmagot vet\u0151 n\u00f6v\u00e9ny, a magokat sz\u00e9l sz\u00f3rja.<br \/>\nMennyis\u00e9g egy csomagban 0,5 g<br \/>\nTranszplant\u00e1ci\u00f3 V-VI<br \/>\nVir\u00e1gz\u00e1si id\u0151, magass\u00e1g VII\u2013IX, 30 cm<br \/>\nNapos hely Igen<br \/>\n\u00c9vel\u0151 Igen<br \/>\nSz\u00edn Z\u00f6ld<br \/>\nGy\u00e1rt\u00f3 \u017dalia stotel\u0117<br \/>\nVeget\u00e1ci\u00f3 Egyny\u00e1ri<br \/>\nVir\u00e1goskertekben termeszthet\u0151<br \/>\n\u00c9ghajlat Napos, R\u00e9szleges \u00e1rny\u00e9k<\/p>\n","protected":false},"featured_media":22804,"comment_status":"closed","ping_status":"closed","template":"","meta":[],"product_brand":[],"product_cat":[363],"product_tag":[],"class_list":{"0":"post-22803","1":"product","2":"type-product","3":"status-publish","4":"has-post-thumbnail","6":"product_cat-virag-vetomagok-zalia-stotele","8":"first","9":"instock","10":"taxable","11":"shipping-taxable","12":"purchasable","13":"product-type-simple"},"_links":{"self":[{"href":"https:\/\/chilimag.hu\/webshop\/wp-json\/wp\/v2\/product\/22803","targetHints":{"allow":["GET"]}}],"collection":[{"href":"https:\/\/chilimag.hu\/webshop\/wp-json\/wp\/v2\/product"}],"about":[{"href":"https:\/\/chilimag.hu\/webshop\/wp-json\/wp\/v2\/types\/product"}],"replies":[{"embeddable":true,"href":"https:\/\/chilimag.hu\/webshop\/wp-json\/wp\/v2\/comments?post=22803"}],"wp:featuredmedia":[{"embeddable":true,"href":"https:\/\/chilimag.hu\/webshop\/wp-json\/wp\/v2\/media\/22804"}],"wp:attachment":[{"href":"https:\/\/chilimag.hu\/webshop\/wp-json\/wp\/v2\/media?parent=22803"}],"wp:term":[{"taxonomy":"product_brand","embeddable":true,"href":"https:\/\/chilimag.hu\/webshop\/wp-json\/wp\/v2\/product_brand?post=22803"},{"taxonomy":"product_cat","embeddable":true,"href":"https:\/\/chilimag.hu\/webshop\/wp-json\/wp\/v2\/product_cat?post=22803"},{"taxonomy":"product_tag","embeddable":true,"href":"https:\/\/chilimag.hu\/webshop\/wp-json\/wp\/v2\/product_tag?post=22803"}],"curies":[{"name":"wp","href":"https:\/\/api.w.org\/{rel}","templated":true}]}}