{"id":22576,"date":"2023-03-14T18:30:24","date_gmt":"2023-03-14T18:30:24","guid":{"rendered":"https:\/\/chilimag.hu\/webshop\/?post_type=product&#038;p=22576"},"modified":"2026-01-18T17:35:15","modified_gmt":"2026-01-18T17:35:15","slug":"paradicsom-rozov-gigant-florian-bg","status":"publish","type":"product","link":"https:\/\/chilimag.hu\/webshop\/termek\/paradicsom-rozov-gigant-florian-bg\/","title":{"rendered":"Paradicsom Rozov Gradinski Profi  Florian Bg"},"content":{"rendered":"","protected":false},"excerpt":{"rendered":"<p><img decoding=\"async\" class=\"img-inline\" src=\"https:\/\/brcci.eu\/cache\/thumbnails\/12ecd0e6e419f1b9b1484ef02ad361979dd8e054\/1a6c5e1406ad462ca86d17b2800862d7f837862c-829875ad0a268b741b7edd818ffce098.png\" alt=\"FLORIAN OOD\" \/><\/p>\n<p>A bolg\u00e1r \u00f3ri\u00e1sr\u00f3zsasz\u00edn paradicsom fajt\u00e1ja minden bizonnyal leny\u0171g\u00f6zi majd term\u00e9sei m\u00e9ret\u00e9vel. Nagyon nagyok, 500-800 gramm t\u00f6meg\u0171ek, intenz\u00edv r\u00f3zsasz\u00edn sz\u00edn\u0171ek.<\/p>\n<p>De az \u00edze gy\u0151zni fog. A Rozov Gigant paradicsom h\u00fasos, l\u00e9d\u00fas, gazdag illat\u00fa \u00e9s egyedi \u00e9dess\u00e9ggel.<\/p>\n<p>Pontosan hihetetlen \u00edze az oka annak, hogy t\u00f6bbnyire frissen fogyasztj\u00e1k.<\/p>\n<p>A fajta kar\u00f3, szabadf\u00f6ldi termeszt\u00e9sre alkalmas. Alak\u00edtsunk er\u0151s n\u00f6v\u00e9nyeket.<\/p>\n<p>0,3 gram \/ csomag<\/p>\n","protected":false},"featured_media":23440,"comment_status":"closed","ping_status":"closed","template":"","meta":[],"product_brand":[],"product_cat":[381],"product_tag":[],"class_list":{"0":"post-22576","1":"product","2":"type-product","3":"status-publish","4":"has-post-thumbnail","6":"product_cat-paradicsom-vetomagok-bolgar-florian-vetomagok","8":"first","9":"instock","10":"taxable","11":"shipping-taxable","12":"purchasable","13":"product-type-simple"},"_links":{"self":[{"href":"https:\/\/chilimag.hu\/webshop\/wp-json\/wp\/v2\/product\/22576","targetHints":{"allow":["GET"]}}],"collection":[{"href":"https:\/\/chilimag.hu\/webshop\/wp-json\/wp\/v2\/product"}],"about":[{"href":"https:\/\/chilimag.hu\/webshop\/wp-json\/wp\/v2\/types\/product"}],"replies":[{"embeddable":true,"href":"https:\/\/chilimag.hu\/webshop\/wp-json\/wp\/v2\/comments?post=22576"}],"wp:featuredmedia":[{"embeddable":true,"href":"https:\/\/chilimag.hu\/webshop\/wp-json\/wp\/v2\/media\/23440"}],"wp:attachment":[{"href":"https:\/\/chilimag.hu\/webshop\/wp-json\/wp\/v2\/media?parent=22576"}],"wp:term":[{"taxonomy":"product_brand","embeddable":true,"href":"https:\/\/chilimag.hu\/webshop\/wp-json\/wp\/v2\/product_brand?post=22576"},{"taxonomy":"product_cat","embeddable":true,"href":"https:\/\/chilimag.hu\/webshop\/wp-json\/wp\/v2\/product_cat?post=22576"},{"taxonomy":"product_tag","embeddable":true,"href":"https:\/\/chilimag.hu\/webshop\/wp-json\/wp\/v2\/product_tag?post=22576"}],"curies":[{"name":"wp","href":"https:\/\/api.w.org\/{rel}","templated":true}]}}