{"id":22568,"date":"2023-03-14T18:09:00","date_gmt":"2023-03-14T18:09:00","guid":{"rendered":"https:\/\/chilimag.hu\/webshop\/?post_type=product&#038;p=22568"},"modified":"2025-10-26T17:00:23","modified_gmt":"2025-10-26T17:00:23","slug":"paradicsom-rozali-florian-profy-bg","status":"publish","type":"product","link":"https:\/\/chilimag.hu\/webshop\/termek\/paradicsom-rozali-florian-profy-bg\/","title":{"rendered":"Paradicsom Rozali Profi Florian  Bg"},"content":{"rendered":"","protected":false},"excerpt":{"rendered":"<p><img decoding=\"async\" class=\"img-inline\" src=\"https:\/\/brcci.eu\/cache\/thumbnails\/12ecd0e6e419f1b9b1484ef02ad361979dd8e054\/1a6c5e1406ad462ca86d17b2800862d7f837862c-829875ad0a268b741b7edd818ffce098.png\" alt=\"FLORIAN OOD\" \/><\/p>\n<p>A Rozali egy \u00faj, hat\u00e1rozatlan n\u00f6veked\u00e9s\u0171, nagy, \u00f3ri\u00e1s t\u00edpus\u00fa, magas, egyenes sz\u00e1r\u00fa, f\u00e9lkorai termeszt\u00e9sre alkalmas paradicsomfajta. A n\u00f6v\u00e9nyek k\u00f6zepesen er\u0151sen fejlettek, \u00e1tlagos sz\u00e1rvastags\u00e1g\u00faak. A paradicsom gy\u00fcm\u00f6lcsei vonz\u00f3 r\u00f3zsasz\u00edn sz\u00edn\u0171ek, lapos, kerek form\u00e1j\u00faak, enyhe bord\u00e1kkal, nagyon halv\u00e1nyan l\u00e1that\u00f3ak, a term\u00e9s \u00e1tlagos t\u00f6mege 300-500 gr, m\u00e9g nagyobb, t\u00f6bbkamr\u00e1s, k\u00f6zepes er\u0151ss\u00e9g\u0171, h\u00fasos, kiv\u00e1l\u00f3 \u00e9leszt\u0151 tulajdons\u00e1gai. A fajta v\u00e9dett helyen \u00e9s szabadban is termeszthet\u0151. N\u00f6veked\u00e9s a tart\u00f3szerkezeten. Friss fogyaszt\u00e1sra alkalmas.<\/p>\n<p>Vet\u00e9si id\u0151szak &#8211; \u00fcvegh\u00e1zakn\u00e1l &#8211; janu\u00e1r\/febru\u00e1r, sz\u00e1nt\u00f3f\u00f6ldekn\u00e9l &#8211; febru\u00e1r\/m\u00e1rcius<br \/>\n\u00dcltet\u00e9si id\u0151szak &#8211; m\u00e1rcius\/\u00e1prilis, szabadban &#8211; \u00e1prilis 15 &#8211; m\u00e1jus 15<br \/>\n\u00dcltet\u00e9si s\u00e9ma &#8211; egy sorban 80\/40 cm, k\u00e9t sorban 80\/55\/40 cm<\/p>\n<p>0,3 gram \/ csomag<\/p>\n","protected":false},"featured_media":23437,"comment_status":"closed","ping_status":"closed","template":"","meta":[],"product_brand":[],"product_cat":[381],"product_tag":[],"class_list":{"0":"post-22568","1":"product","2":"type-product","3":"status-publish","4":"has-post-thumbnail","6":"product_cat-paradicsom-vetomagok-bolgar-florian-vetomagok","8":"first","9":"instock","10":"taxable","11":"shipping-taxable","12":"purchasable","13":"product-type-simple"},"_links":{"self":[{"href":"https:\/\/chilimag.hu\/webshop\/wp-json\/wp\/v2\/product\/22568","targetHints":{"allow":["GET"]}}],"collection":[{"href":"https:\/\/chilimag.hu\/webshop\/wp-json\/wp\/v2\/product"}],"about":[{"href":"https:\/\/chilimag.hu\/webshop\/wp-json\/wp\/v2\/types\/product"}],"replies":[{"embeddable":true,"href":"https:\/\/chilimag.hu\/webshop\/wp-json\/wp\/v2\/comments?post=22568"}],"wp:featuredmedia":[{"embeddable":true,"href":"https:\/\/chilimag.hu\/webshop\/wp-json\/wp\/v2\/media\/23437"}],"wp:attachment":[{"href":"https:\/\/chilimag.hu\/webshop\/wp-json\/wp\/v2\/media?parent=22568"}],"wp:term":[{"taxonomy":"product_brand","embeddable":true,"href":"https:\/\/chilimag.hu\/webshop\/wp-json\/wp\/v2\/product_brand?post=22568"},{"taxonomy":"product_cat","embeddable":true,"href":"https:\/\/chilimag.hu\/webshop\/wp-json\/wp\/v2\/product_cat?post=22568"},{"taxonomy":"product_tag","embeddable":true,"href":"https:\/\/chilimag.hu\/webshop\/wp-json\/wp\/v2\/product_tag?post=22568"}],"curies":[{"name":"wp","href":"https:\/\/api.w.org\/{rel}","templated":true}]}}