{"id":22551,"date":"2023-03-14T17:12:31","date_gmt":"2023-03-14T17:12:31","guid":{"rendered":"https:\/\/chilimag.hu\/webshop\/?post_type=product&#038;p=22551"},"modified":"2026-03-29T19:29:11","modified_gmt":"2026-03-29T19:29:11","slug":"paradicsom-faworyt-florian-bg","status":"publish","type":"product","link":"https:\/\/chilimag.hu\/webshop\/termek\/paradicsom-faworyt-florian-bg\/","title":{"rendered":"Paradicsom Faworyt Florian Bg"},"content":{"rendered":"","protected":false},"excerpt":{"rendered":"<p><img decoding=\"async\" class=\"img-inline\" src=\"https:\/\/brcci.eu\/cache\/thumbnails\/12ecd0e6e419f1b9b1484ef02ad361979dd8e054\/1a6c5e1406ad462ca86d17b2800862d7f837862c-829875ad0a268b741b7edd818ffce098.png\" alt=\"FLORIAN OOD\" \/><\/p>\n<p>F\u00e9lkorai fajta, szabadf\u00f6ldi arakon termeszthet\u0151. Gy\u00fcm\u00f6lcsei igen nagyok, 250-400 gramm t\u00f6meg\u0171ek, v\u00e9kony m\u00e1lnasz\u00edn\u0171 h\u00e9j\u00faak, ov\u00e1lis alak\u00faak. A h\u00fasos r\u00e9sz nagyon l\u00e9d\u00fas \u00e9s \u00edzletes, kev\u00e9s magot tartalmaz. K\u00f6zvetlen fogyaszt\u00e1sra nagyon j\u00f3, feldolgoz\u00e1sra nem aj\u00e1nlott.<\/p>\n<p>Veget\u00e1ci\u00f3s id\u0151szak 110-115 nap.<\/p>\n<p>Vet\u00e9s ideje:<\/p>\n<p>\u2013 korai gy\u00e1rt\u00e1sra janu\u00e1r 20-febru\u00e1r 25<\/p>\n<p>&#8211; f\u00e9lkorai gy\u00e1rt\u00e1shoz m\u00e1rcius 1-30<\/p>\n<p>&#8211; k\u00e9s\u0151i gy\u00e1rt\u00e1shoz \u00e1prilis 25-m\u00e1jus 10.<\/p>\n<p>Vet\u00e9sm\u00e9lys\u00e9g 1-3 cm.<\/p>\n<p>Magok mennyis\u00e9ge zs\u00e1konk\u00e9nt: 0,5 gramm<\/p>\n<p>M\u0171szaki adatok:<\/p>\n<p>M\u00e9lys\u00e9ge 1-1,5 cm<br \/>\nVet\u00e9s: janu\u00e1r 20-febru\u00e1r 25., m\u00e1rcius 1-30, \u00e1prilis 25-m\u00e1jus 10.<br \/>\nVet\u00e9smennyis\u00e9g 25-30 gramm\/hekt\u00e1r<br \/>\nA magvakb\u00f3l, pal\u00e1nt\u00e1kb\u00f3l t\u00f6rt\u00e9n\u0151 el\u0151\u00e1ll\u00edt\u00e1s fajt\u00e1i<br \/>\n\u00c1ltal\u00e1noss\u00e1gok:\u00dcltet\u00e9s m\u00e1rcius-j\u00fanius<br \/>\nSz\u00fcret j\u00fanius-szeptember<br \/>\nVeget\u00e1ci\u00f3ja 110-115 nap<\/p>\n<p>A csomag 0.3 grammot tartalmaz<\/p>\n","protected":false},"featured_media":23509,"comment_status":"closed","ping_status":"closed","template":"","meta":[],"product_brand":[],"product_cat":[381],"product_tag":[],"class_list":{"0":"post-22551","1":"product","2":"type-product","3":"status-publish","4":"has-post-thumbnail","6":"product_cat-paradicsom-vetomagok-bolgar-florian-vetomagok","8":"first","9":"instock","10":"taxable","11":"shipping-taxable","12":"purchasable","13":"product-type-simple"},"_links":{"self":[{"href":"https:\/\/chilimag.hu\/webshop\/wp-json\/wp\/v2\/product\/22551","targetHints":{"allow":["GET"]}}],"collection":[{"href":"https:\/\/chilimag.hu\/webshop\/wp-json\/wp\/v2\/product"}],"about":[{"href":"https:\/\/chilimag.hu\/webshop\/wp-json\/wp\/v2\/types\/product"}],"replies":[{"embeddable":true,"href":"https:\/\/chilimag.hu\/webshop\/wp-json\/wp\/v2\/comments?post=22551"}],"wp:featuredmedia":[{"embeddable":true,"href":"https:\/\/chilimag.hu\/webshop\/wp-json\/wp\/v2\/media\/23509"}],"wp:attachment":[{"href":"https:\/\/chilimag.hu\/webshop\/wp-json\/wp\/v2\/media?parent=22551"}],"wp:term":[{"taxonomy":"product_brand","embeddable":true,"href":"https:\/\/chilimag.hu\/webshop\/wp-json\/wp\/v2\/product_brand?post=22551"},{"taxonomy":"product_cat","embeddable":true,"href":"https:\/\/chilimag.hu\/webshop\/wp-json\/wp\/v2\/product_cat?post=22551"},{"taxonomy":"product_tag","embeddable":true,"href":"https:\/\/chilimag.hu\/webshop\/wp-json\/wp\/v2\/product_tag?post=22551"}],"curies":[{"name":"wp","href":"https:\/\/api.w.org\/{rel}","templated":true}]}}