{"id":22437,"date":"2023-03-12T07:43:55","date_gmt":"2023-03-12T07:43:55","guid":{"rendered":"https:\/\/chilimag.hu\/webshop\/?post_type=product&#038;p=22437"},"modified":"2026-03-23T09:33:40","modified_gmt":"2026-03-23T09:33:40","slug":"tok-ambassador-z-s-sl","status":"publish","type":"product","link":"https:\/\/chilimag.hu\/webshop\/termek\/tok-ambassador-z-s-sl\/","title":{"rendered":"Cukkini Ambassador Hibrid  Z.S SL"},"content":{"rendered":"","protected":false},"excerpt":{"rendered":"<p><img decoding=\"async\" class=\"active-logo\" src=\"https:\/\/b2b.seklos.lt\/themes\/warehouse\/img\/logo_en.png\" alt=\"Agrofirma S\u0117klos, UAB\" width=\"280\" height=\"95\" \/><\/p>\n<p>Korai, nagy hozam\u00fa bokros hibrid fajta. Veget\u00e1ci\u00f3s id\u0151tartam \u2013 51 nap. Gy\u00fcm\u00f6lcse hengeres, 18-20 cm hossz\u00fa, s\u00f6t\u00e9tz\u00f6ld, f\u00e9nyes h\u00e9j\u00fa, feh\u00e9r h\u00fas\u00fa. Hossz\u00fa betakar\u00edt\u00e1si id\u0151szak \u2013 a h\u00e9j hossz\u00fa ideig nem kem\u00e9nyedik meg, \u00e9s a magvak nem \u00e9rnek be. K\u00f6nny\u0171 kiv\u00e1lasztani. A gy\u00fcm\u00f6lcs\u00f6ket lehet konzerv\u00e1lni, s\u00fctni, p\u00e1rolni \u00e9s t\u00f6lteni.<\/p>\n<p>Egy csomagban l\u00e9v\u0151 mennyis\u00e9g 1 g<br \/>\nMagok sz\u00e1ma grammonk\u00e9nt 6-8<br \/>\nSz\u00fcret VII-VIII<br \/>\nVet\u00e9sid\u0151 a talajban V-VI, 3-4cm<br \/>\nA pal\u00e1nt\u00e1k vet\u00e9si ideje IV, 3-4 cm<br \/>\nGy\u00e1rt\u00f3 \u017dalia stotel\u0117<br \/>\nT\u00e1vols\u00e1gok, cm V-VI,100&#215;40 cm<\/p>\n","protected":false},"featured_media":22438,"comment_status":"closed","ping_status":"closed","template":"","meta":[],"product_brand":[],"product_cat":[420],"product_tag":[],"class_list":{"0":"post-22437","1":"product","2":"type-product","3":"status-publish","4":"has-post-thumbnail","6":"product_cat-dinnye-es-tok-vetomagok-zalia-stotele","8":"first","9":"instock","10":"taxable","11":"shipping-taxable","12":"purchasable","13":"product-type-simple"},"_links":{"self":[{"href":"https:\/\/chilimag.hu\/webshop\/wp-json\/wp\/v2\/product\/22437","targetHints":{"allow":["GET"]}}],"collection":[{"href":"https:\/\/chilimag.hu\/webshop\/wp-json\/wp\/v2\/product"}],"about":[{"href":"https:\/\/chilimag.hu\/webshop\/wp-json\/wp\/v2\/types\/product"}],"replies":[{"embeddable":true,"href":"https:\/\/chilimag.hu\/webshop\/wp-json\/wp\/v2\/comments?post=22437"}],"wp:featuredmedia":[{"embeddable":true,"href":"https:\/\/chilimag.hu\/webshop\/wp-json\/wp\/v2\/media\/22438"}],"wp:attachment":[{"href":"https:\/\/chilimag.hu\/webshop\/wp-json\/wp\/v2\/media?parent=22437"}],"wp:term":[{"taxonomy":"product_brand","embeddable":true,"href":"https:\/\/chilimag.hu\/webshop\/wp-json\/wp\/v2\/product_brand?post=22437"},{"taxonomy":"product_cat","embeddable":true,"href":"https:\/\/chilimag.hu\/webshop\/wp-json\/wp\/v2\/product_cat?post=22437"},{"taxonomy":"product_tag","embeddable":true,"href":"https:\/\/chilimag.hu\/webshop\/wp-json\/wp\/v2\/product_tag?post=22437"}],"curies":[{"name":"wp","href":"https:\/\/api.w.org\/{rel}","templated":true}]}}