{"id":22430,"date":"2023-03-12T07:36:29","date_gmt":"2023-03-12T07:36:29","guid":{"rendered":"https:\/\/chilimag.hu\/webshop\/?post_type=product&#038;p=22430"},"modified":"2025-12-09T15:06:47","modified_gmt":"2025-12-09T15:06:47","slug":"uborka-sonate-z-s-sl","status":"publish","type":"product","link":"https:\/\/chilimag.hu\/webshop\/termek\/uborka-sonate-z-s-sl\/","title":{"rendered":"Uborka Sonate Hibrid Z.S SL"},"content":{"rendered":"","protected":false},"excerpt":{"rendered":"<p><img decoding=\"async\" class=\"active-logo\" src=\"https:\/\/b2b.seklos.lt\/themes\/warehouse\/img\/logo_en.png\" alt=\"Agrofirma S\u0117klos, UAB\" width=\"280\" height=\"95\" \/><\/p>\n<p>K\u00f6z\u00e9pkorai, nagy hozam\u00fa hibrid. Kiv\u00e1l\u00f3an ellen\u00e1ll a pen\u00e9sznek, \u00e9s az els\u0151 \u0151szi fagyokig terem. Szabadban termesztik. Gy\u00fcm\u00f6lcse vil\u00e1gosz\u00f6ld, t\u00fcsk\u00e9s, ropog\u00f3s. Meg\u0151rzi a kiv\u00e1l\u00f3 min\u0151s\u00e9get a teljes term\u0151id\u0151 alatt. Friss fogyaszt\u00e1sra, p\u00e1col\u00e1sra, bef\u0151z\u00e9sre alkalmas. Sz\u00e9lv\u00e9dett, gyommentes talajban fejl\u0151dik a legjobban. 2-3 \u00e9ves vet\u00e9sforg\u00f3 javasolt.<\/p>\n<p>Mennyis\u00e9g kiszerel\u00e9sben 0,5g<br \/>\nMagok sz\u00e1ma grammonk\u00e9nt 35-50<br \/>\nSz\u00fcret VII-IX<br \/>\nVet\u00e9sid\u0151 a talajban V-VI, 2-3 cm<br \/>\nA pal\u00e1nt\u00e1k vet\u00e9si ideje IV, 2-3 cm<br \/>\nVet\u00e9sid\u0151 \u00fcvegh\u00e1zban IV, 2-3 cm<br \/>\nGy\u00e1rt\u00f3 \u017dalia stotel\u0117<br \/>\nT\u00e1vols\u00e1gok, cm V-VI, 80&#215;20 cm<\/p>\n","protected":false},"featured_media":22431,"comment_status":"closed","ping_status":"closed","template":"","meta":[],"product_brand":[],"product_cat":[411],"product_tag":[],"class_list":{"0":"post-22430","1":"product","2":"type-product","3":"status-publish","4":"has-post-thumbnail","6":"product_cat-uborka-es-padlizsan-vetomagok-zalia-stotele","8":"first","9":"instock","10":"taxable","11":"shipping-taxable","12":"purchasable","13":"product-type-simple"},"_links":{"self":[{"href":"https:\/\/chilimag.hu\/webshop\/wp-json\/wp\/v2\/product\/22430","targetHints":{"allow":["GET"]}}],"collection":[{"href":"https:\/\/chilimag.hu\/webshop\/wp-json\/wp\/v2\/product"}],"about":[{"href":"https:\/\/chilimag.hu\/webshop\/wp-json\/wp\/v2\/types\/product"}],"replies":[{"embeddable":true,"href":"https:\/\/chilimag.hu\/webshop\/wp-json\/wp\/v2\/comments?post=22430"}],"wp:featuredmedia":[{"embeddable":true,"href":"https:\/\/chilimag.hu\/webshop\/wp-json\/wp\/v2\/media\/22431"}],"wp:attachment":[{"href":"https:\/\/chilimag.hu\/webshop\/wp-json\/wp\/v2\/media?parent=22430"}],"wp:term":[{"taxonomy":"product_brand","embeddable":true,"href":"https:\/\/chilimag.hu\/webshop\/wp-json\/wp\/v2\/product_brand?post=22430"},{"taxonomy":"product_cat","embeddable":true,"href":"https:\/\/chilimag.hu\/webshop\/wp-json\/wp\/v2\/product_cat?post=22430"},{"taxonomy":"product_tag","embeddable":true,"href":"https:\/\/chilimag.hu\/webshop\/wp-json\/wp\/v2\/product_tag?post=22430"}],"curies":[{"name":"wp","href":"https:\/\/api.w.org\/{rel}","templated":true}]}}