{"id":22379,"date":"2023-03-11T19:50:00","date_gmt":"2023-03-11T19:50:00","guid":{"rendered":"https:\/\/chilimag.hu\/webshop\/?post_type=product&#038;p=22379"},"modified":"2026-02-15T16:36:56","modified_gmt":"2026-02-15T16:36:56","slug":"paradicsom-massaro-z-s-sl","status":"publish","type":"product","link":"https:\/\/chilimag.hu\/webshop\/termek\/paradicsom-massaro-z-s-sl\/","title":{"rendered":"Paradicsom Massaro Hibrid  Z.S SL"},"content":{"rendered":"","protected":false},"excerpt":{"rendered":"<p><img decoding=\"async\" class=\"active-logo\" src=\"https:\/\/b2b.seklos.lt\/themes\/warehouse\/img\/logo_en.png\" alt=\"Agrofirma S\u0117klos, UAB\" width=\"280\" height=\"95\" \/><\/p>\n<p>Determin\u00e1ns, nagy hozam\u00fa, k\u00f6z\u00e9pkorai, betegs\u00e9grezisztens hibrid. A n\u00f6v\u00e9ny er\u0151s, kompakt. Gy\u00fcm\u00f6lcsei egys\u00e9ges m\u00e9ret\u0171ek, kiv\u00e1l\u00f3 \u00e1llag\u00faak, reped\u00e9s\u00e1ll\u00f3ak, 85-95 g t\u00f6meg\u0171ek, az \u00e9rett gy\u00fcm\u00f6lcs\u00f6k s\u00f6t\u00e9tv\u00f6r\u00f6sek. Frissen fogyaszthat\u00f3, sz\u00e1r\u00edthat\u00f3, feldolgoz\u00e1sra is kiv\u00e1l\u00f3an alkalmas \u2013 k\u00f6nnyen leh\u00fazhat\u00f3 a b\u0151r. Szabadban termesztik.<\/p>\n<p>Sz\u00fcret VII-VIII<br \/>\nTerm\u0151f\u00f6ld<br \/>\nA fajta korai ideje M\u00e9rs\u00e9kelten korai<br \/>\nA pal\u00e1nt\u00e1k vet\u00e9si ideje III-IV,0,5-1,5 cm<br \/>\nGy\u00e1rt\u00f3 \u017dalia stotel\u0117<br \/>\nT\u00e1vols\u00e1gok, cm IV-V, 60&#215;40 cm<br \/>\nN\u00f6v\u00e9nymagass\u00e1g, cm \u017dema\u016bgiai<br \/>\nMagok sz\u00e1ma a csomagban, db. 20<\/p>\n","protected":false},"featured_media":22380,"comment_status":"closed","ping_status":"closed","template":"","meta":[],"product_brand":[],"product_cat":[413],"product_tag":[],"class_list":{"0":"post-22379","1":"product","2":"type-product","3":"status-publish","4":"has-post-thumbnail","6":"product_cat-paradicsom-vetomagok-zalia-stotele","8":"first","9":"instock","10":"taxable","11":"shipping-taxable","12":"purchasable","13":"product-type-simple"},"_links":{"self":[{"href":"https:\/\/chilimag.hu\/webshop\/wp-json\/wp\/v2\/product\/22379","targetHints":{"allow":["GET"]}}],"collection":[{"href":"https:\/\/chilimag.hu\/webshop\/wp-json\/wp\/v2\/product"}],"about":[{"href":"https:\/\/chilimag.hu\/webshop\/wp-json\/wp\/v2\/types\/product"}],"replies":[{"embeddable":true,"href":"https:\/\/chilimag.hu\/webshop\/wp-json\/wp\/v2\/comments?post=22379"}],"wp:featuredmedia":[{"embeddable":true,"href":"https:\/\/chilimag.hu\/webshop\/wp-json\/wp\/v2\/media\/22380"}],"wp:attachment":[{"href":"https:\/\/chilimag.hu\/webshop\/wp-json\/wp\/v2\/media?parent=22379"}],"wp:term":[{"taxonomy":"product_brand","embeddable":true,"href":"https:\/\/chilimag.hu\/webshop\/wp-json\/wp\/v2\/product_brand?post=22379"},{"taxonomy":"product_cat","embeddable":true,"href":"https:\/\/chilimag.hu\/webshop\/wp-json\/wp\/v2\/product_cat?post=22379"},{"taxonomy":"product_tag","embeddable":true,"href":"https:\/\/chilimag.hu\/webshop\/wp-json\/wp\/v2\/product_tag?post=22379"}],"curies":[{"name":"wp","href":"https:\/\/api.w.org\/{rel}","templated":true}]}}