{"id":22308,"date":"2023-03-11T09:10:50","date_gmt":"2023-03-11T09:10:50","guid":{"rendered":"https:\/\/chilimag.hu\/webshop\/?post_type=product&#038;p=22308"},"modified":"2026-04-03T07:29:49","modified_gmt":"2026-04-03T07:29:49","slug":"gorogdinnye-charleston-gray-z-s-sl","status":"publish","type":"product","link":"https:\/\/chilimag.hu\/webshop\/termek\/gorogdinnye-charleston-gray-z-s-sl\/","title":{"rendered":"G\u00f6r\u00f6gdinnye Charleston Gray Z.S SL"},"content":{"rendered":"","protected":false},"excerpt":{"rendered":"<p><img decoding=\"async\" class=\"active-logo\" src=\"https:\/\/b2b.seklos.lt\/themes\/warehouse\/img\/logo_en.png\" alt=\"Agrofirma S\u0117klos, UAB\" width=\"280\" height=\"95\" \/><\/p>\n<p>Korai g\u00f6r\u00f6gdinnye fajta, ellen\u00e1ll az antracn\u00f3zisnak \u00e9s a fuz\u00e1ri\u00f3zisnak. 85-100 nap ut\u00e1n \u00e9rik. A gy\u00fcm\u00f6lcs\u00f6k hossz\u00fak\u00e1sak, s\u00falyuk el\u00e9rheti a 15 kg-ot. A h\u00fas \u00e9l\u00e9nkv\u00f6r\u00f6s, ropog\u00f3s \u00e9s \u00e9des. \u00dcvegh\u00e1zakban \u00e9s szabadban termesztik. A g\u00f6r\u00f6gdinny\u00e9nek kev\u00e9s v\u00edzre van sz\u00fcks\u00e9ge. Hosszan tart\u00f3 huzat eset\u00e9n a n\u00f6v\u00e9nyeket meg lehet \u00f6nt\u00f6zni, nehogy kisz\u00e1radjanak. Nemcsak a gy\u00f6kereket, hanem a leveleket is \u00e9rdemes kora reggel \u00f6nt\u00f6zni.<br \/>\nEgy csomagban l\u00e9v\u0151 mennyis\u00e9g 1 g<br \/>\nMagok sz\u00e1ma grammonk\u00e9nt 10-20 s<br \/>\nSz\u00fcret VIII-IX<br \/>\nTerm\u0151f\u00f6ld<br \/>\nVet\u00e9sid\u0151 a talajban V-VI, 2,5-3,5cm<br \/>\nA pal\u00e1nt\u00e1k vet\u00e9si ideje III-IV, 2,5-3,5 cm<br \/>\nVet\u00e9sid\u0151 \u00fcvegh\u00e1zban III-IV, 2,5-3,5 cm<br \/>\nGy\u00e1rt\u00f3 \u017dalia stotel\u0117<br \/>\nT\u00e1vols\u00e1gok, cm V-VI, 100&#215;50-70 cm<\/p>\n","protected":false},"featured_media":22309,"comment_status":"closed","ping_status":"closed","template":"","meta":[],"product_brand":[],"product_cat":[420],"product_tag":[],"class_list":{"0":"post-22308","1":"product","2":"type-product","3":"status-publish","4":"has-post-thumbnail","6":"product_cat-dinnye-es-tok-vetomagok-zalia-stotele","8":"first","9":"instock","10":"taxable","11":"shipping-taxable","12":"purchasable","13":"product-type-simple"},"_links":{"self":[{"href":"https:\/\/chilimag.hu\/webshop\/wp-json\/wp\/v2\/product\/22308","targetHints":{"allow":["GET"]}}],"collection":[{"href":"https:\/\/chilimag.hu\/webshop\/wp-json\/wp\/v2\/product"}],"about":[{"href":"https:\/\/chilimag.hu\/webshop\/wp-json\/wp\/v2\/types\/product"}],"replies":[{"embeddable":true,"href":"https:\/\/chilimag.hu\/webshop\/wp-json\/wp\/v2\/comments?post=22308"}],"wp:featuredmedia":[{"embeddable":true,"href":"https:\/\/chilimag.hu\/webshop\/wp-json\/wp\/v2\/media\/22309"}],"wp:attachment":[{"href":"https:\/\/chilimag.hu\/webshop\/wp-json\/wp\/v2\/media?parent=22308"}],"wp:term":[{"taxonomy":"product_brand","embeddable":true,"href":"https:\/\/chilimag.hu\/webshop\/wp-json\/wp\/v2\/product_brand?post=22308"},{"taxonomy":"product_cat","embeddable":true,"href":"https:\/\/chilimag.hu\/webshop\/wp-json\/wp\/v2\/product_cat?post=22308"},{"taxonomy":"product_tag","embeddable":true,"href":"https:\/\/chilimag.hu\/webshop\/wp-json\/wp\/v2\/product_tag?post=22308"}],"curies":[{"name":"wp","href":"https:\/\/api.w.org\/{rel}","templated":true}]}}