{"id":22298,"date":"2023-03-11T08:55:06","date_gmt":"2023-03-11T08:55:06","guid":{"rendered":"https:\/\/chilimag.hu\/webshop\/?post_type=product&#038;p=22298"},"modified":"2025-10-15T17:30:47","modified_gmt":"2025-10-15T17:30:47","slug":"dogs-grass-z-s-sl","status":"publish","type":"product","link":"https:\/\/chilimag.hu\/webshop\/termek\/dogs-grass-z-s-sl\/","title":{"rendered":"Tar\u00e9jos cincor Dog&#8217;s Grass Z.S SL"},"content":{"rendered":"","protected":false},"excerpt":{"rendered":"<p><img decoding=\"async\" class=\"active-logo\" src=\"https:\/\/b2b.seklos.lt\/themes\/warehouse\/img\/logo_en.png\" alt=\"Agrofirma S\u0117klos, UAB\" width=\"280\" height=\"95\" \/><\/p>\n<p>\u00c9vel\u0151, t\u00f6m\u00f6r f\u00fcves n\u00f6v\u00e9ny. Term\u00e9szetes, vadvir\u00e1gos kertekben termesztik. T\u00f6k\u00e9letesen kieg\u00e9sz\u00edti az \u00e9l\u00e9nk sz\u00edn\u0171 vir\u00e1gokat. Alkalmas vir\u00e1goskertek sz\u00e9l\u00e9re, vir\u00e1goskert meredek lejt\u0151ire \u00fcltet\u00e9sre. Talajra nem ig\u00e9nyes, term\u00e9ketlen, nedves talajban j\u00f3l terem, \u00e1rny\u00e9kot is b\u00edr. Ny\u00edlt, napf\u00e9nyes vir\u00e1goskertben t\u00f6rt\u00e9n\u0151 termeszt\u00e9s eset\u00e9n \u00f6nt\u00f6z\u00e9s javasolt. Fedetlen \u00e1llapotban telel \u00e1t.<\/p>\n<p>Mennyis\u00e9g egy csomagban 2 g<br \/>\nA magok sz\u00e1ma grammonk\u00e9nt ~ 1400<br \/>\nTranszplant\u00e1ci\u00f3 V\u2013VI, 30 x 40 cm<br \/>\nVir\u00e1gz\u00e1si id\u0151, magass\u00e1g VI-VIII, 70 cm<br \/>\nNapos hely Igen<br \/>\n\u00c9vel\u0151 Igen<br \/>\nAz OutdoorITerrace termeszt\u00e9si helye<br \/>\nVet\u00e9sid\u0151 a talajban IV-V, X 1cm<br \/>\nGy\u00e1rt\u00f3 \u017dalia stotel\u0117<br \/>\nVir\u00e1gz\u00e1si id\u0151szak VI-VIII, 70 cm<br \/>\nN\u00f6v\u00e9ny magass\u00e1ga, cm 70 cm<\/p>\n","protected":false},"featured_media":22299,"comment_status":"closed","ping_status":"closed","template":"","meta":[],"product_brand":[],"product_cat":[363],"product_tag":[],"class_list":{"0":"post-22298","1":"product","2":"type-product","3":"status-publish","4":"has-post-thumbnail","6":"product_cat-virag-vetomagok-zalia-stotele","8":"first","9":"instock","10":"taxable","11":"shipping-taxable","12":"purchasable","13":"product-type-simple"},"_links":{"self":[{"href":"https:\/\/chilimag.hu\/webshop\/wp-json\/wp\/v2\/product\/22298","targetHints":{"allow":["GET"]}}],"collection":[{"href":"https:\/\/chilimag.hu\/webshop\/wp-json\/wp\/v2\/product"}],"about":[{"href":"https:\/\/chilimag.hu\/webshop\/wp-json\/wp\/v2\/types\/product"}],"replies":[{"embeddable":true,"href":"https:\/\/chilimag.hu\/webshop\/wp-json\/wp\/v2\/comments?post=22298"}],"wp:featuredmedia":[{"embeddable":true,"href":"https:\/\/chilimag.hu\/webshop\/wp-json\/wp\/v2\/media\/22299"}],"wp:attachment":[{"href":"https:\/\/chilimag.hu\/webshop\/wp-json\/wp\/v2\/media?parent=22298"}],"wp:term":[{"taxonomy":"product_brand","embeddable":true,"href":"https:\/\/chilimag.hu\/webshop\/wp-json\/wp\/v2\/product_brand?post=22298"},{"taxonomy":"product_cat","embeddable":true,"href":"https:\/\/chilimag.hu\/webshop\/wp-json\/wp\/v2\/product_cat?post=22298"},{"taxonomy":"product_tag","embeddable":true,"href":"https:\/\/chilimag.hu\/webshop\/wp-json\/wp\/v2\/product_tag?post=22298"}],"curies":[{"name":"wp","href":"https:\/\/api.w.org\/{rel}","templated":true}]}}