{"id":21984,"date":"2023-03-08T19:52:15","date_gmt":"2023-03-08T19:52:15","guid":{"rendered":"https:\/\/chilimag.hu\/webshop\/?post_type=product&#038;p=21984"},"modified":"2026-02-02T18:59:39","modified_gmt":"2026-02-02T18:59:39","slug":"zsazsa-garden-credd-common-z-s-sl","status":"publish","type":"product","link":"https:\/\/chilimag.hu\/webshop\/termek\/zsazsa-garden-credd-common-z-s-sl\/","title":{"rendered":"Zs\u00e1zsa Garden Credd (Common) Z.S SL"},"content":{"rendered":"","protected":false},"excerpt":{"rendered":"<p><img decoding=\"async\" class=\"active-logo\" src=\"https:\/\/b2b.seklos.lt\/themes\/warehouse\/img\/logo_en.png\" alt=\"Agrofirma S\u0117klos, UAB\" width=\"280\" height=\"95\" \/><\/p>\n<p>Egyny\u00e1ri, k\u00f6nnyen termeszthet\u0151 \u00e9s nagyon gyorsan n\u00f6vekv\u0151 n\u00f6v\u00e9ny. Apr\u00f3, illatos, f\u0171szeres leveleket haszn\u00e1lnak \u00e9tkez\u00e9sre. Friss leveleket sz\u00f3rnak a szendvicsekre, \u00edzes\u00edt\u0151re, halra, t\u00far\u00f3ra, toj\u00e1sos \u00e9telekre. A magok 2-3 napon bel\u00fcl cs\u00edr\u00e1znak. Ha folyamatosan zs\u00e1zs\u00e1t szeretne, 7-14 naponta kell elvetni a magokat. A zs\u00e1zsalev\u00e9l j\u00f3dot, kalciumot, vass\u00f3kat, karotint, B-vitaminokat \u00e9s C-vitamint tartalmaz.<br \/>\nB \u00e1rcsoport<br \/>\nKiszerel\u00e9s egy csomagban 2 g<br \/>\nMagok sz\u00e1ma grammonk\u00e9nt Kb. 400-500 mag<br \/>\nNapos hely Igen<br \/>\nTermeszt\u00e9si hely Erk\u00e9ly, A teraszon<br \/>\nGy\u00e1rt\u00f3 \u017dalia stotel\u0117<\/p>\n","protected":false},"featured_media":21985,"comment_status":"closed","ping_status":"closed","template":"","meta":[],"product_brand":[],"product_cat":[357],"product_tag":[],"class_list":{"0":"post-21984","1":"product","2":"type-product","3":"status-publish","4":"has-post-thumbnail","6":"product_cat-retek-salata-es-levelzoldseg-vetomagok","8":"first","9":"instock","10":"taxable","11":"shipping-taxable","12":"purchasable","13":"product-type-simple"},"_links":{"self":[{"href":"https:\/\/chilimag.hu\/webshop\/wp-json\/wp\/v2\/product\/21984","targetHints":{"allow":["GET"]}}],"collection":[{"href":"https:\/\/chilimag.hu\/webshop\/wp-json\/wp\/v2\/product"}],"about":[{"href":"https:\/\/chilimag.hu\/webshop\/wp-json\/wp\/v2\/types\/product"}],"replies":[{"embeddable":true,"href":"https:\/\/chilimag.hu\/webshop\/wp-json\/wp\/v2\/comments?post=21984"}],"wp:featuredmedia":[{"embeddable":true,"href":"https:\/\/chilimag.hu\/webshop\/wp-json\/wp\/v2\/media\/21985"}],"wp:attachment":[{"href":"https:\/\/chilimag.hu\/webshop\/wp-json\/wp\/v2\/media?parent=21984"}],"wp:term":[{"taxonomy":"product_brand","embeddable":true,"href":"https:\/\/chilimag.hu\/webshop\/wp-json\/wp\/v2\/product_brand?post=21984"},{"taxonomy":"product_cat","embeddable":true,"href":"https:\/\/chilimag.hu\/webshop\/wp-json\/wp\/v2\/product_cat?post=21984"},{"taxonomy":"product_tag","embeddable":true,"href":"https:\/\/chilimag.hu\/webshop\/wp-json\/wp\/v2\/product_tag?post=21984"}],"curies":[{"name":"wp","href":"https:\/\/api.w.org\/{rel}","templated":true}]}}