{"id":21968,"date":"2023-03-08T19:28:07","date_gmt":"2023-03-08T19:28:07","guid":{"rendered":"https:\/\/chilimag.hu\/webshop\/?post_type=product&#038;p=21968"},"modified":"2025-08-26T11:17:07","modified_gmt":"2025-08-26T11:17:07","slug":"paprika-topik-z-s-sl","status":"publish","type":"product","link":"https:\/\/chilimag.hu\/webshop\/termek\/paprika-topik-z-s-sl\/","title":{"rendered":"Paprika Topik Hibrid Z.S SL"},"content":{"rendered":"","protected":false},"excerpt":{"rendered":"<p><img decoding=\"async\" class=\"active-logo\" src=\"https:\/\/b2b.seklos.lt\/themes\/warehouse\/img\/logo_en.png\" alt=\"Agrofirma S\u0117klos, UAB\" width=\"280\" height=\"95\" \/><\/p>\n<p>A Tobacco Mosaic v\u00edrussal szemben ellen\u00e1ll\u00f3, k\u00f6zepesen korai chili paprika hibrid. Gy\u00fcm\u00f6lcse kerek, f\u00e9nyes, 3-3,5 cm \u00e1tm\u00e9r\u0151j\u0171, 5 mm vastag fal\u00fa, t\u00f6mege kb. 20 g. A gy\u00fcm\u00f6lcs\u00f6k \u00e9r\u00e9s ut\u00e1n pirosak. Termeszthet\u0151 \u00fcvegh\u00e1zban, szabadban vagy cser\u00e9pben. A pal\u00e1nt\u00e1kat a fagyvesz\u00e9ly elm\u00falt\u00e1val szabad szabadba \u00fcltetni. Frissen fogyasztva, bef\u0151z\u00e9shez vagy t\u00f6ltel\u00e9knek kiv\u00e1l\u00f3<br \/>\nMennyis\u00e9g egy csomagban 0,1g<br \/>\nMagok sz\u00e1ma grammonk\u00e9nt Kb. 120-160 mag<br \/>\nSz\u00fcret VI-VIII<br \/>\nT\u00edpus f\u0171szeres<br \/>\nMagh\u00edrek 2020<br \/>\nTerm\u0151f\u00f6ld, \u00fcvegh\u00e1zban, teraszon, erk\u00e9ly<br \/>\nElk\u00e9sz\u00edt\u00e9si m\u00f3dszerek Konzerv\u00e1l\u00e1s, Sz\u00e1r\u00edt\u00e1s<br \/>\nA fajta korai ideje M\u00e9rs\u00e9kelten korai<br \/>\nA pal\u00e1nt\u00e1k vet\u00e9si ideje II-III<br \/>\nGy\u00e1rt\u00f3 \u017dalia stotel\u0117<\/p>\n","protected":false},"featured_media":21969,"comment_status":"closed","ping_status":"closed","template":"","meta":[],"product_brand":[],"product_cat":[414],"product_tag":[],"class_list":{"0":"post-21968","1":"product","2":"type-product","3":"status-publish","4":"has-post-thumbnail","6":"product_cat-paprika-vetomagok-zalia-stotele","8":"first","9":"instock","10":"taxable","11":"shipping-taxable","12":"purchasable","13":"product-type-simple"},"_links":{"self":[{"href":"https:\/\/chilimag.hu\/webshop\/wp-json\/wp\/v2\/product\/21968","targetHints":{"allow":["GET"]}}],"collection":[{"href":"https:\/\/chilimag.hu\/webshop\/wp-json\/wp\/v2\/product"}],"about":[{"href":"https:\/\/chilimag.hu\/webshop\/wp-json\/wp\/v2\/types\/product"}],"replies":[{"embeddable":true,"href":"https:\/\/chilimag.hu\/webshop\/wp-json\/wp\/v2\/comments?post=21968"}],"wp:featuredmedia":[{"embeddable":true,"href":"https:\/\/chilimag.hu\/webshop\/wp-json\/wp\/v2\/media\/21969"}],"wp:attachment":[{"href":"https:\/\/chilimag.hu\/webshop\/wp-json\/wp\/v2\/media?parent=21968"}],"wp:term":[{"taxonomy":"product_brand","embeddable":true,"href":"https:\/\/chilimag.hu\/webshop\/wp-json\/wp\/v2\/product_brand?post=21968"},{"taxonomy":"product_cat","embeddable":true,"href":"https:\/\/chilimag.hu\/webshop\/wp-json\/wp\/v2\/product_cat?post=21968"},{"taxonomy":"product_tag","embeddable":true,"href":"https:\/\/chilimag.hu\/webshop\/wp-json\/wp\/v2\/product_tag?post=21968"}],"curies":[{"name":"wp","href":"https:\/\/api.w.org\/{rel}","templated":true}]}}