{"id":21832,"date":"2023-03-05T18:08:04","date_gmt":"2023-03-05T18:08:04","guid":{"rendered":"https:\/\/chilimag.hu\/webshop\/?post_type=product&#038;p=21832"},"modified":"2025-08-22T10:53:47","modified_gmt":"2025-08-22T10:53:47","slug":"sutotok-orange-summer-z-s-sl","status":"publish","type":"product","link":"https:\/\/chilimag.hu\/webshop\/termek\/sutotok-orange-summer-z-s-sl\/","title":{"rendered":"S\u00fct\u0151t\u00f6k Orange Summer Hibrid Z.S SL"},"content":{"rendered":"","protected":false},"excerpt":{"rendered":"<p><img decoding=\"async\" class=\"logo\" src=\"https:\/\/b2b.seklos.lt\/themes\/warehouse\/img\/logo_en.png\" alt=\"Agrofirma S\u0117klos, UAB\" \/><\/p>\n<p>Korai, f\u00e9lig bokros hibrid, h\u0171v\u00f6sebb ny\u00e1ron j\u00f3 term\u00e9ssel. A gy\u00fcm\u00f6lcs\u00f6k \u00e9l\u00e9nk narancsh\u00e9j\u00faak, k\u00f6r\u00fclbel\u00fcl 1,2\u20131,6 kg s\u00faly\u00faak. H\u00fasa narancss\u00e1rga, nagyon \u00e9des. A korai betakar\u00edt\u00e1shoz hajt\u00e1sokat kell \u00fcltetni. Ahhoz, hogy a s\u00fct\u0151t\u00f6k nagyobbra n\u0151j\u00f6n, t\u00e1vol\u00edtsa el a r\u00fcgyek egy r\u00e9sz\u00e9t, hagyjon meg kett\u0151t vagy h\u00e1rmat. Alkalmas s\u00fct\u00e9sre, p\u00e1rol\u00e1sra, forral\u00e1sra. A gy\u00fcm\u00f6lcs\u00f6k j\u00f3 \u00e1llapotban maradnak febru\u00e1rig.<br \/>\nK \u00e1rcsoport<br \/>\nTranszplant\u00e1ci\u00f3 V-VI<br \/>\nSz\u00fcret VII\u2013VIII<br \/>\nNapos hely Igen<br \/>\nProfesszion\u00e1lis haszn\u00e1latra alkalmas Igen<br \/>\nTerm\u0151f\u00f6ld<br \/>\nElk\u00e9sz\u00edt\u00e9si m\u00f3dszerek H\u0171t\u00e9s<br \/>\nA fajta korai ideje Korai<br \/>\nVet\u00e9sid\u0151 a talajban V-VI<br \/>\nA pal\u00e1nt\u00e1k vet\u00e9si ideje IV-V<br \/>\nGy\u00fcm\u00f6lcs s\u00falya Iki 2kg<br \/>\nGy\u00e1rt\u00f3 \u017dalia stotel\u0117<br \/>\nMagok sz\u00e1ma a csomagban, db. 5<\/p>\n","protected":false},"featured_media":21833,"comment_status":"closed","ping_status":"closed","template":"","meta":[],"product_brand":[],"product_cat":[420],"product_tag":[],"class_list":{"0":"post-21832","1":"product","2":"type-product","3":"status-publish","4":"has-post-thumbnail","6":"product_cat-dinnye-es-tok-vetomagok-zalia-stotele","8":"first","9":"instock","10":"taxable","11":"shipping-taxable","12":"purchasable","13":"product-type-simple"},"_links":{"self":[{"href":"https:\/\/chilimag.hu\/webshop\/wp-json\/wp\/v2\/product\/21832","targetHints":{"allow":["GET"]}}],"collection":[{"href":"https:\/\/chilimag.hu\/webshop\/wp-json\/wp\/v2\/product"}],"about":[{"href":"https:\/\/chilimag.hu\/webshop\/wp-json\/wp\/v2\/types\/product"}],"replies":[{"embeddable":true,"href":"https:\/\/chilimag.hu\/webshop\/wp-json\/wp\/v2\/comments?post=21832"}],"wp:featuredmedia":[{"embeddable":true,"href":"https:\/\/chilimag.hu\/webshop\/wp-json\/wp\/v2\/media\/21833"}],"wp:attachment":[{"href":"https:\/\/chilimag.hu\/webshop\/wp-json\/wp\/v2\/media?parent=21832"}],"wp:term":[{"taxonomy":"product_brand","embeddable":true,"href":"https:\/\/chilimag.hu\/webshop\/wp-json\/wp\/v2\/product_brand?post=21832"},{"taxonomy":"product_cat","embeddable":true,"href":"https:\/\/chilimag.hu\/webshop\/wp-json\/wp\/v2\/product_cat?post=21832"},{"taxonomy":"product_tag","embeddable":true,"href":"https:\/\/chilimag.hu\/webshop\/wp-json\/wp\/v2\/product_tag?post=21832"}],"curies":[{"name":"wp","href":"https:\/\/api.w.org\/{rel}","templated":true}]}}