{"id":21810,"date":"2023-03-05T15:59:24","date_gmt":"2023-03-05T15:59:24","guid":{"rendered":"https:\/\/chilimag.hu\/webshop\/?post_type=product&#038;p=21810"},"modified":"2026-02-16T16:17:33","modified_gmt":"2026-02-16T16:17:33","slug":"kapor-thalia-z-s-sl","status":"publish","type":"product","link":"https:\/\/chilimag.hu\/webshop\/termek\/kapor-thalia-z-s-sl\/","title":{"rendered":"Kapor Thalia Z.S SL"},"content":{"rendered":"","protected":false},"excerpt":{"rendered":"<p><img decoding=\"async\" class=\"active-logo\" src=\"https:\/\/b2b.seklos.lt\/themes\/warehouse\/img\/logo_en.png\" alt=\"Agrofirma S\u0117klos, UAB\" width=\"280\" height=\"95\" \/><\/p>\n<p>J\u00f3 term\u0151k\u00e9pess\u00e9g\u0171 fajta, amely eg\u00e9sz \u00e9vben termeszthet\u0151. Szabadban \u00e9s \u00fcvegh\u00e1zban egyar\u00e1nt termesztik. A n\u00f6v\u00e9nyek er\u0151sek, s\u00f6t\u00e9tz\u00f6ld levelekkel, vir\u00e1gaik k\u00e9s\u0151n alakulnak. Nem r\u00e1szorul\u00f3 n\u00f6v\u00e9nyek, legjobban v\u00e1lyog- vagy homokos v\u00e1lyogban fejl\u0151dnek, gyommentes, porhany\u00f3s, vezet\u0151k\u00e9pes, nedves, de nem nedves talajban. A kapor gazdag vitaminokban \u2013 frissen nagy mennyis\u00e9gben tartalmaz C-vitamint, B csoportos \u00e1sv\u00e1nyi anyagokat: k\u00e1liumot, kalciumot, foszfort, magn\u00e9ziumot, vasat stb.<br \/>\nC \u00e1rcsoport<br \/>\nMennyis\u00e9g egy csomagban 5 g<br \/>\nMagok sz\u00e1ma grammonk\u00e9nt Kb. 590-650 mag<br \/>\n\u00dcltet\u00e9si t\u00e1vols\u00e1gok 15-20&#215;3-5 cm<br \/>\nSz\u00fcret I-XII<br \/>\nNapos hely Igen<br \/>\nTermeszt\u00e9si hely Teraszon, Erk\u00e9lyen, \u00dcvegh\u00e1zban, Sz\u00e1nt\u00f3f\u00f6ld\u00f6n<br \/>\nElk\u00e9sz\u00edt\u00e9si m\u00f3dszerek Sz\u00e1r\u00edt\u00e1s, H\u0171t\u00e9s<br \/>\nA fajta korai ideje M\u00e9rs\u00e9kelten korai<br \/>\nVet\u00e9sid\u0151 a talajban III\u2013VI, VIII\u2013IX<br \/>\nGy\u00e1rt\u00f3 \u017dalia stotel\u0117<\/p>\n","protected":false},"featured_media":21811,"comment_status":"closed","ping_status":"closed","template":"","meta":[],"product_brand":[],"product_cat":[419],"product_tag":[],"class_list":{"0":"post-21810","1":"product","2":"type-product","3":"status-publish","4":"has-post-thumbnail","6":"product_cat-fuszer-es-gyogynovenyek-zalia-stotele","8":"first","9":"instock","10":"taxable","11":"shipping-taxable","12":"purchasable","13":"product-type-simple"},"_links":{"self":[{"href":"https:\/\/chilimag.hu\/webshop\/wp-json\/wp\/v2\/product\/21810","targetHints":{"allow":["GET"]}}],"collection":[{"href":"https:\/\/chilimag.hu\/webshop\/wp-json\/wp\/v2\/product"}],"about":[{"href":"https:\/\/chilimag.hu\/webshop\/wp-json\/wp\/v2\/types\/product"}],"replies":[{"embeddable":true,"href":"https:\/\/chilimag.hu\/webshop\/wp-json\/wp\/v2\/comments?post=21810"}],"wp:featuredmedia":[{"embeddable":true,"href":"https:\/\/chilimag.hu\/webshop\/wp-json\/wp\/v2\/media\/21811"}],"wp:attachment":[{"href":"https:\/\/chilimag.hu\/webshop\/wp-json\/wp\/v2\/media?parent=21810"}],"wp:term":[{"taxonomy":"product_brand","embeddable":true,"href":"https:\/\/chilimag.hu\/webshop\/wp-json\/wp\/v2\/product_brand?post=21810"},{"taxonomy":"product_cat","embeddable":true,"href":"https:\/\/chilimag.hu\/webshop\/wp-json\/wp\/v2\/product_cat?post=21810"},{"taxonomy":"product_tag","embeddable":true,"href":"https:\/\/chilimag.hu\/webshop\/wp-json\/wp\/v2\/product_tag?post=21810"}],"curies":[{"name":"wp","href":"https:\/\/api.w.org\/{rel}","templated":true}]}}