{"id":21623,"date":"2023-03-03T19:01:11","date_gmt":"2023-03-03T19:01:11","guid":{"rendered":"https:\/\/chilimag.hu\/webshop\/?post_type=product&#038;p=21623"},"modified":"2025-08-28T07:33:23","modified_gmt":"2025-08-28T07:33:23","slug":"uborka-atomic-z-s-sl","status":"publish","type":"product","link":"https:\/\/chilimag.hu\/webshop\/termek\/uborka-atomic-z-s-sl\/","title":{"rendered":"Uborka Atomic Hibrid Z.S SL"},"content":{"rendered":"","protected":false},"excerpt":{"rendered":"<p><img decoding=\"async\" class=\"active-logo\" src=\"https:\/\/b2b.seklos.lt\/themes\/warehouse\/img\/logo_en.png\" alt=\"Agrofirma S\u0117klos, UAB\" width=\"280\" height=\"95\" \/><\/p>\n<p>Univerz\u00e1lis k\u00fclt\u00e9ri hibrid. Veget\u00e1ci\u00f3s id\u0151szak \u2013 62 nappal a vet\u00e9s ut\u00e1n. Gy\u00fcm\u00f6lcsei vil\u00e1gosz\u00f6ldek, t\u00fcsk\u00e9sek, t\u00faln\u00f6v\u00e9sre nem hajlamosak, nagyon j\u00f3 \u00edz\u0171ek \u00e9s \u00e1llag\u00faak. P\u00e1col\u00e1sra \u00e9s vessz\u0151z\u00e9sre alkalmas. A p\u00e1col\u00e1s sor\u00e1n nem keletkeznek \u00fcres \u00fcregek. A hibrid ellen\u00e1ll a lisztharmatnak, varasod\u00e1snak \u00e9s uborkamozaiknak, k\u00f6zepesen ellen\u00e1ll\u00f3 a peronoszp\u00f3ra ellen.<br \/>\nEgy csomagban l\u00e9v\u0151 mennyis\u00e9g 1 g<br \/>\nGy\u00e1rt\u00f3 \u017dalia stotel\u0117<\/p>\n","protected":false},"featured_media":21624,"comment_status":"closed","ping_status":"closed","template":"","meta":[],"product_brand":[],"product_cat":[411],"product_tag":[],"class_list":{"0":"post-21623","1":"product","2":"type-product","3":"status-publish","4":"has-post-thumbnail","6":"product_cat-uborka-es-padlizsan-vetomagok-zalia-stotele","8":"first","9":"instock","10":"taxable","11":"shipping-taxable","12":"purchasable","13":"product-type-simple"},"_links":{"self":[{"href":"https:\/\/chilimag.hu\/webshop\/wp-json\/wp\/v2\/product\/21623","targetHints":{"allow":["GET"]}}],"collection":[{"href":"https:\/\/chilimag.hu\/webshop\/wp-json\/wp\/v2\/product"}],"about":[{"href":"https:\/\/chilimag.hu\/webshop\/wp-json\/wp\/v2\/types\/product"}],"replies":[{"embeddable":true,"href":"https:\/\/chilimag.hu\/webshop\/wp-json\/wp\/v2\/comments?post=21623"}],"wp:featuredmedia":[{"embeddable":true,"href":"https:\/\/chilimag.hu\/webshop\/wp-json\/wp\/v2\/media\/21624"}],"wp:attachment":[{"href":"https:\/\/chilimag.hu\/webshop\/wp-json\/wp\/v2\/media?parent=21623"}],"wp:term":[{"taxonomy":"product_brand","embeddable":true,"href":"https:\/\/chilimag.hu\/webshop\/wp-json\/wp\/v2\/product_brand?post=21623"},{"taxonomy":"product_cat","embeddable":true,"href":"https:\/\/chilimag.hu\/webshop\/wp-json\/wp\/v2\/product_cat?post=21623"},{"taxonomy":"product_tag","embeddable":true,"href":"https:\/\/chilimag.hu\/webshop\/wp-json\/wp\/v2\/product_tag?post=21623"}],"curies":[{"name":"wp","href":"https:\/\/api.w.org\/{rel}","templated":true}]}}