{"id":21377,"date":"2023-02-23T17:50:27","date_gmt":"2023-02-23T17:50:27","guid":{"rendered":"https:\/\/chilimag.hu\/webshop\/?post_type=product&#038;p=21377"},"modified":"2024-10-03T18:48:04","modified_gmt":"2024-10-03T18:48:04","slug":"csemegekukorica-ms-erika-f1-bk","status":"publish","type":"product","link":"https:\/\/chilimag.hu\/webshop\/termek\/csemegekukorica-ms-erika-f1-bk\/","title":{"rendered":"Csemegekukorica Ms Erika F1 BK"},"content":{"rendered":"","protected":false},"excerpt":{"rendered":"<p>25 szem \/ csomag<\/p>\n<p>Kiv\u00e1l\u00f3 term\u0151k\u00e9pess\u00e9g\u0171,<br \/>\nszuper\u00e9des, k\u00f6z\u00e9p\u00e9r\u00e9s\u0171<br \/>\nhibrid, melynek magas<br \/>\na term\u00e9si potenci\u00e1lja.<br \/>\nBetegs\u00e9gekkel szemben<br \/>\ner\u0151sen ellen\u00e1ll\u00f3 fajta.<br \/>\nA term\u00e9s hossza 20-<br \/>\n21 cm, \u00e1tm\u00e9r\u0151je pedig 5-<br \/>\n6 cm.<\/p>\n","protected":false},"featured_media":21378,"comment_status":"closed","ping_status":"closed","template":"","meta":[],"product_brand":[],"product_cat":[292],"product_tag":[],"class_list":{"0":"post-21377","1":"product","2":"type-product","3":"status-publish","4":"has-post-thumbnail","6":"product_cat-kukorica-vetomagok-budapesti-kertimag-vetomagok","8":"first","9":"outofstock","10":"taxable","11":"shipping-taxable","12":"purchasable","13":"product-type-simple"},"_links":{"self":[{"href":"https:\/\/chilimag.hu\/webshop\/wp-json\/wp\/v2\/product\/21377","targetHints":{"allow":["GET"]}}],"collection":[{"href":"https:\/\/chilimag.hu\/webshop\/wp-json\/wp\/v2\/product"}],"about":[{"href":"https:\/\/chilimag.hu\/webshop\/wp-json\/wp\/v2\/types\/product"}],"replies":[{"embeddable":true,"href":"https:\/\/chilimag.hu\/webshop\/wp-json\/wp\/v2\/comments?post=21377"}],"wp:featuredmedia":[{"embeddable":true,"href":"https:\/\/chilimag.hu\/webshop\/wp-json\/wp\/v2\/media\/21378"}],"wp:attachment":[{"href":"https:\/\/chilimag.hu\/webshop\/wp-json\/wp\/v2\/media?parent=21377"}],"wp:term":[{"taxonomy":"product_brand","embeddable":true,"href":"https:\/\/chilimag.hu\/webshop\/wp-json\/wp\/v2\/product_brand?post=21377"},{"taxonomy":"product_cat","embeddable":true,"href":"https:\/\/chilimag.hu\/webshop\/wp-json\/wp\/v2\/product_cat?post=21377"},{"taxonomy":"product_tag","embeddable":true,"href":"https:\/\/chilimag.hu\/webshop\/wp-json\/wp\/v2\/product_tag?post=21377"}],"curies":[{"name":"wp","href":"https:\/\/api.w.org\/{rel}","templated":true}]}}