{"id":21081,"date":"2023-02-12T12:10:40","date_gmt":"2023-02-12T12:10:40","guid":{"rendered":"https:\/\/chilimag.hu\/webshop\/?post_type=product&#038;p=21081"},"modified":"2026-04-03T15:55:55","modified_gmt":"2026-04-03T15:55:55","slug":"paradicsom-ciccio-f1-sl-eln","status":"publish","type":"product","link":"https:\/\/chilimag.hu\/webshop\/termek\/paradicsom-ciccio-f1-sl-eln\/","title":{"rendered":"Paradicsom Ciccio  SL ELN"},"content":{"rendered":"","protected":false},"excerpt":{"rendered":"<p><img decoding=\"async\" class=\"logo\" src=\"https:\/\/b2b.seklos.lt\/themes\/warehouse\/img\/logo_en.png\" alt=\"Agrofirma S\u0117klos, UAB\" \/><\/p>\n<p>K\u00f6z\u00e9pk\u00e9s\u0151i, magas n\u00f6veked\u00e9s\u0171 (hat\u00e1rozatlan), \u0151si \u00e9s rendk\u00edv\u00fcl term\u00e9keny paradicsomfajta. R\u00e1ad\u00e1sul az egyik legfinomabb \u201eBika sz\u00edv\u201d paradicsomfajta. A n\u00f6v\u00e9ny 1000 g s\u00faly\u00fa r\u00f3zsasz\u00edn gy\u00fcm\u00f6lcs\u00f6ket ad. Ez a paradicsomfajta azoknak fog tetszeni, akik szeretik a finom, \u00e9des, lisztes \u00e9s szinte mag n\u00e9lk\u00fcli gy\u00fcm\u00f6lcs\u00f6ket. Az ilyen paradicsomok ide\u00e1lisak sal\u00e1t\u00e1k k\u00e9sz\u00edt\u00e9s\u00e9re vagy tart\u00f3s\u00edt\u00e1sra. Magjaikat m\u00e1rciusban kell elvetni. A pal\u00e1nt\u00e1kat \u00fcveg- vagy m\u0171anyagf\u00f3li\u00e1val kell lefedni, hogy gyorsabban \u00e9s egyenletesebben cs\u00edr\u00e1zzanak. Az aljzat h\u0151m\u00e9rs\u00e9klete, amelybe a magokat veti, +21 \u00b0C \u00e9s 26 \u00b0C k\u00f6z\u00f6tt legyen, a k\u00f6rnyezet h\u0151m\u00e9rs\u00e9klete pedig legal\u00e1bb +23 \u00b0C.<br \/>\nMiut\u00e1n a pal\u00e1nt\u00e1k 2-4 val\u00f3di levelet n\u00f6vesztettek, egyenk\u00e9nt \u00e1t kell \u00fcltetni \u0151ket, \u00e9s a fagyvesz\u00e9ly elm\u00falt\u00e1val \u00fcvegh\u00e1zba kell vinni.<br \/>\ng.<br \/>\n0,1 g \u2013 kb. 25-40 mag.<br \/>\n0,1 g 10\u201315 m2 ter\u00fcletre \u2013 kedvez\u0151 termeszt\u00e9si felt\u00e9telek mellett 25\u201340 kg-ig el\u0151re jelzett term\u00e9shozam.<\/p>\n<p>S\u00falya 0,2g<br \/>\nMagok sz\u00e1ma grammonk\u00e9nt 250-400<br \/>\nSz\u00fcret VI-VIII<br \/>\nVet\u00e9sid\u0151 \u00fcvegh\u00e1zban III-IV<br \/>\nGy\u00e1rt\u00f3: Lucia Elite<br \/>\nT\u00e1vols\u00e1gok, cm V-VI, 60&#215;40 cm<\/p>\n","protected":false},"featured_media":21082,"comment_status":"closed","ping_status":"closed","template":"","meta":[],"product_brand":[],"product_cat":[368],"product_tag":[],"class_list":{"0":"post-21081","1":"product","2":"type-product","3":"status-publish","4":"has-post-thumbnail","6":"product_cat-zoldseg-vetomagok","8":"first","9":"instock","10":"taxable","11":"shipping-taxable","12":"purchasable","13":"product-type-simple"},"_links":{"self":[{"href":"https:\/\/chilimag.hu\/webshop\/wp-json\/wp\/v2\/product\/21081","targetHints":{"allow":["GET"]}}],"collection":[{"href":"https:\/\/chilimag.hu\/webshop\/wp-json\/wp\/v2\/product"}],"about":[{"href":"https:\/\/chilimag.hu\/webshop\/wp-json\/wp\/v2\/types\/product"}],"replies":[{"embeddable":true,"href":"https:\/\/chilimag.hu\/webshop\/wp-json\/wp\/v2\/comments?post=21081"}],"wp:featuredmedia":[{"embeddable":true,"href":"https:\/\/chilimag.hu\/webshop\/wp-json\/wp\/v2\/media\/21082"}],"wp:attachment":[{"href":"https:\/\/chilimag.hu\/webshop\/wp-json\/wp\/v2\/media?parent=21081"}],"wp:term":[{"taxonomy":"product_brand","embeddable":true,"href":"https:\/\/chilimag.hu\/webshop\/wp-json\/wp\/v2\/product_brand?post=21081"},{"taxonomy":"product_cat","embeddable":true,"href":"https:\/\/chilimag.hu\/webshop\/wp-json\/wp\/v2\/product_cat?post=21081"},{"taxonomy":"product_tag","embeddable":true,"href":"https:\/\/chilimag.hu\/webshop\/wp-json\/wp\/v2\/product_tag?post=21081"}],"curies":[{"name":"wp","href":"https:\/\/api.w.org\/{rel}","templated":true}]}}