{"id":21030,"date":"2023-02-11T20:09:05","date_gmt":"2023-02-11T20:09:05","guid":{"rendered":"https:\/\/chilimag.hu\/webshop\/?post_type=product&#038;p=21030"},"modified":"2026-02-15T17:32:35","modified_gmt":"2026-02-15T17:32:35","slug":"cseppecske-virag-sl-eln","status":"publish","type":"product","link":"https:\/\/chilimag.hu\/webshop\/termek\/cseppecske-virag-sl-eln\/","title":{"rendered":"Cseppecske Akila purple SL ELN"},"content":{"rendered":"","protected":false},"excerpt":{"rendered":"<p><img decoding=\"async\" class=\"active-logo\" src=\"https:\/\/b2b.seklos.lt\/themes\/warehouse\/img\/logo_en.png\" alt=\"Agrofirma S\u0117klos, UAB\" width=\"280\" height=\"95\" \/><\/p>\n<p>Az egyny\u00e1ri n\u00f6v\u00e9nyk\u00e9nt termesztett n\u00f6v\u00e9nyek bokor alak\u00faak, t\u00f6m\u00f6rek, vir\u00e1gai f\u00e9nyesek, kontrasztosak, b\u0151s\u00e9gesen vir\u00e1goznak. Vir\u00e1goskertekben \u00e9s cser\u00e9pben termesztik, csoportosan \u00fcltetik. E n\u00f6v\u00e9nyek \u00fcltet\u00e9sekor nagyon fontos, hogy ne \u00fcltess\u00fck t\u00fal s\u0171r\u0171n. Ezeket a vir\u00e1gokat hossz\u00fa \u00e9s b\u0151s\u00e9ges vir\u00e1gz\u00e1suk miatt \u00e9rt\u00e9kelik. A szezon v\u00e9g\u00e9n, ha a n\u00f6v\u00e9nyeket olyan helyis\u00e9gbe helyezik, ahol +3 \u00b0C h\u0151m\u00e9rs\u00e9kletet eg\u00e9sz t\u00e9len fenntartanak, a n\u00f6v\u00e9nyek kora tavasszal kihajtanak. Legjobban napos vir\u00e1g\u00e1gy\u00e1sokban, sz\u00e9lt\u0151l v\u00e9dett helyen, v\u00edz\u00e1tereszt\u0151 talajban fejl\u0151dik. \u00c9rdemes a talajba \u00fcltetni, mivel a pal\u00e1nt\u00e1kat kor\u00e1n el kell vetni, mivel a cs\u00edr\u00e1z\u00e1s lass\u00fa.<br \/>\n3-5 m\u00b2-es ter\u00fcletre elegend\u0151 6 mag vagy 4 cser\u00e9p, ha cser\u00e9pben egy n\u00f6v\u00e9nyt \u00fcltet\u00fcnk.<\/p>\n<p>Vet\u00e9sid\u0151 \u00fcvegh\u00e1zban II-IV<br \/>\nGy\u00e1rt\u00f3: Lucia Elite<br \/>\nKiszerel\u00e9s 6 s<br \/>\nVir\u00e1gz\u00e1si id\u0151szak VI-X<br \/>\nT\u00e1vols\u00e1gok, cm 40&#215;40 cm<\/p>\n","protected":false},"featured_media":21031,"comment_status":"closed","ping_status":"closed","template":"","meta":[],"product_brand":[],"product_cat":[369],"product_tag":[],"class_list":{"0":"post-21030","1":"product","2":"type-product","3":"status-publish","4":"has-post-thumbnail","6":"product_cat-virag-vetomagok-lucia-elite","8":"first","9":"instock","10":"taxable","11":"shipping-taxable","12":"purchasable","13":"product-type-simple"},"_links":{"self":[{"href":"https:\/\/chilimag.hu\/webshop\/wp-json\/wp\/v2\/product\/21030","targetHints":{"allow":["GET"]}}],"collection":[{"href":"https:\/\/chilimag.hu\/webshop\/wp-json\/wp\/v2\/product"}],"about":[{"href":"https:\/\/chilimag.hu\/webshop\/wp-json\/wp\/v2\/types\/product"}],"replies":[{"embeddable":true,"href":"https:\/\/chilimag.hu\/webshop\/wp-json\/wp\/v2\/comments?post=21030"}],"wp:featuredmedia":[{"embeddable":true,"href":"https:\/\/chilimag.hu\/webshop\/wp-json\/wp\/v2\/media\/21031"}],"wp:attachment":[{"href":"https:\/\/chilimag.hu\/webshop\/wp-json\/wp\/v2\/media?parent=21030"}],"wp:term":[{"taxonomy":"product_brand","embeddable":true,"href":"https:\/\/chilimag.hu\/webshop\/wp-json\/wp\/v2\/product_brand?post=21030"},{"taxonomy":"product_cat","embeddable":true,"href":"https:\/\/chilimag.hu\/webshop\/wp-json\/wp\/v2\/product_cat?post=21030"},{"taxonomy":"product_tag","embeddable":true,"href":"https:\/\/chilimag.hu\/webshop\/wp-json\/wp\/v2\/product_tag?post=21030"}],"curies":[{"name":"wp","href":"https:\/\/api.w.org\/{rel}","templated":true}]}}