{"id":21028,"date":"2023-02-11T20:05:12","date_gmt":"2023-02-11T20:05:12","guid":{"rendered":"https:\/\/chilimag.hu\/webshop\/?post_type=product&#038;p=21028"},"modified":"2025-08-22T09:03:21","modified_gmt":"2025-08-22T09:03:21","slug":"salata-florinred-sl-eln","status":"publish","type":"product","link":"https:\/\/chilimag.hu\/webshop\/termek\/salata-florinred-sl-eln\/","title":{"rendered":"Sal\u00e1ta Florinred Sl ELN"},"content":{"rendered":"","protected":false},"excerpt":{"rendered":"<p><img decoding=\"async\" class=\"active-logo\" src=\"https:\/\/b2b.seklos.lt\/themes\/warehouse\/img\/logo_en.png\" alt=\"Agrofirma S\u0117klos, UAB\" width=\"280\" height=\"95\" \/><\/p>\n<p>Korai, betegs\u00e9geknek ellen\u00e1ll\u00f3 \u00e9s nagyon term\u00e9keny sal\u00e1tafajta. A k\u00e9tsz\u00edn\u0171 lombozat v\u00f6r\u00f6s-z\u00f6ld sz\u00edn\u0171, j\u00f3 \u00edz\u0171, lassan n\u00f6vekszik. A sal\u00e1ta v\u00e1g\u00e1s ut\u00e1n \u00e9s +3-5 \u00b0C-os h\u0171t\u0151szekr\u00e9nyben t\u00e1rolva sok\u00e1ig nem fonnyad. Tavaszi, ny\u00e1ri \u00e9s \u0151szi betakar\u00edt\u00e1sra termesztik, szabadban \u00e9s \u00fcvegh\u00e1zakban. A sal\u00e1ta pal\u00e1nt\u00e1kat akkor \u00fcltetik \u00e1t \u00e1lland\u00f3 helyre, ha m\u00e1r 5-6 val\u00f3di levele van. 20 x 30 cm-es t\u00e1vols\u00e1gra \u00fcltetj\u00fck, nem m\u00e9lyebbre, mint kor\u00e1bban termesztett\u00e9k. Kor\u00e1bbi betakar\u00edt\u00e1shoz sal\u00e1tapal\u00e1nta termeszt\u00e9se javasolt. A term\u00e9st 45-55 nap m\u00falva takar\u00edtj\u00e1k be.<br \/>\nPellet\u00e1lt, k\u00f6t\u0151bevonatos, k\u00f6nnyen elvethet\u0151 magvak. A magok cs\u00edr\u00e1z\u00e1s\u00e1nak el\u0151seg\u00edt\u00e9se \u00e9rdek\u00e9ben megfelel\u0151 nedvess\u00e9gszintet kell biztos\u00edtani.<br \/>\n25 mag (pal\u00e1ntak\u00e9nt vetve) elegend\u0151 4 m\u00b2-es ter\u00fcletre. Kedvez\u0151 termeszt\u00e9si felt\u00e9telek mellett 3-4 kg a v\u00e1rhat\u00f3 term\u00e9shozam.<\/p>\n<p>S\u00faly 0,002 kg<br \/>\nSz\u00fcret V-IX<br \/>\nVet\u00e9sid\u0151 a talajban V-VII<br \/>\nVet\u00e9sid\u0151 \u00fcvegh\u00e1zban III-IV<br \/>\nGy\u00e1rt\u00f3: Lucia Elite<br \/>\nKiszerel\u00e9s 25 s<br \/>\nT\u00e1vols\u00e1gok, cm 20&#215;20 cm<\/p>\n","protected":false},"featured_media":21029,"comment_status":"closed","ping_status":"closed","template":"","meta":[],"product_brand":[],"product_cat":[368],"product_tag":[],"class_list":{"0":"post-21028","1":"product","2":"type-product","3":"status-publish","4":"has-post-thumbnail","6":"product_cat-zoldseg-vetomagok","8":"first","9":"instock","10":"taxable","11":"shipping-taxable","12":"purchasable","13":"product-type-simple"},"_links":{"self":[{"href":"https:\/\/chilimag.hu\/webshop\/wp-json\/wp\/v2\/product\/21028","targetHints":{"allow":["GET"]}}],"collection":[{"href":"https:\/\/chilimag.hu\/webshop\/wp-json\/wp\/v2\/product"}],"about":[{"href":"https:\/\/chilimag.hu\/webshop\/wp-json\/wp\/v2\/types\/product"}],"replies":[{"embeddable":true,"href":"https:\/\/chilimag.hu\/webshop\/wp-json\/wp\/v2\/comments?post=21028"}],"wp:featuredmedia":[{"embeddable":true,"href":"https:\/\/chilimag.hu\/webshop\/wp-json\/wp\/v2\/media\/21029"}],"wp:attachment":[{"href":"https:\/\/chilimag.hu\/webshop\/wp-json\/wp\/v2\/media?parent=21028"}],"wp:term":[{"taxonomy":"product_brand","embeddable":true,"href":"https:\/\/chilimag.hu\/webshop\/wp-json\/wp\/v2\/product_brand?post=21028"},{"taxonomy":"product_cat","embeddable":true,"href":"https:\/\/chilimag.hu\/webshop\/wp-json\/wp\/v2\/product_cat?post=21028"},{"taxonomy":"product_tag","embeddable":true,"href":"https:\/\/chilimag.hu\/webshop\/wp-json\/wp\/v2\/product_tag?post=21028"}],"curies":[{"name":"wp","href":"https:\/\/api.w.org\/{rel}","templated":true}]}}