{"id":21010,"date":"2023-02-11T19:39:59","date_gmt":"2023-02-11T19:39:59","guid":{"rendered":"https:\/\/chilimag.hu\/webshop\/?post_type=product&#038;p=21010"},"modified":"2026-02-18T12:44:29","modified_gmt":"2026-02-18T12:44:29","slug":"oregano-sl-ow","status":"publish","type":"product","link":"https:\/\/chilimag.hu\/webshop\/termek\/oregano-sl-ow\/","title":{"rendered":"Oregano SL OW"},"content":{"rendered":"","protected":false},"excerpt":{"rendered":"<p><img decoding=\"async\" class=\"active-logo\" src=\"https:\/\/b2b.seklos.lt\/themes\/warehouse\/img\/logo_en.png\" alt=\"Agrofirma S\u0117klos, UAB\" width=\"280\" height=\"95\" \/><\/p>\n<p>\u00c9vel\u0151 gy\u00f3gy-, nektariferikus, dekorat\u00edv f\u0171szern\u00f6v\u00e9nyek. A friss \u00e9s sz\u00e1r\u00edtott leveleket sal\u00e1t\u00e1khoz, h\u00fas\u00e9telekhez, m\u00e1rt\u00e1s \u00edzes\u00edt\u00e9s\u00e9hez haszn\u00e1lj\u00e1k. Az olasz konyha nagyon kedvelt f\u0171szere, az oreg\u00e1n\u00f3t pizz\u00e1hoz, spagettihez haszn\u00e1lj\u00e1k.<\/p>\n<p>S\u00falya 0,3g<br \/>\nMagok sz\u00e1ma grammonk\u00e9nt 10000<br \/>\nSz\u00fcret V\u2013IX, 30-50 cm<br \/>\nTerm\u0151f\u00f6ld<br \/>\nVet\u00e9sid\u0151 a talajban V, 0 cm<br \/>\nVet\u00e9sid\u0151 \u00fcvegh\u00e1zban IV, 0 cm<br \/>\nGy\u00e1rt\u00f3 Organic Way<br \/>\nT\u00e1vols\u00e1gok, cm 70 x 20 cm<\/p>\n","protected":false},"featured_media":21011,"comment_status":"closed","ping_status":"closed","template":"","meta":[],"product_brand":[],"product_cat":[354],"product_tag":[],"class_list":{"0":"post-21010","1":"product","2":"type-product","3":"status-publish","4":"has-post-thumbnail","6":"product_cat-organic-way","8":"first","9":"instock","10":"taxable","11":"shipping-taxable","12":"purchasable","13":"product-type-simple"},"_links":{"self":[{"href":"https:\/\/chilimag.hu\/webshop\/wp-json\/wp\/v2\/product\/21010","targetHints":{"allow":["GET"]}}],"collection":[{"href":"https:\/\/chilimag.hu\/webshop\/wp-json\/wp\/v2\/product"}],"about":[{"href":"https:\/\/chilimag.hu\/webshop\/wp-json\/wp\/v2\/types\/product"}],"replies":[{"embeddable":true,"href":"https:\/\/chilimag.hu\/webshop\/wp-json\/wp\/v2\/comments?post=21010"}],"wp:featuredmedia":[{"embeddable":true,"href":"https:\/\/chilimag.hu\/webshop\/wp-json\/wp\/v2\/media\/21011"}],"wp:attachment":[{"href":"https:\/\/chilimag.hu\/webshop\/wp-json\/wp\/v2\/media?parent=21010"}],"wp:term":[{"taxonomy":"product_brand","embeddable":true,"href":"https:\/\/chilimag.hu\/webshop\/wp-json\/wp\/v2\/product_brand?post=21010"},{"taxonomy":"product_cat","embeddable":true,"href":"https:\/\/chilimag.hu\/webshop\/wp-json\/wp\/v2\/product_cat?post=21010"},{"taxonomy":"product_tag","embeddable":true,"href":"https:\/\/chilimag.hu\/webshop\/wp-json\/wp\/v2\/product_tag?post=21010"}],"curies":[{"name":"wp","href":"https:\/\/api.w.org\/{rel}","templated":true}]}}