{"id":20941,"date":"2023-02-10T19:07:51","date_gmt":"2023-02-10T19:07:51","guid":{"rendered":"https:\/\/chilimag.hu\/webshop\/?post_type=product&#038;p=20941"},"modified":"2026-03-08T20:56:41","modified_gmt":"2026-03-08T20:56:41","slug":"kotorofu-rocco-red-sl-eln","status":"publish","type":"product","link":"https:\/\/chilimag.hu\/webshop\/termek\/kotorofu-rocco-red-sl-eln\/","title":{"rendered":"K\u0151t\u00f6r\u0151f\u0171 Rocco Red SL ELN"},"content":{"rendered":"","protected":false},"excerpt":{"rendered":"<p><img decoding=\"async\" class=\"active-logo\" src=\"https:\/\/b2b.seklos.lt\/themes\/warehouse\/img\/logo_en.png\" alt=\"Agrofirma S\u0117klos, UAB\" width=\"280\" height=\"95\" \/><\/p>\n<p>\u00c9vel\u0151, t\u00f6rpe, kev\u00e9s karbantart\u00e1st ig\u00e9nyl\u0151 ut\u00f3 vir\u00e1gok \u00f6r\u00f6kz\u00f6ld lombozattal \u00e9s piros kis vir\u00e1gzattal. Ezek a 10-15 cm magas vir\u00e1gok az eg\u00e9sz szezonban d\u00edszesek maradnak. T\u00f6bb \u00e9vig termeszthet\u0151 ugyanazon a helyen, \u00f6nvet\u0151, id\u0151vel s\u0171r\u0171 sz\u0151nyeget k\u00e9pez. T\u00f6rpe vir\u00e1g\u00e1gy\u00e1sokban ut\u00f3n\u00f6v\u00e9nyk\u00e9nt termeszthet\u0151. T\u00f6k\u00e9letesen kieg\u00e9sz\u00edti a t\u00f6bbi vir\u00e1got cser\u00e9pben. J\u00f3 v\u00edzelvezet\u00e9s\u0171, nem vizes, humuszos talajt kell v\u00e1lasztani ezeknek a vir\u00e1goknak a termeszt\u00e9s\u00e9hez. A n\u00f6v\u00e9nyeket csak akkor szabad \u00f6nt\u00f6zni, ha a sz\u00e1razs\u00e1g hosszabb ideig tart. Ha vir\u00e1g\u00e1gy\u00e1sban termesztik, ezeket a vir\u00e1gokat r\u00e9szleges \u00e1rny\u00e9kba kell \u00fcltetni, ahol ezeknek a vir\u00e1goknak a vir\u00e1gz\u00e1sa f\u00e9nyesebb lesz, mint naps\u00fct\u00e9sben. Ezek a vir\u00e1gok t\u00f6bb \u00e9vig is termeszthet\u0151k ugyanazon a helyen, telel\u00e9shez le kell takarni. A burkolatokat kora tavasszal el kell t\u00e1vol\u00edtani, mivel ezek a vir\u00e1gok az els\u0151k k\u00f6z\u00f6tt veget\u00e1lnak.<br \/>\nPellet\u00e1lt magvak, k\u00f6t\u0151kever\u00e9kkel bor\u00edtva, k\u00f6nnyen vethet\u0151k. A cs\u00edr\u00e1z\u00e1s el\u0151seg\u00edt\u00e9se \u00e9rdek\u00e9ben ker\u00fclni kell a nedvess\u00e9g hi\u00e1ny\u00e1t.<br \/>\n20 mag 1 m2-es vir\u00e1g\u00e1gy\u00e1shoz vagy 7-8 cser\u00e9phez.<\/p>\n<p>L \u00e1rcsoport<br \/>\nVir\u00e1gz\u00e1si id\u0151, magass\u00e1g V-VI, VIII-IX<br \/>\nMagh\u00edrek 2020<br \/>\nVet\u00e9sid\u0151 a talajban V<br \/>\nVet\u00e9sid\u0151 \u00fcvegh\u00e1zban IV -V<br \/>\nGy\u00e1rt\u00f3: Lucia Elite<br \/>\nMagok sz\u00e1ma a csomagban, db. 30<br \/>\nS\u0117jos gylis, cm 1 cm<br \/>\nT\u00e1vols\u00e1gok, cm 25&#215;25 cm<\/p>\n","protected":false},"featured_media":20942,"comment_status":"closed","ping_status":"closed","template":"","meta":[],"product_brand":[],"product_cat":[369],"product_tag":[],"class_list":{"0":"post-20941","1":"product","2":"type-product","3":"status-publish","4":"has-post-thumbnail","6":"product_cat-virag-vetomagok-lucia-elite","8":"first","9":"instock","10":"taxable","11":"shipping-taxable","12":"purchasable","13":"product-type-simple"},"_links":{"self":[{"href":"https:\/\/chilimag.hu\/webshop\/wp-json\/wp\/v2\/product\/20941","targetHints":{"allow":["GET"]}}],"collection":[{"href":"https:\/\/chilimag.hu\/webshop\/wp-json\/wp\/v2\/product"}],"about":[{"href":"https:\/\/chilimag.hu\/webshop\/wp-json\/wp\/v2\/types\/product"}],"replies":[{"embeddable":true,"href":"https:\/\/chilimag.hu\/webshop\/wp-json\/wp\/v2\/comments?post=20941"}],"wp:featuredmedia":[{"embeddable":true,"href":"https:\/\/chilimag.hu\/webshop\/wp-json\/wp\/v2\/media\/20942"}],"wp:attachment":[{"href":"https:\/\/chilimag.hu\/webshop\/wp-json\/wp\/v2\/media?parent=20941"}],"wp:term":[{"taxonomy":"product_brand","embeddable":true,"href":"https:\/\/chilimag.hu\/webshop\/wp-json\/wp\/v2\/product_brand?post=20941"},{"taxonomy":"product_cat","embeddable":true,"href":"https:\/\/chilimag.hu\/webshop\/wp-json\/wp\/v2\/product_cat?post=20941"},{"taxonomy":"product_tag","embeddable":true,"href":"https:\/\/chilimag.hu\/webshop\/wp-json\/wp\/v2\/product_tag?post=20941"}],"curies":[{"name":"wp","href":"https:\/\/api.w.org\/{rel}","templated":true}]}}