{"id":20896,"date":"2023-02-10T13:37:25","date_gmt":"2023-02-10T13:37:25","guid":{"rendered":"https:\/\/chilimag.hu\/webshop\/?post_type=product&#038;p=20896"},"modified":"2025-08-21T10:21:47","modified_gmt":"2025-08-21T10:21:47","slug":"diszrizs-black-madnes-sl-eln","status":"publish","type":"product","link":"https:\/\/chilimag.hu\/webshop\/termek\/diszrizs-black-madnes-sl-eln\/","title":{"rendered":"D\u00edszrizs Black Madnes SL ELN"},"content":{"rendered":"","protected":false},"excerpt":{"rendered":"<p><img decoding=\"async\" class=\"active-logo\" src=\"https:\/\/b2b.seklos.lt\/themes\/warehouse\/img\/logo_en.png\" alt=\"Agrofirma S\u0117klos, UAB\" width=\"280\" height=\"95\" \/><\/p>\n<p>L\u00e1gysz\u00e1r\u00fa, 40 cm magas, s\u00f6t\u00e9tlila lombozat\u00fa, egyny\u00e1ri, nedvess\u00e9gkedvel\u0151. Alkalmas szabadon \u00e1ll\u00f3 cserepekhez, vir\u00e1goskertekhez vagy vir\u00e1gkever\u00e9kekhez. K\u00fcl\u00f6n\u00f6sen alkalmas v\u00edztestek tereprendez\u00e9s\u00e9re. Vil\u00e1gos vir\u00e1gokkal kombin\u00e1lhat\u00f3, leszedhet\u0151 \u00e9s sz\u00e1r\u00edthat\u00f3. Napos hely, nedves talajjal aj\u00e1nlott. Nagyon fontos, hogy a n\u00f6v\u00e9nyeket nedvesen tartsuk. Vir\u00e1g\u00e1gy\u00e1sokba \u00fcltet\u00e9skor aj\u00e1nlatos cser\u00e9pben termesztett, \u00e9rett n\u00f6v\u00e9nyeket \u00fcltetni.<br \/>\n1 g kb. 40 mag.<br \/>\n40 m2-es ter\u00fcletre vagy 40-60 cser\u00e9pre 2 g vet\u0151mag elegend\u0151, mindegyikbe 1 n\u00f6v\u00e9nyt \u00fcltetve.<\/p>\n<p>S\u00faly 2 g<br \/>\nMagok sz\u00e1ma grammonk\u00e9nt 40<br \/>\nVet\u00e9sid\u0151 a talajban V-VI<br \/>\nVet\u00e9sid\u0151 \u00fcvegh\u00e1zban III-IV<br \/>\nGy\u00e1rt\u00f3: Lucia Elite<br \/>\nVir\u00e1gz\u00e1s VI-IX<br \/>\nT\u00e1vols\u00e1gok, cm 30&#215;30 cm<\/p>\n","protected":false},"featured_media":20897,"comment_status":"closed","ping_status":"closed","template":"","meta":[],"product_brand":[],"product_cat":[369],"product_tag":[],"class_list":{"0":"post-20896","1":"product","2":"type-product","3":"status-publish","4":"has-post-thumbnail","6":"product_cat-virag-vetomagok-lucia-elite","8":"first","9":"instock","10":"taxable","11":"shipping-taxable","12":"purchasable","13":"product-type-simple"},"_links":{"self":[{"href":"https:\/\/chilimag.hu\/webshop\/wp-json\/wp\/v2\/product\/20896","targetHints":{"allow":["GET"]}}],"collection":[{"href":"https:\/\/chilimag.hu\/webshop\/wp-json\/wp\/v2\/product"}],"about":[{"href":"https:\/\/chilimag.hu\/webshop\/wp-json\/wp\/v2\/types\/product"}],"replies":[{"embeddable":true,"href":"https:\/\/chilimag.hu\/webshop\/wp-json\/wp\/v2\/comments?post=20896"}],"wp:featuredmedia":[{"embeddable":true,"href":"https:\/\/chilimag.hu\/webshop\/wp-json\/wp\/v2\/media\/20897"}],"wp:attachment":[{"href":"https:\/\/chilimag.hu\/webshop\/wp-json\/wp\/v2\/media?parent=20896"}],"wp:term":[{"taxonomy":"product_brand","embeddable":true,"href":"https:\/\/chilimag.hu\/webshop\/wp-json\/wp\/v2\/product_brand?post=20896"},{"taxonomy":"product_cat","embeddable":true,"href":"https:\/\/chilimag.hu\/webshop\/wp-json\/wp\/v2\/product_cat?post=20896"},{"taxonomy":"product_tag","embeddable":true,"href":"https:\/\/chilimag.hu\/webshop\/wp-json\/wp\/v2\/product_tag?post=20896"}],"curies":[{"name":"wp","href":"https:\/\/api.w.org\/{rel}","templated":true}]}}