{"id":20813,"date":"2023-02-09T19:51:07","date_gmt":"2023-02-09T19:51:07","guid":{"rendered":"https:\/\/chilimag.hu\/webshop\/?post_type=product&#038;p=20813"},"modified":"2026-01-24T20:38:05","modified_gmt":"2026-01-24T20:38:05","slug":"salata-bionda-a-foglia-riccia-sl-ow","status":"publish","type":"product","link":"https:\/\/chilimag.hu\/webshop\/termek\/salata-bionda-a-foglia-riccia-sl-ow\/","title":{"rendered":"Sal\u00e1ta Bionda A Foglia Riccia SL OW"},"content":{"rendered":"","protected":false},"excerpt":{"rendered":"<p><img decoding=\"async\" class=\"active-logo\" src=\"https:\/\/b2b.seklos.lt\/themes\/warehouse\/img\/logo_en.png\" alt=\"Agrofirma S\u0117klos, UAB\" width=\"280\" height=\"95\" \/><\/p>\n<p>Korai leveles sal\u00e1ta fajta. Z\u00f6ld levelek, nagyon \u00edzletesek, v\u00e1gva \u00fajra n\u0151nek. Polietil\u00e9n \u00fcvegh\u00e1zakban vagy szabadban termesztik. A min\u0151s\u00e9gi hozam \u00e9rdek\u00e9ben a pal\u00e1nt\u00e1k ki\u00fcltet\u00e9s\u00e9t javasoljuk. Laza, term\u00e9keny talajban fejl\u0151dik a legjobban.<br \/>\nVet\u00e9sid\u0151, m\u00e9lys\u00e9g III-IV, 0,5 cm<br \/>\n\u00dcltet\u00e9si t\u00e1vols\u00e1gok IV-V, 20 x 20 cm<br \/>\nSz\u00fcret V\u2013IX<br \/>\nVet\u00e9sid\u0151 a talajban IV\u2013VII, X<br \/>\nVet\u00e9sid\u0151 \u00fcvegh\u00e1zban III\u2013IV<br \/>\nGy\u00e1rt\u00f3 Organic Way<br \/>\nMagok sz\u00e1ma a csomagban, db. 800-1100<\/p>\n","protected":false},"featured_media":20814,"comment_status":"closed","ping_status":"closed","template":"","meta":[],"product_brand":[],"product_cat":[354],"product_tag":[],"class_list":{"0":"post-20813","1":"product","2":"type-product","3":"status-publish","4":"has-post-thumbnail","6":"product_cat-organic-way","8":"first","9":"instock","10":"taxable","11":"shipping-taxable","12":"purchasable","13":"product-type-simple"},"_links":{"self":[{"href":"https:\/\/chilimag.hu\/webshop\/wp-json\/wp\/v2\/product\/20813","targetHints":{"allow":["GET"]}}],"collection":[{"href":"https:\/\/chilimag.hu\/webshop\/wp-json\/wp\/v2\/product"}],"about":[{"href":"https:\/\/chilimag.hu\/webshop\/wp-json\/wp\/v2\/types\/product"}],"replies":[{"embeddable":true,"href":"https:\/\/chilimag.hu\/webshop\/wp-json\/wp\/v2\/comments?post=20813"}],"wp:featuredmedia":[{"embeddable":true,"href":"https:\/\/chilimag.hu\/webshop\/wp-json\/wp\/v2\/media\/20814"}],"wp:attachment":[{"href":"https:\/\/chilimag.hu\/webshop\/wp-json\/wp\/v2\/media?parent=20813"}],"wp:term":[{"taxonomy":"product_brand","embeddable":true,"href":"https:\/\/chilimag.hu\/webshop\/wp-json\/wp\/v2\/product_brand?post=20813"},{"taxonomy":"product_cat","embeddable":true,"href":"https:\/\/chilimag.hu\/webshop\/wp-json\/wp\/v2\/product_cat?post=20813"},{"taxonomy":"product_tag","embeddable":true,"href":"https:\/\/chilimag.hu\/webshop\/wp-json\/wp\/v2\/product_tag?post=20813"}],"curies":[{"name":"wp","href":"https:\/\/api.w.org\/{rel}","templated":true}]}}