{"id":20798,"date":"2023-02-09T19:22:19","date_gmt":"2023-02-09T19:22:19","guid":{"rendered":"https:\/\/chilimag.hu\/webshop\/?post_type=product&#038;p=20798"},"modified":"2026-02-18T19:24:37","modified_gmt":"2026-02-18T19:24:37","slug":"sargadinnye-retato-degli-ortolani-sl-ow","status":"publish","type":"product","link":"https:\/\/chilimag.hu\/webshop\/termek\/sargadinnye-retato-degli-ortolani-sl-ow\/","title":{"rendered":"S\u00e1rgadinnye Retato Degli Ortolani SL OW"},"content":{"rendered":"","protected":false},"excerpt":{"rendered":"<p><img decoding=\"async\" class=\"active-logo\" src=\"https:\/\/b2b.seklos.lt\/themes\/warehouse\/img\/logo_en.png\" alt=\"Agrofirma S\u0117klos, UAB\" width=\"280\" height=\"95\" \/><\/p>\n<p>\u00dcvegh\u00e1zban vagy szabadban termesztett melegkedvel\u0151 z\u00f6lds\u00e9g, meleg, sz\u00e9lt\u0151l v\u00e9dett helyet v\u00e1lasztva. A gy\u00fcm\u00f6lcs \u00edzletes, arom\u00e1s. Legfeljebb 2-3 gy\u00fcm\u00f6lcs maradjon egy n\u00f6v\u00e9nyen Ny\u00e1r v\u00e9g\u00e9n, fagyok el\u0151tt betakar\u00edtva.<br \/>\nMagok sz\u00e1ma grammonk\u00e9nt 25-40<br \/>\nSz\u00fcret VII-VIII<br \/>\nNapos hely Igen<br \/>\nTerm\u0151f\u00f6ld, \u00fcvegh\u00e1zban<br \/>\n\u00d6nbeporz\u00f3 sz<br \/>\nVet\u00e9sid\u0151 \u00fcvegh\u00e1zban IV-V,3 cm<br \/>\nGy\u00e1rt\u00f3 Organic Way<br \/>\nT\u00e1vols\u00e1gok, cm 60&#215;40 cm<\/p>\n","protected":false},"featured_media":20799,"comment_status":"closed","ping_status":"closed","template":"","meta":[],"product_brand":[],"product_cat":[354],"product_tag":[],"class_list":{"0":"post-20798","1":"product","2":"type-product","3":"status-publish","4":"has-post-thumbnail","6":"product_cat-organic-way","8":"first","9":"instock","10":"taxable","11":"shipping-taxable","12":"purchasable","13":"product-type-simple"},"_links":{"self":[{"href":"https:\/\/chilimag.hu\/webshop\/wp-json\/wp\/v2\/product\/20798","targetHints":{"allow":["GET"]}}],"collection":[{"href":"https:\/\/chilimag.hu\/webshop\/wp-json\/wp\/v2\/product"}],"about":[{"href":"https:\/\/chilimag.hu\/webshop\/wp-json\/wp\/v2\/types\/product"}],"replies":[{"embeddable":true,"href":"https:\/\/chilimag.hu\/webshop\/wp-json\/wp\/v2\/comments?post=20798"}],"wp:featuredmedia":[{"embeddable":true,"href":"https:\/\/chilimag.hu\/webshop\/wp-json\/wp\/v2\/media\/20799"}],"wp:attachment":[{"href":"https:\/\/chilimag.hu\/webshop\/wp-json\/wp\/v2\/media?parent=20798"}],"wp:term":[{"taxonomy":"product_brand","embeddable":true,"href":"https:\/\/chilimag.hu\/webshop\/wp-json\/wp\/v2\/product_brand?post=20798"},{"taxonomy":"product_cat","embeddable":true,"href":"https:\/\/chilimag.hu\/webshop\/wp-json\/wp\/v2\/product_cat?post=20798"},{"taxonomy":"product_tag","embeddable":true,"href":"https:\/\/chilimag.hu\/webshop\/wp-json\/wp\/v2\/product_tag?post=20798"}],"curies":[{"name":"wp","href":"https:\/\/api.w.org\/{rel}","templated":true}]}}