{"id":20783,"date":"2023-02-09T19:04:34","date_gmt":"2023-02-09T19:04:34","guid":{"rendered":"https:\/\/chilimag.hu\/webshop\/?post_type=product&#038;p=20783"},"modified":"2026-04-24T02:09:25","modified_gmt":"2026-04-24T02:09:25","slug":"kelkaposzta-savoy-vertus-2-sl-ow","status":"publish","type":"product","link":"https:\/\/chilimag.hu\/webshop\/termek\/kelkaposzta-savoy-vertus-2-sl-ow\/","title":{"rendered":"Kelk\u00e1poszta  Vertus 2 SL OW"},"content":{"rendered":"","protected":false},"excerpt":{"rendered":"<p><img decoding=\"async\" class=\"active-logo\" src=\"https:\/\/b2b.seklos.lt\/themes\/warehouse\/img\/logo_en.png\" alt=\"Agrofirma S\u0117klos, UAB\" width=\"280\" height=\"95\" \/><\/p>\n<p>K\u00f6z\u00e9pkorai fajta ny\u00e1ri-\u0151szi betakar\u00edt\u00e1sra. Nagyra \u00e9rt\u00e9kelik nagyszer\u0171 \u00edz\u00fck\u00e9rt \u00e9s d\u00edszes megjelen\u00e9s\u00fck\u00e9rt. A fejek kerekek, s\u00falya 2,5-3,5 kg. Alkalmas sal\u00e1t\u00e1khoz, bef\u0151z\u00e9shez, p\u00e1rol\u00e1shoz. Term\u00e9keny, k\u00f6zepesen neh\u00e9z talajban j\u00f3l fejl\u0151dik.<br \/>\n\u00d6kol\u00f3giai term\u00e9k \u00d6kol\u00f3giai<br \/>\nA fajta korai ideje M\u00e9rs\u00e9kelten korai<br \/>\nEgy csomagban l\u00e9v\u0151 mennyis\u00e9g 1 g<br \/>\nMagok sz\u00e1ma grammonk\u00e9nt 300<br \/>\nMagok sz\u00e1ma a csomagban, db. 300<br \/>\nVet\u00e9sid\u0151, m\u00e9lys\u00e9g 2 cm<br \/>\nVet\u00e9sid\u0151 a talajban V<br \/>\nVet\u00e9sid\u0151 \u00fcvegh\u00e1zban IV<br \/>\nT\u00e1vols\u00e1gok, cm IV-V, 60 x 50 cm<br \/>\n\u00dcltet\u00e9si t\u00e1vols\u00e1gok IV-V, 60 x 50 cm<br \/>\nSz\u00fcret VII-VIII<br \/>\nBrand Organic Way<br \/>\nNapos hely Igen<\/p>\n<p>&nbsp;<\/p>\n","protected":false},"featured_media":20784,"comment_status":"closed","ping_status":"closed","template":"","meta":[],"product_brand":[],"product_cat":[354],"product_tag":[],"class_list":{"0":"post-20783","1":"product","2":"type-product","3":"status-publish","4":"has-post-thumbnail","6":"product_cat-organic-way","8":"first","9":"instock","10":"taxable","11":"shipping-taxable","12":"purchasable","13":"product-type-simple"},"_links":{"self":[{"href":"https:\/\/chilimag.hu\/webshop\/wp-json\/wp\/v2\/product\/20783","targetHints":{"allow":["GET"]}}],"collection":[{"href":"https:\/\/chilimag.hu\/webshop\/wp-json\/wp\/v2\/product"}],"about":[{"href":"https:\/\/chilimag.hu\/webshop\/wp-json\/wp\/v2\/types\/product"}],"replies":[{"embeddable":true,"href":"https:\/\/chilimag.hu\/webshop\/wp-json\/wp\/v2\/comments?post=20783"}],"wp:featuredmedia":[{"embeddable":true,"href":"https:\/\/chilimag.hu\/webshop\/wp-json\/wp\/v2\/media\/20784"}],"wp:attachment":[{"href":"https:\/\/chilimag.hu\/webshop\/wp-json\/wp\/v2\/media?parent=20783"}],"wp:term":[{"taxonomy":"product_brand","embeddable":true,"href":"https:\/\/chilimag.hu\/webshop\/wp-json\/wp\/v2\/product_brand?post=20783"},{"taxonomy":"product_cat","embeddable":true,"href":"https:\/\/chilimag.hu\/webshop\/wp-json\/wp\/v2\/product_cat?post=20783"},{"taxonomy":"product_tag","embeddable":true,"href":"https:\/\/chilimag.hu\/webshop\/wp-json\/wp\/v2\/product_tag?post=20783"}],"curies":[{"name":"wp","href":"https:\/\/api.w.org\/{rel}","templated":true}]}}