{"id":20730,"date":"2023-02-08T19:26:17","date_gmt":"2023-02-08T19:26:17","guid":{"rendered":"https:\/\/chilimag.hu\/webshop\/?post_type=product&#038;p=20730"},"modified":"2025-08-22T09:04:12","modified_gmt":"2025-08-22T09:04:12","slug":"salata-melvine-sl-eln","status":"publish","type":"product","link":"https:\/\/chilimag.hu\/webshop\/termek\/salata-melvine-sl-eln\/","title":{"rendered":"Sal\u00e1ta Melvine SL ELN"},"content":{"rendered":"","protected":false},"excerpt":{"rendered":"<p><img decoding=\"async\" class=\"active-logo\" src=\"https:\/\/b2b.seklos.lt\/themes\/warehouse\/img\/logo_en.png\" alt=\"Agrofirma S\u0117klos, UAB\" width=\"280\" height=\"95\" \/><\/p>\n<p>Korai, magas hozam\u00fa sal\u00e1tafajta, betegs\u00e9gekkel szemben ellen\u00e1ll\u00f3. Vil\u00e1gosz\u00f6ld lombozat, finom, lassan n\u00f6vekszik. V\u00e1g\u00e1s ut\u00e1n sok\u00e1ig nem fonnyad, h\u0171t\u0151szekr\u00e9nyben +3-5 \u00b0C-on t\u00e1rolhat\u00f3. Tavaszi, ny\u00e1ri \u00e9s \u0151szi betakar\u00edt\u00e1sra termesztik a szabadban \u00e9s \u00fcvegh\u00e1zakban. Az 5-6 val\u00f3di leveles pal\u00e1nt\u00e1kat \u00e1lland\u00f3 termeszt\u0151helyre kell \u00e1t\u00fcltetni. 20 x 25 cm t\u00e1vols\u00e1gra kell \u00fcltetni, de nem m\u00e9lyebbre, mint kor\u00e1bban. A korai betakar\u00edt\u00e1shoz sal\u00e1tapal\u00e1nt\u00e1k termeszt\u00e9se javasolt. Ha k\u00f6zvetlen\u00fcl a talajba vetj\u00fck, akkor ritk\u00edt\u00e1s javasolt. \u00cdgy nagyobb lev\u00e9lrozetta \u00e9s nagyobb term\u00e9s \u00e9rhet\u0151 el. 45-55 nap alatt betakar\u00edthat\u00f3.<br \/>\nPellet\u00e1lt magok, k\u00f6t\u0151kever\u00e9kkel bevonva. A cs\u00edr\u00e1z\u00e1s el\u0151seg\u00edt\u00e9se \u00e9rdek\u00e9ben a talaj fel\u00fclet\u00e9nek nedvesnek kell lennie.<br \/>\n20 mag (ha pal\u00e1nt\u00e1t \u00fcltet\u00fcnk) 1 m2 ter\u00fcletre \u2013 a v\u00e1rhat\u00f3 term\u00e9shozam kedvez\u0151 termeszt\u00e9si k\u00f6r\u00fclm\u00e9nyek k\u00f6z\u00f6tt 3-4 kg.<br \/>\nL \u00e1rcsoport<br \/>\nSz\u00fcret V-IX<br \/>\nMagh\u00edrek 2020<br \/>\nVet\u00e9sid\u0151 a talajban V-VII<br \/>\nVet\u00e9sid\u0151 \u00fcvegh\u00e1zban III-IV<br \/>\nGy\u00fcm\u00f6lcs sz\u00edne Z\u00f6ld<br \/>\nGy\u00e1rt\u00f3: Lucia Elite<br \/>\nMagok sz\u00e1ma a csomagban, db. 25<br \/>\nS\u0117jos gylis, cm 1 cm<br \/>\nT\u00e1vols\u00e1gok, cm 20&#215;25 cm<\/p>\n","protected":false},"featured_media":20732,"comment_status":"closed","ping_status":"closed","template":"","meta":[],"product_brand":[],"product_cat":[368],"product_tag":[],"class_list":{"0":"post-20730","1":"product","2":"type-product","3":"status-publish","4":"has-post-thumbnail","6":"product_cat-zoldseg-vetomagok","8":"first","9":"instock","10":"taxable","11":"shipping-taxable","12":"purchasable","13":"product-type-simple"},"_links":{"self":[{"href":"https:\/\/chilimag.hu\/webshop\/wp-json\/wp\/v2\/product\/20730","targetHints":{"allow":["GET"]}}],"collection":[{"href":"https:\/\/chilimag.hu\/webshop\/wp-json\/wp\/v2\/product"}],"about":[{"href":"https:\/\/chilimag.hu\/webshop\/wp-json\/wp\/v2\/types\/product"}],"replies":[{"embeddable":true,"href":"https:\/\/chilimag.hu\/webshop\/wp-json\/wp\/v2\/comments?post=20730"}],"wp:featuredmedia":[{"embeddable":true,"href":"https:\/\/chilimag.hu\/webshop\/wp-json\/wp\/v2\/media\/20732"}],"wp:attachment":[{"href":"https:\/\/chilimag.hu\/webshop\/wp-json\/wp\/v2\/media?parent=20730"}],"wp:term":[{"taxonomy":"product_brand","embeddable":true,"href":"https:\/\/chilimag.hu\/webshop\/wp-json\/wp\/v2\/product_brand?post=20730"},{"taxonomy":"product_cat","embeddable":true,"href":"https:\/\/chilimag.hu\/webshop\/wp-json\/wp\/v2\/product_cat?post=20730"},{"taxonomy":"product_tag","embeddable":true,"href":"https:\/\/chilimag.hu\/webshop\/wp-json\/wp\/v2\/product_tag?post=20730"}],"curies":[{"name":"wp","href":"https:\/\/api.w.org\/{rel}","templated":true}]}}