{"id":20643,"date":"2023-02-07T19:50:59","date_gmt":"2023-02-07T19:50:59","guid":{"rendered":"https:\/\/chilimag.hu\/webshop\/?post_type=product&#038;p=20643"},"modified":"2025-08-17T15:25:31","modified_gmt":"2025-08-17T15:25:31","slug":"borsmustar-rukkola-tengeri-malacoknak-h-animal-favorites","status":"publish","type":"product","link":"https:\/\/chilimag.hu\/webshop\/termek\/borsmustar-rukkola-tengeri-malacoknak-h-animal-favorites\/","title":{"rendered":"Borsmustar (Rukkola ) Tengeri malacoknak H Animal Favorites"},"content":{"rendered":"","protected":false},"excerpt":{"rendered":"<p><img fetchpriority=\"high\" decoding=\"async\" class=\"attachment-medium size-medium\" src=\"https:\/\/purchasingpowerplus.com\/wp-content\/uploads\/2021\/05\/Buzzy-Logo-300x239.jpg\" sizes=\"(max-width: 300px) 100vw, 300px\" srcset=\"https:\/\/purchasingpowerplus.com\/wp-content\/uploads\/2021\/05\/Buzzy-Logo-300x239.jpg 300w, https:\/\/purchasingpowerplus.com\/wp-content\/uploads\/2021\/05\/Buzzy-Logo-768x612.jpg 768w, https:\/\/purchasingpowerplus.com\/wp-content\/uploads\/2021\/05\/Buzzy-Logo-1024x816.jpg 1024w, https:\/\/purchasingpowerplus.com\/wp-content\/uploads\/2021\/05\/Buzzy-Logo.jpg 1500w\" alt=\"\" width=\"300\" height=\"239\" \/><\/p>\n<p>Botanikai n\u00e9v: <span class=\"value\">Eruca sativ<\/span><\/p>\n<p>Borsmust\u00e1r<br \/>\nA f\u00fcv\u00f6n vagy a r\u00e9ti f\u0171szern\u00f6v\u00e9nyekkel tark\u00edtott sz\u00e9n\u00e1n k\u00edv\u00fcl a tengerimalacnak minden nap friss z\u00f6lds\u00e9gekre \u00e9s gy\u00fcm\u00f6lcsre van sz\u00fcks\u00e9ge, hogy minden fontos t\u00e1panyaghoz hozz\u00e1jusson. A Rocket rengeteg C-, K-vitamint \u00e9s folsavat tartalmaz, \u00edgy t\u00f6k\u00e9letesen illeszkedik a tengerimalac \u00e9trendhez. K\u00fcl\u00f6n\u00f6sen a tengerimalacoknak sokkal t\u00f6bb C-vitaminra van sz\u00fcks\u00e9g\u00fck naponta, mint m\u00e1s r\u00e1gcs\u00e1l\u00f3knak. Pr\u00f3b\u00e1lj meg a lehet\u0151 legt\u00f6bbet vari\u00e1lni, \u00e9s a nap folyam\u00e1n adj kis adagokat k\u00fcl\u00f6nb\u00f6z\u0151 z\u00f6lds\u00e9gekb\u0151l.<\/p>\n<p>Az Animal Favorites kieg\u00e9sz\u00edt\u0151 \u00e1llati t\u00e1pl\u00e1l\u00e9kok saj\u00e1t k\u00e9sz\u00edt\u00e9s\u00e9re szolg\u00e1l. Mindig vari\u00e1ljon kieg\u00e9sz\u00edt\u0151 \u00e1llateledelt, \u00e9s haszn\u00e1lja m\u00e9rt\u00e9kkel az alap (teljes \u00e9rt\u00e9k\u0171) \u00e1llateledel mellett.<\/p>\n<p>&nbsp;<\/p>\n","protected":false},"featured_media":20644,"comment_status":"closed","ping_status":"closed","template":"","meta":[],"product_brand":[],"product_cat":[444,370],"product_tag":[],"class_list":{"0":"post-20643","1":"product","2":"type-product","3":"status-publish","4":"has-post-thumbnail","6":"product_cat-animal-favorites","7":"product_cat-kedvenceink-elesege-vetomagok","9":"first","10":"instock","11":"taxable","12":"shipping-taxable","13":"purchasable","14":"product-type-simple"},"_links":{"self":[{"href":"https:\/\/chilimag.hu\/webshop\/wp-json\/wp\/v2\/product\/20643","targetHints":{"allow":["GET"]}}],"collection":[{"href":"https:\/\/chilimag.hu\/webshop\/wp-json\/wp\/v2\/product"}],"about":[{"href":"https:\/\/chilimag.hu\/webshop\/wp-json\/wp\/v2\/types\/product"}],"replies":[{"embeddable":true,"href":"https:\/\/chilimag.hu\/webshop\/wp-json\/wp\/v2\/comments?post=20643"}],"wp:featuredmedia":[{"embeddable":true,"href":"https:\/\/chilimag.hu\/webshop\/wp-json\/wp\/v2\/media\/20644"}],"wp:attachment":[{"href":"https:\/\/chilimag.hu\/webshop\/wp-json\/wp\/v2\/media?parent=20643"}],"wp:term":[{"taxonomy":"product_brand","embeddable":true,"href":"https:\/\/chilimag.hu\/webshop\/wp-json\/wp\/v2\/product_brand?post=20643"},{"taxonomy":"product_cat","embeddable":true,"href":"https:\/\/chilimag.hu\/webshop\/wp-json\/wp\/v2\/product_cat?post=20643"},{"taxonomy":"product_tag","embeddable":true,"href":"https:\/\/chilimag.hu\/webshop\/wp-json\/wp\/v2\/product_tag?post=20643"}],"curies":[{"name":"wp","href":"https:\/\/api.w.org\/{rel}","templated":true}]}}