{"id":20627,"date":"2023-02-07T19:28:54","date_gmt":"2023-02-07T19:28:54","guid":{"rendered":"https:\/\/chilimag.hu\/webshop\/?post_type=product&#038;p=20627"},"modified":"2026-02-16T20:40:21","modified_gmt":"2026-02-16T20:40:21","slug":"papsajtmalyva-h-ht","status":"publish","type":"product","link":"https:\/\/chilimag.hu\/webshop\/termek\/papsajtmalyva-h-ht\/","title":{"rendered":"Erdei m\u00e1lyva H HT"},"content":{"rendered":"","protected":false},"excerpt":{"rendered":"<p><img decoding=\"async\" class=\"img-responsive\" title=\"Horti Tops\" src=\"https:\/\/tuinplus.nl\/Documents\/Images\/Banners\/Horti_Tops_Roll_Over.jpg\" alt=\"Horti Tops\" \/><\/p>\n<p>Botanikai n\u00e9v:<br \/>\nMalva sylvestri<\/p>\n<p>M\u00e1lyva<br \/>\n\u00e1prilist\u00f3l j\u00faliusig mag\u00e1gyban vagy sorokban; ritk\u00edtsuk vagy sz\u00farjuk ki kiss\u00e9 \u00e9s \u00fcltess\u00fck \u00e1t a kertben vagy cserepekbe. Friss levelek \u00e9s sz\u00e1rak sal\u00e1t\u00e1kban. Forr\u00e1zatk\u00e9nt (lev\u00e9lb\u0151l \u00e9s vir\u00e1gb\u00f3l k\u00e9sz\u00edtve) torokfert\u0151z\u00e9s ellen.<\/p>\n<p>&nbsp;<\/p>\n","protected":false},"featured_media":20628,"comment_status":"closed","ping_status":"closed","template":"","meta":[],"product_brand":[],"product_cat":[438],"product_tag":[],"class_list":{"0":"post-20627","1":"product","2":"type-product","3":"status-publish","4":"has-post-thumbnail","6":"product_cat-horti-tops","8":"first","9":"instock","10":"taxable","11":"shipping-taxable","12":"purchasable","13":"product-type-simple"},"_links":{"self":[{"href":"https:\/\/chilimag.hu\/webshop\/wp-json\/wp\/v2\/product\/20627","targetHints":{"allow":["GET"]}}],"collection":[{"href":"https:\/\/chilimag.hu\/webshop\/wp-json\/wp\/v2\/product"}],"about":[{"href":"https:\/\/chilimag.hu\/webshop\/wp-json\/wp\/v2\/types\/product"}],"replies":[{"embeddable":true,"href":"https:\/\/chilimag.hu\/webshop\/wp-json\/wp\/v2\/comments?post=20627"}],"wp:featuredmedia":[{"embeddable":true,"href":"https:\/\/chilimag.hu\/webshop\/wp-json\/wp\/v2\/media\/20628"}],"wp:attachment":[{"href":"https:\/\/chilimag.hu\/webshop\/wp-json\/wp\/v2\/media?parent=20627"}],"wp:term":[{"taxonomy":"product_brand","embeddable":true,"href":"https:\/\/chilimag.hu\/webshop\/wp-json\/wp\/v2\/product_brand?post=20627"},{"taxonomy":"product_cat","embeddable":true,"href":"https:\/\/chilimag.hu\/webshop\/wp-json\/wp\/v2\/product_cat?post=20627"},{"taxonomy":"product_tag","embeddable":true,"href":"https:\/\/chilimag.hu\/webshop\/wp-json\/wp\/v2\/product_tag?post=20627"}],"curies":[{"name":"wp","href":"https:\/\/api.w.org\/{rel}","templated":true}]}}