{"id":20623,"date":"2023-02-07T19:23:19","date_gmt":"2023-02-07T19:23:19","guid":{"rendered":"https:\/\/chilimag.hu\/webshop\/?post_type=product&#038;p=20623"},"modified":"2025-01-31T18:07:55","modified_gmt":"2025-01-31T18:07:55","slug":"szivmag-h-bz","status":"publish","type":"product","link":"https:\/\/chilimag.hu\/webshop\/termek\/szivmag-h-bz\/","title":{"rendered":"Sz\u00edvmag Bz H"},"content":{"rendered":"","protected":false},"excerpt":{"rendered":"<p><img fetchpriority=\"high\" decoding=\"async\" class=\"attachment-medium size-medium\" src=\"https:\/\/purchasingpowerplus.com\/wp-content\/uploads\/2021\/05\/Buzzy-Logo-300x239.jpg\" sizes=\"(max-width: 300px) 100vw, 300px\" srcset=\"https:\/\/purchasingpowerplus.com\/wp-content\/uploads\/2021\/05\/Buzzy-Logo-300x239.jpg 300w, https:\/\/purchasingpowerplus.com\/wp-content\/uploads\/2021\/05\/Buzzy-Logo-768x612.jpg 768w, https:\/\/purchasingpowerplus.com\/wp-content\/uploads\/2021\/05\/Buzzy-Logo-1024x816.jpg 1024w, https:\/\/purchasingpowerplus.com\/wp-content\/uploads\/2021\/05\/Buzzy-Logo.jpg 1500w\" alt=\"\" width=\"300\" height=\"239\" \/><\/p>\n<p>Botanikai n\u00e9v:\u00a0<span id=\"column_2_uc_product_details_ctl04_lbl_ff_desc2\" class=\"value\">Cardiospermum halicacabum<\/span><\/p>\n<p>Vets\u00fck \u00fcvegh\u00e1zban febru\u00e1rt\u00f3l m\u00e1rciusig; 24 \u00f3r\u00e1ra \u00e1ztassa a magokat langyos v\u00edzben az \u00fcltet\u00e9s el\u0151tt. \u00c1t\u00fcltet\u00e9s m\u00e1jusban. Gyors hegym\u00e1sz\u00f3, amely tud n\u00f6vekedni<br \/>\nak\u00e1r 3 m\u00e9ter magas, t\u00f6k\u00e9letes csupasz fal vagy ker\u00edt\u00e9s lefed\u00e9s\u00e9re. Rendk\u00edv\u00fcli gy\u00fcm\u00f6lcs\u00f6ket hoz, s\u00f6t\u00e9tbarna magvakkal \u00e9s feh\u00e9r k\u00f6zep\u00e9vel. A n\u00f6v\u00e9nyi kivonatok gyullad\u00e1scs\u00f6kkent\u0151, f\u00e1jdalom- \u00e9s viszket\u00e9scsillap\u00edt\u00f3 hat\u00e1s\u00faak.<\/p>\n<p>A csomag 2 gr magot tartalmaz<\/p>\n<p>&nbsp;<\/p>\n<p>&nbsp;<\/p>\n","protected":false},"featured_media":20624,"comment_status":"closed","ping_status":"closed","template":"","meta":[],"product_brand":[],"product_cat":[439],"product_tag":[],"class_list":{"0":"post-20623","1":"product","2":"type-product","3":"status-publish","4":"has-post-thumbnail","6":"product_cat-buzzy","8":"first","9":"instock","10":"taxable","11":"shipping-taxable","12":"purchasable","13":"product-type-simple"},"_links":{"self":[{"href":"https:\/\/chilimag.hu\/webshop\/wp-json\/wp\/v2\/product\/20623","targetHints":{"allow":["GET"]}}],"collection":[{"href":"https:\/\/chilimag.hu\/webshop\/wp-json\/wp\/v2\/product"}],"about":[{"href":"https:\/\/chilimag.hu\/webshop\/wp-json\/wp\/v2\/types\/product"}],"replies":[{"embeddable":true,"href":"https:\/\/chilimag.hu\/webshop\/wp-json\/wp\/v2\/comments?post=20623"}],"wp:featuredmedia":[{"embeddable":true,"href":"https:\/\/chilimag.hu\/webshop\/wp-json\/wp\/v2\/media\/20624"}],"wp:attachment":[{"href":"https:\/\/chilimag.hu\/webshop\/wp-json\/wp\/v2\/media?parent=20623"}],"wp:term":[{"taxonomy":"product_brand","embeddable":true,"href":"https:\/\/chilimag.hu\/webshop\/wp-json\/wp\/v2\/product_brand?post=20623"},{"taxonomy":"product_cat","embeddable":true,"href":"https:\/\/chilimag.hu\/webshop\/wp-json\/wp\/v2\/product_cat?post=20623"},{"taxonomy":"product_tag","embeddable":true,"href":"https:\/\/chilimag.hu\/webshop\/wp-json\/wp\/v2\/product_tag?post=20623"}],"curies":[{"name":"wp","href":"https:\/\/api.w.org\/{rel}","templated":true}]}}