{"id":20535,"date":"2023-02-06T19:46:21","date_gmt":"2023-02-06T19:46:21","guid":{"rendered":"https:\/\/chilimag.hu\/webshop\/?post_type=product&#038;p=20535"},"modified":"2026-01-28T08:04:24","modified_gmt":"2026-01-28T08:04:24","slug":"paradicsom-charmant-f1-sl-eln","status":"publish","type":"product","link":"https:\/\/chilimag.hu\/webshop\/termek\/paradicsom-charmant-f1-sl-eln\/","title":{"rendered":"Paradicsom Charmant Hibrid SL ELN"},"content":{"rendered":"","protected":false},"excerpt":{"rendered":"<p><img decoding=\"async\" class=\"active-logo\" src=\"https:\/\/b2b.seklos.lt\/themes\/warehouse\/img\/logo_en.png\" alt=\"Agrofirma S\u0117klos, UAB\" width=\"280\" height=\"95\" \/><\/p>\n<p>K\u00f6z\u00e9pkorai hibrid fajta. D\u00edjazott \u00e9des, \u00edzletes, sz\u00e1r\u00edt\u00e1sra \u00e9s bef\u0151z\u00e9sre alkalmas gy\u00fcm\u00f6lcs\u00f6k\u00e9rt. A magas n\u00f6v\u00e9nyek term\u00e9s\u00e9nek s\u00falya 15-20 g 20-40 paradicsom term\u00e9s egy r\u00e1csonk\u00e9nt. A bors\u00f3 szinte egyszerre \u00e9rik, f\u00fcrtben szedhet\u0151. Erk\u00e9lyen, \u00fcvegh\u00e1zban termeszthet\u0151 \u2013 a n\u00f6v\u00e9nyek ellen\u00e1ll\u00f3ak a betegs\u00e9gekkel szemben, b\u0151s\u00e9ges a term\u00e9s \u00e9s sok\u00e1ig tart.<br \/>\nA magokat m\u00e1rciusban vetik el. Ahhoz, hogy a magvak gyorsan \u00e9s egyenletesen cs\u00edr\u00e1zzanak, fedj\u00fck le a pal\u00e1nt\u00e1kat \u00fcveggel vagy f\u00f3li\u00e1val. A vet\u00e9si aljzat h\u0151m\u00e9rs\u00e9klete legal\u00e1bb +21-26 \u00b0C legyen. Amikor 2-4 val\u00f3di lev\u00e9l jelenik meg, a pal\u00e1nt\u00e1kat egyenk\u00e9nt \u00fcltetik \u00e1t az \u00e1lland\u00f3 helyre.<br \/>\n0,1 g k\u00f6r\u00fclbel\u00fcl 50-60 magot tartalmaz.<br \/>\n0,1 g-mal 50 m2 ter\u00fcletet fed le, vagy 30-40 n\u00f6v\u00e9nyt nevelsz.<br \/>\nS\u00falya 0,1g<br \/>\nSz\u00fcret VII-VIII<br \/>\nVet\u00e9sid\u0151 \u00fcvegh\u00e1zban III-IV<br \/>\nGy\u00e1rt\u00f3: Lucia Elite<br \/>\nS\u0117jos gylis, cm 1 cm<br \/>\nT\u00e1vols\u00e1gok, cm 60&#215;40 cm<\/p>\n","protected":false},"featured_media":34909,"comment_status":"closed","ping_status":"closed","template":"","meta":[],"product_brand":[],"product_cat":[368],"product_tag":[],"class_list":{"0":"post-20535","1":"product","2":"type-product","3":"status-publish","4":"has-post-thumbnail","6":"product_cat-zoldseg-vetomagok","8":"first","9":"outofstock","10":"taxable","11":"shipping-taxable","12":"purchasable","13":"product-type-simple"},"_links":{"self":[{"href":"https:\/\/chilimag.hu\/webshop\/wp-json\/wp\/v2\/product\/20535","targetHints":{"allow":["GET"]}}],"collection":[{"href":"https:\/\/chilimag.hu\/webshop\/wp-json\/wp\/v2\/product"}],"about":[{"href":"https:\/\/chilimag.hu\/webshop\/wp-json\/wp\/v2\/types\/product"}],"replies":[{"embeddable":true,"href":"https:\/\/chilimag.hu\/webshop\/wp-json\/wp\/v2\/comments?post=20535"}],"wp:featuredmedia":[{"embeddable":true,"href":"https:\/\/chilimag.hu\/webshop\/wp-json\/wp\/v2\/media\/34909"}],"wp:attachment":[{"href":"https:\/\/chilimag.hu\/webshop\/wp-json\/wp\/v2\/media?parent=20535"}],"wp:term":[{"taxonomy":"product_brand","embeddable":true,"href":"https:\/\/chilimag.hu\/webshop\/wp-json\/wp\/v2\/product_brand?post=20535"},{"taxonomy":"product_cat","embeddable":true,"href":"https:\/\/chilimag.hu\/webshop\/wp-json\/wp\/v2\/product_cat?post=20535"},{"taxonomy":"product_tag","embeddable":true,"href":"https:\/\/chilimag.hu\/webshop\/wp-json\/wp\/v2\/product_tag?post=20535"}],"curies":[{"name":"wp","href":"https:\/\/api.w.org\/{rel}","templated":true}]}}