{"id":20225,"date":"2023-01-30T14:31:35","date_gmt":"2023-01-30T14:31:35","guid":{"rendered":"https:\/\/chilimag.hu\/webshop\/?post_type=product&#038;p=20225"},"modified":"2025-07-22T10:47:05","modified_gmt":"2025-07-22T10:47:05","slug":"gardena-vizkonnektor-3-4%cb%9d","status":"publish","type":"product","link":"https:\/\/chilimag.hu\/webshop\/termek\/gardena-vizkonnektor-3-4%cb%9d\/","title":{"rendered":"GARDENA v\u00edzkonnektor 3\/4\u02dd"},"content":{"rendered":"","protected":false},"excerpt":{"rendered":"<p>Nagyon praktikus: a GARDENA v\u00edzkonnektorral \u00fagy juthat v\u00edzhez a f\u00f6ld al\u00f3l, mint \u00e1ramhoz a h\u00e1l\u00f3zatb\u00f3l. A f\u00f6ld al\u00e1 telep\u00edtett v\u00edzkonnektort GARDENA vezet\u00e9kcs\u0151 l\u00e1tja el v\u00edzzel. Ha az automata z\u00e1r\u00f3szeleppel ell\u00e1tott v\u00edzcsatlakoz\u00f3hoz csatlakoztat egy kerti t\u00f6ml\u0151t, azonnal megkezdheti az \u00f6nt\u00f6z\u00e9st. A t\u00f6ml\u0151 lev\u00e1laszt\u00e1sakor a v\u00edz automatikusan meg\u00e1ll. Amikor a v\u00edzkonnektor nincs haszn\u00e1latban, fed\u00e9l v\u00e9di a szennyez\u0151d\u00e9st\u0151l. Ez a bes\u00fcllyeszthet\u0151 kerek z\u00e1r\u00f3fed\u00e9l kinyit\u00e1sakor elt\u0171nik a v\u00edzkonnektorban, \u00edgy nem akad\u00e1lyozza a f\u0171ny\u00edr\u00f3 mozg\u00e1s\u00e1t. A kivehet\u0151 sz\u0171r\u0151 megakad\u00e1lyozza a csatlakoz\u00f3 elszennyez\u0151d\u00e9s\u00e9t nyitott fed\u00e9ln\u00e9l. A GARDENA v\u00edzkonnektor 3\/4&#8243; m\u00e9ret\u0171 k\u00fcls\u0151 menettel rendelkezik.<\/p>\n","protected":false},"featured_media":20226,"comment_status":"closed","ping_status":"closed","template":"","meta":[],"product_brand":[],"product_cat":[343,467],"product_tag":[],"class_list":{"0":"post-20225","1":"product","2":"type-product","3":"status-publish","4":"has-post-thumbnail","6":"product_cat-akciok","7":"product_cat-locsolas-viz-es-talaj-vizsgalo-eszkozok","9":"first","10":"instock","11":"sale","12":"taxable","13":"shipping-taxable","14":"purchasable","15":"product-type-simple"},"_links":{"self":[{"href":"https:\/\/chilimag.hu\/webshop\/wp-json\/wp\/v2\/product\/20225","targetHints":{"allow":["GET"]}}],"collection":[{"href":"https:\/\/chilimag.hu\/webshop\/wp-json\/wp\/v2\/product"}],"about":[{"href":"https:\/\/chilimag.hu\/webshop\/wp-json\/wp\/v2\/types\/product"}],"replies":[{"embeddable":true,"href":"https:\/\/chilimag.hu\/webshop\/wp-json\/wp\/v2\/comments?post=20225"}],"wp:featuredmedia":[{"embeddable":true,"href":"https:\/\/chilimag.hu\/webshop\/wp-json\/wp\/v2\/media\/20226"}],"wp:attachment":[{"href":"https:\/\/chilimag.hu\/webshop\/wp-json\/wp\/v2\/media?parent=20225"}],"wp:term":[{"taxonomy":"product_brand","embeddable":true,"href":"https:\/\/chilimag.hu\/webshop\/wp-json\/wp\/v2\/product_brand?post=20225"},{"taxonomy":"product_cat","embeddable":true,"href":"https:\/\/chilimag.hu\/webshop\/wp-json\/wp\/v2\/product_cat?post=20225"},{"taxonomy":"product_tag","embeddable":true,"href":"https:\/\/chilimag.hu\/webshop\/wp-json\/wp\/v2\/product_tag?post=20225"}],"curies":[{"name":"wp","href":"https:\/\/api.w.org\/{rel}","templated":true}]}}